000
CXUS51 KOKX 011546
CLMJFK
CLIMATE REPORT
NATIONAL WEATHER SERVICE NEW YORK, NY
1139 AM EDT THU JUN 01 2023
...................................
...THE KENNEDY NY CLIMATE SUMMARY FOR THE MONTH OF MAY 2023...
CLIMATE NORMAL PERIOD 1991 TO 2020
CLIMATE RECORD PERIOD 1948 TO 2023
WEATHER OBSERVED NORMAL DEPART LAST YEAR`S
VALUE DATE(S) VALUE FROM VALUE DATE(S)
NORMAL
................................................................
TEMPERATURE (F)
RECORD
HIGH 99 05/29/1969
LOW 34 05/09/2020
05/10/1966
HIGHEST 83 05/12 MM MM 94 05/31
LOWEST 42 05/18 MM MM 42 05/01
AVG. MAXIMUM 68.7 68.4 0.3 70.4
AVG. MINIMUM 51.2 52.5 -1.3 54.1
MEAN 60.0 60.5 -0.5 62.2
DAYS MAX >= 90 0 0.0 0.0 1
DAYS MAX <= 32 0 0.0 0.0 0
DAYS MIN <= 32 0 0.0 0.0 0
DAYS MIN <= 0 0 0.0 0.0 0
PRECIPITATION (INCHES)
RECORD
MAXIMUM 10.71 1989
MINIMUM 0.46 2015
TOTALS 1.96 3.66 -1.70 4.34
DAILY AVG. 0.06 0.12 -0.06 0.14
DAYS >= .01 6 11.8 -5.8 10
DAYS >= .10 3 6.9 -3.9 7
DAYS >= .50 1 2.6 -1.6 4
DAYS >= 1.00 1 1.0 0.0 1
GREATEST
24 HR. TOTAL 1.65 05/20 TO 05/20 1.57 05/06 TO 05/07
STORM TOTAL 1.65 1.04
(MM/DD(HH)) MM
SNOWFALL (INCHES)
RECORDS
TOTAL T 2020
24 HR TOTAL MM
TOTALS 0.0 0.0 0.0 0.0
LIQUID EQUIV 0.00 0.00 0.00 0.00
SINCE 7/1 2.1 25.9 -23.8
LIQUID 7/1 0.21 2.50 MM
DAYS >= TRACE 0 0.0 0.0 0
DAYS >= 1.0 0 0.0 0.0 0
GREATEST
SNOW DEPTH 0 0 MM
24 HR TOTAL MM MM
STORM TOTAL 0.0 0.0
(MM/DD(HH)) MM
DEGREE DAYS
HEATING TOTAL 165 171 -6 131
SINCE 7/1 4162 4849 -687 MM
COOLING TOTAL 18 30 -12 54
SINCE 1/1 31 32 -1 MM
................................................................
WIND (MPH)
AVERAGE WIND SPEED 10.4
HIGHEST WIND SPEED/DIRECTION 28/350 DATE 05/17
HIGHEST GUST SPEED/DIRECTION 39/290 DATE 05/01
SKY COVER
POSSIBLE SUNSHINE (PERCENT) MM
AVERAGE SKY COVER 0.59
NUMBER OF DAYS FAIR 5
NUMBER OF DAYS PC 21
NUMBER OF DAYS CLOUDY 5
AVERAGE RH (PERCENT) 62
WEATHER CONDITIONS. NUMBER OF DAYS WITH
THUNDERSTORM 0 MIXED PRECIP 0
HEAVY RAIN 1 RAIN 2
LIGHT RAIN 9 FREEZING RAIN 0
LT FREEZING RAIN 0 HAIL 0
HEAVY SNOW 0 SNOW 0
LIGHT SNOW 0 SLEET 0
FOG 5 FOG W/VIS <= 1/4 MILE 3
HAZE 1
- INDICATES NEGATIVE NUMBERS.
R INDICATES RECORD WAS SET OR TIED.
MM INDICATES DATA IS MISSING.
T INDICATES TRACE AMOUNT.
$$