000
CXUS51 KCTP 010800
CF6JST
PRELIMINARY LOCAL CLIMATOLOGICAL DATA (WS FORM: F-6)
STATION: JOHNSTOWN
MONTH: JULY
YEAR: 2021
LATITUDE: 40 18 N
LONGITUDE: 78 50 W
TEMPERATURE IN F: :PCPN: SNOW: WIND :SUNSHINE: SKY :PK WND
================================================================================
1 2 3 4 5 6A 6B 7 8 9 10 11 12 13 14 15 16 17 18
12Z AVG MX 2MIN
DY MAX MIN AVG DEP HDD CDD WTR SNW DPTH SPD SPD DIR MIN PSBL S-S WX SPD DR
================================================================================
1 69 61 65 -4 0 0 1.29 M M 6.0 17 330 M M 9 1 22 340
2 68 56 62 -7 3 0 0.00 M M 10.6 21 290 M M 7 1 27 300
3 72 54 63 -6 2 0 0.00 M M 9.8 21 300 M M 7 1 29 310
4 77 58 68 -1 0 3 0.00 M M 5.9 12 330 M M 4 15 340
5 82 63 73 3 0 8 0.00 M M 7.0 13 270 M M 2 27 240
6 85 70 78 8 0 13 T M M 9.9 18 260 M M 2 25 250
7 86 64 75 5 0 10 0.67 M M 6.7 30 250 M M 3 1238 42 250
8 76 64 70 0 0 5 0.15 M M 7.8 20 170 M M 7 12 25 160
9 75 59 67 -3 0 2 0.05 M M 9.1 21 320 M M 8 123 24 300
10 74 53 64 -6 1 0 T M M 3.6 12 300 M M 3 15 160
11 82 61 72 2 0 7 1.26 M M 7.6 22 290 M M 6 1238 30 280
12 84 67 76 6 0 11 T M M 5.9 15 240 M M 5 19 240
13 84 69 77 7 0 12 T M M 7.2 16 260 M M 4 3 21 190
14 79 67 73 3 0 8 0.01 M M 7.1 14 280 M M 5 21 280
15 81 66 74 4 0 9 T M M 7.5 15 220 M M 2 1 21 270
16 84 66 75 5 0 10 0.22 M M 8.1 18 320 M M 5 138 22 340
17 81 62 72 2 0 7 0.43 M M 9.0 28 260 M M 5 1238 39 260
18 76 58 67 -3 0 2 0.07 M M 11.4 18 310 M M 6 1 24 320
19 77 60 69 -1 0 4 0.00 M M 6.0 12 310 M M 0 18 15 300
20 80 60 70 0 0 5 0.00 M M 5.7 12 300 M M 1 18 14 310
21 76 59 68 -2 0 3 T M M 9.1 21 310 M M 5 128 26 320
22 72 53 63 -7 2 0 0.00 M M 5.4 14 300 M M 2 18 330
23 77 57 67 -3 0 2 T M M 3.4 10 310 M M 2 13 310
24 74 60 67 -3 0 2 T M M 5.1 13 160 M M 6 16 160
25 82 68 75 5 0 10 0.01 M M 8.7 16 300 M M 3 22 190
26 83 66 75 5 0 10 0.00 M M 5.7 16 320 M M 2 18 20 320
27 83 61 72 2 0 7 0.00 M M 6.3 15 310 M M 0 20 290
28 80 64 72 2 0 7 T M M 4.9 15 30 M M 2 19 40
29 76 65 71 1 0 6 0.30 M M 9.7 18 250 M M 4 18 26 270
30 76 57 67 -3 0 2 0.00 M M 10.6 21 310 M M 5 1 28 330
31 73 54 64 -6 1 0 0.00 M M 5.2 14 280 M M 1 19 300
================================================================================
SM 2424 1902 9 165 4.46 M 226.0 M 123
================================================================================
AV 78.2 61.4 7.3 FASTST M M 4 MAX(MPH)
MISC ----> 30 250 42 250
================================================================================
NOTES:
# LAST OF SEVERAL OCCURRENCES
COLUMN 17 PEAK WIND IN M.P.H.
PRELIMINARY LOCAL CLIMATOLOGICAL DATA (WS FORM: F-6) , PAGE 2
STATION: JOHNSTOWN
MONTH: JULY
YEAR: 2021
LATITUDE: 40 18 N
LONGITUDE: 78 50 W
[TEMPERATURE DATA] [PRECIPITATION DATA] SYMBOLS USED IN COLUMN 16
AVERAGE MONTHLY: 69.8 TOTAL FOR MONTH: 4.46 1 = FOG OR MIST
DPTR FM NORMAL: -0.1 DPTR FM NORMAL: 0.24 2 = FOG REDUCING VISIBILITY
HIGHEST: 86 ON 7 GRTST 24HR 1.29 ON 1- 1 TO 1/4 MILE OR LESS
LOWEST: 53 ON 22,10 3 = THUNDER
SNOW, ICE PELLETS, HAIL 4 = ICE PELLETS
TOTAL MONTH: M 5 = HAIL
GRTST 24HR M ON M 6 = FREEZING RAIN OR DRIZZLE
GRTST DEPTH: M ON M 7 = DUSTSTORM OR SANDSTORM:
VSBY 1/2 MILE OR LESS
8 = SMOKE OR HAZE
[NO. OF DAYS WITH] [WEATHER - DAYS WITH] 9 = BLOWING SNOW
X = TORNADO
MAX 32 OR BELOW: 0 0.01 INCH OR MORE: 11
MAX 90 OR ABOVE: 0 0.10 INCH OR MORE: 7
MIN 32 OR BELOW: 0 0.50 INCH OR MORE: 3
MIN 0 OR BELOW: 0 1.00 INCH OR MORE: 2
[HDD (BASE 65) ]
TOTAL THIS MO. 9 CLEAR (SCALE 0-3) 12
DPTR FM NORMAL -4 PTCLDY (SCALE 4-7) 18
TOTAL FM JUL 1 9 CLOUDY (SCALE 8-10) 1
DPTR FM NORMAL 4
[CDD (BASE 65) ]
TOTAL THIS MO. 165
DPTR FM NORMAL 0 [PRESSURE DATA]
TOTAL FM JAN 1 352 HIGHEST SLP 30.24 ON 23
DPTR FM NORMAL 58 LOWEST SLP 29.83 ON 29
[REMARKS]
#FINAL-07-21#