000
CXUS54 KFWD 010731
CF6JWY
PRELIMINARY LOCAL CLIMATOLOGICAL DATA (WS FORM: F-6)
STATION: WAXAHACHIE
MONTH: SEPTEMBER
YEAR: 2021
LATITUDE: 32 27 N
LONGITUDE: 96 54 W
TEMPERATURE IN F: :PCPN: SNOW: WIND :SUNSHINE: SKY :PK WND
================================================================================
1 2 3 4 5 6A 6B 7 8 9 10 11 12 13 14 15 16 17 18
12Z AVG MX 2MIN
DY MAX MIN AVG DEP HDD CDD WTR SNW DPTH SPD SPD DIR MIN PSBL S-S WX SPD DR
================================================================================
1 98 75 87 6 0 22 0.00 M M 3.3 9 170 M M 1 9 110
2 96 73 85 4 0 20 0.00 M M 3.6 10 160 M M 5 1 17 160
3 96 73 85 4 0 20 0.00 M M 4.2 9 140 M M 6 17 140
4 99 73 86 5 0 21 0.00 M M 4.6 9 200 M M 6 M M
5 96 75 86 6 0 21 0.01 M M 5.3 12 290 M M 6 17 260
6 95 72 84 4 0 19 0.00 M M 2.8 8 80 M M 7 M M
7 96 64 80 0 0 15 0.00 M M 1.3 6 160 M M 3 M M
8 92 64 78 -1 0 13 0.00 M M 1.8 8 20 M M 6 18 0
9 92 63 78 -1 0 13 0.00 M M 3.4 9 90 M M 2 M M
10 92 62 77 -2 0 12 0.00 M M 3.3 8 160 M M 2 16 130
11 91 60 76 -2 0 11 0.00 M M 2.4 9 230 M M 3 M M
12 92 61 77 -1 0 12 0.00 M M 2.0 9 190 M M 2 M M
13 89 69 79 1 0 14 0.03 M M 3.0 9 180 M M 6 16 0
14 84 67 76 -1 0 11 0.00 M M 3.8 10 80 M M 8 18 90
15 90 65 78 1 0 13 0.00 M M 4.4 10 40 M M 6 17 40
16 91 66 79 2 0 14 0.00 M M 2.4 9 60 M M 4 M M
17 92 67 80 4 0 15 0.00 M M 1.0 7 50 M M 4 1 M M
18 95 68 82 6 0 17 0.00 M M 2.3 8 40 M M 6 18 20
19 94 68 81 5 0 16 0.00 M M 1.2 6 80 M M 7 M M
20 101 71 86 11 0 21 0.00 M M 7.6 15 210 M M 5 22 210
21 88 71 80 5 0 15 0.16 M M 9.8 18 350 M M 5 3 29 360
22 83 56 70 -4 0 5 0.00 M M 5.7 13 10 M M 1 23 10
23 85 49 67 -7 0 2 0.00 M M 0.8 7 30 M M 0 M M
24 88 52 70 -4 0 5 0.00 M M 2.6 9 190 M M 0 M M
25 90 60 75 2 0 10 0.00 M M 1.6 8 230 M M 0 M M
26 90 58 74 1 0 9 0.00 M M 3.6 9 150 M M 0 17 200
27 89 60 75 2 0 10 0.00 M M 3.3 9 190 M M 0 M M
28 94 65 80 8 0 15 0.00 M M 3.3 9 90 M M 4 M M
29 90 66 78 6 0 13 0.00 M M 4.8 10 170 M M 2 20 190
30 89 66 78 6 0 13 0.40 M M 4.9 14 30 M M 6 20 30
================================================================================
SM 2757 1959 0 417 0.60 M 104.1 M 113
================================================================================
AV 91.9 65.3 3.5 FASTST M M 4 MAX(MPH)
MISC ----> 18 350 29 360
================================================================================
NOTES:
# LAST OF SEVERAL OCCURRENCES
COLUMN 17 PEAK WIND IN M.P.H.
PRELIMINARY LOCAL CLIMATOLOGICAL DATA (WS FORM: F-6) , PAGE 2
STATION: WAXAHACHIE
MONTH: SEPTEMBER
YEAR: 2021
LATITUDE: 32 27 N
LONGITUDE: 96 54 W
[TEMPERATURE DATA] [PRECIPITATION DATA] SYMBOLS USED IN COLUMN 16
AVERAGE MONTHLY: 78.6 TOTAL FOR MONTH: 0.60 1 = FOG OR MIST
DPTR FM NORMAL: 1.9 DPTR FM NORMAL: -2.45 2 = FOG REDUCING VISIBILITY
HIGHEST: 101 ON 20 GRTST 24HR 0.40 ON 30-30 TO 1/4 MILE OR LESS
LOWEST: 49 ON 23 3 = THUNDER
SNOW, ICE PELLETS, HAIL 4 = ICE PELLETS
TOTAL MONTH: M 5 = HAIL
GRTST 24HR M ON M 6 = FREEZING RAIN OR DRIZZLE
GRTST DEPTH: M ON M 7 = DUSTSTORM OR SANDSTORM:
VSBY 1/2 MILE OR LESS
8 = SMOKE OR HAZE
[NO. OF DAYS WITH] [WEATHER - DAYS WITH] 9 = BLOWING SNOW
X = TORNADO
MAX 32 OR BELOW: 0 0.01 INCH OR MORE: 4
MAX 90 OR ABOVE: 22 0.10 INCH OR MORE: 2
MIN 32 OR BELOW: 0 0.50 INCH OR MORE: 0
MIN 0 OR BELOW: 0 1.00 INCH OR MORE: 0
[HDD (BASE 65) ]
TOTAL THIS MO. 0 CLEAR (SCALE 0-3) 12
DPTR FM NORMAL -7 PTCLDY (SCALE 4-7) 18
TOTAL FM JUL 1 0 CLOUDY (SCALE 8-10) 0
DPTR FM NORMAL -6
[CDD (BASE 65) ]
TOTAL THIS MO. 417
DPTR FM NORMAL 59 [PRESSURE DATA]
TOTAL FM JAN 1 2224 HIGHEST SLP M ON M
DPTR FM NORMAL -71 LOWEST SLP M ON M
[REMARKS]
#FINAL-09-21#