000
CXUS54 KFWD 010731
CF6JWY
PRELIMINARY LOCAL CLIMATOLOGICAL DATA (WS FORM: F-6)
STATION: WAXAHACHIE
MONTH: SEPTEMBER
YEAR: 2023
LATITUDE: 32 27 N
LONGITUDE: 96 54 W
TEMPERATURE IN F: :PCPN: SNOW: WIND :SUNSHINE: SKY :PK WND
================================================================================
1 2 3 4 5 6A 6B 7 8 9 10 11 12 13 14 15 16 17 18
12Z AVG MX 2MIN
DY MAX MIN AVG DEP HDD CDD WTR SNW DPTH SPD SPD DIR MIN PSBL S-S WX SPD DR
================================================================================
1 99 72 86 5 0 21 0.00 M M 3.2 7 160 M M 7 M M
2 99 66 83 2 0 18 0.00 M M 1.2 6 120 M M 6 M M
3 100 68 84 3 0 19 1.14 M M 4.1 12 60 M M 7 33 60
4 98 75 87 6 0 22 0.00 M M 7.0 14 160 M M 0 20 160
5 102 78 90 10 0 25 0.00 M M 9.2 16 210 M M 1 22 210
6 99 80 90 10 0 25 0.00 M M 4.5 10 220 M M 1 M M
7 101 76 89 9 0 24 0.00 M M 2.4 6 200 M M 0 M M
8 108 73 91 12 0 26 0.32 M M 6.5 24 280 M M 1 36 280
9 96 71 84 5 0 19 0.02 M M 4.6 14 210 M M 1 18 110
10 94 67 81 2 0 16 0.00 M M 2.7 9 90 M M 1 9 60
11 88 68 78 0 0 13 0.00 M M 2.7 7 120 M M 1 25 0
12 86 71 79 1 0 14 0.00 M M 5.9 14 350 M M 7 18 360
13 82 70 76 -2 0 11 0.02 M M 1.3 6 10 M M 9 M M
14 78 69 74 -3 0 9 1.44 M M 2.0 6 80 M M 10 1 M M
15 82 69 76 -1 0 11 0.05 M M 2.7 6 100 M M 9 1 M M
16 85 67 76 -1 0 11 0.00 M M 1.3 5 300 M M 6 1 M M
17 90 67 79 3 0 14 0.00 M M 3.0 10 350 M M 5 M M
18 92 64 78 2 0 13 0.00 M M 2.8 10 220 M M 4 16 180
19 95 70 83 7 0 18 0.02 M M 9.9 18 190 M M 6 26 180
20 95 69 82 7 0 17 0.00 M M 9.4 24 200 M M 7 28 200
21 91 72 82 7 0 17 0.00 M M 5.4 10 190 M M 5 16 190
22 96 75 86 12 0 21 0.00 M M 7.3 16 190 M M 8 21 200
23 98 76 87 13 0 22 0.00 M M 8.9 16 190 M M 8 23 180
24 99 69 84 10 0 19 1.52 M M 10.5 17 200 M M 4 28 90
25 89 70 80 7 0 15 0.01 M M 2.8 9 20 M M 5 M M
26 92 68 80 7 0 15 0.00 M M 1.4 6 100 M M 0 M M
27 94 68 81 8 0 16 0.00 M M 0.7 7 170 M M 0 M M
28 95 71 83 11 0 18 0.00 M M 2.6 7 150 M M 1 M M
29 94 70 82 10 0 17 0.00 M M 2.8 9 160 M M 1 M M
30 93 68 81 9 0 16 0.00 M M 2.5 8 130 M M 5 M M
================================================================================
SM 2810 2117 0 522 4.54 M 131.3 M 126
================================================================================
AV 93.7 70.6 4.4 FASTST M M 4 MAX(MPH)
MISC ----> # 24 280 36 280
================================================================================
NOTES:
# LAST OF SEVERAL OCCURRENCES
COLUMN 17 PEAK WIND IN M.P.H.
PRELIMINARY LOCAL CLIMATOLOGICAL DATA (WS FORM: F-6) , PAGE 2
STATION: WAXAHACHIE
MONTH: SEPTEMBER
YEAR: 2023
LATITUDE: 32 27 N
LONGITUDE: 96 54 W
[TEMPERATURE DATA] [PRECIPITATION DATA] SYMBOLS USED IN COLUMN 16
AVERAGE MONTHLY: 82.1 TOTAL FOR MONTH: 4.54 1 = FOG OR MIST
DPTR FM NORMAL: 5.4 DPTR FM NORMAL: 1.49 2 = FOG REDUCING VISIBILITY
HIGHEST: 108 ON 8 GRTST 24HR 1.52 ON 24-24 TO 1/4 MILE OR LESS
LOWEST: 64 ON 18 3 = THUNDER
SNOW, ICE PELLETS, HAIL 4 = ICE PELLETS
TOTAL MONTH: M 5 = HAIL
GRTST 24HR M ON M 6 = FREEZING RAIN OR DRIZZLE
GRTST DEPTH: M ON M 7 = DUSTSTORM OR SANDSTORM:
VSBY 1/2 MILE OR LESS
8 = SMOKE OR HAZE
[NO. OF DAYS WITH] [WEATHER - DAYS WITH] 9 = BLOWING SNOW
X = TORNADO
MAX 32 OR BELOW: 0 0.01 INCH OR MORE: 9
MAX 90 OR ABOVE: 23 0.10 INCH OR MORE: 4
MIN 32 OR BELOW: 0 0.50 INCH OR MORE: 3
MIN 0 OR BELOW: 0 1.00 INCH OR MORE: 3
[HDD (BASE 65) ]
TOTAL THIS MO. 0 CLEAR (SCALE 0-3) 12
DPTR FM NORMAL -7 PTCLDY (SCALE 4-7) 14
TOTAL FM JUL 1 0 CLOUDY (SCALE 8-10) 4
DPTR FM NORMAL -6
[CDD (BASE 65) ]
TOTAL THIS MO. 522
DPTR FM NORMAL 164 [PRESSURE DATA]
TOTAL FM JAN 1 2311 HIGHEST SLP M ON M
DPTR FM NORMAL 16 LOWEST SLP M ON M
[REMARKS]
#FINAL-09-23#