000
CXUS53 KGRR 010910
CF6JXN
PRELIMINARY LOCAL CLIMATOLOGICAL DATA (WS FORM: F-6)
STATION: JACKSON
MONTH: MAY
YEAR: 2022
LATITUDE: 42 16 N
LONGITUDE: 84 28 W
TEMPERATURE IN F: :PCPN: SNOW: WIND :SUNSHINE: SKY :PK WND
================================================================================
1 2 3 4 5 6A 6B 7 8 9 10 11 12 13 14 15 16 17 18
12Z AVG MX 2MIN
DY MAX MIN AVG DEP HDD CDD WTR SNW DPTH SPD SPD DIR MIN PSBL S-S WX SPD DR
================================================================================
1 63 47 55 1 10 0 0.39 M M 10.7 25 230 M M 10 123 34 180
2 52 44 48 -6 17 0 0.00 M M 6.4 15 240 M M 9 21 230
3 53 44 49 -5 16 0 0.85 M M 9.8 20 70 M M 9 1 28 10
4 58 41 50 -5 15 0 0.01 M M 6.7 14 360 M M 8 1 25 360
5 58 37 48 -7 17 0 0.14 M M 4.3 12 80 M M 3 1 16 80
6 59 47 53 -3 12 0 0.25 M M 10.9 21 20 M M 9 1 31 30
7 67 44 56 0 9 0 0.00 M M 9.5 18 20 M M 0 26 30
8 66 34 50 -6 15 0 0.00 M M 6.9 18 90 M M 0 29 90
9 75 49 62 6 3 0 0.00 M M 11.6 22 100 M M 0 33 150
10 83 55 69 12 0 4 0.00 M M 9.6 17 150 M M 9 23 150
11 84 63 74 17 0 9 0.00 M M 6.1 14 130 M M 2 20 140
12 85 54 70 12 0 5 0.00 M M 7.1 15 150 M M 0 22 170
13 85 53 69 11 0 4 0.00 M M 5.9 17 110 M M 0 24 120
14 84 57 71 13 0 6 0.06 M M 4.9 21 110 M M 2 38 32 90
15 85 51 68 10 0 3 0.09 M M 7.1 20 220 M M 2 30 280
16 74 51 63 4 2 0 0.02 M M 8.3 23 260 M M 2 37 270
17 67 47 57 -2 8 0 0.00 M M 7.1 15 290 M M 1 24 310
18 55 44 50 -9 15 0 0.40 M M 6.1 14 80 M M 9 1 21 80
19 79 53 66 6 0 1 0.00 M M 8.6 17 210 M M 6 18 24 220
20 84 63 74 14 0 9 0.00 M M 13.2 32 180 M M 4 45 200
21 78 58 68 8 0 3 0.44 M M 7.7 22 210 M M 6 13 39 220
22 63 43 53 -8 12 0 0.00 M M 6.9 16 270 M M 6 1 27 250
23 61 42 52 -9 13 0 0.00 M M 5.8 14 60 M M 4 18 30
24 69 40 55 -6 10 0 0.00 M M 6.0 13 10 M M 0 17 90
25 71 50 61 -1 4 0 0.75 M M 9.9 16 110 M M 5 13 24 90
26 76 64 70 8 0 5 0.23 M M 8.5 17 170 M M 6 1 27 160
27 74 61 68 6 0 3 0.06 M M 5.7 14 30 M M 9 13 21 30
28 74 54 64 1 1 0 0.00 M M 3.4 12 230 M M 3 16 230
29 80 54 67 4 0 2 0.00 M M 8.5 16 160 M M 1 26 150
30 85 67 76 13 0 11 0.00 M M 10.9 21 190 M M 0 30 180
31 88 71 80 16 0 15 0.00 M M 11.0 22 190 M M 2 32 170
================================================================================
SM 2235 1582 179 80 3.69 M 245.1 M 127
================================================================================
AV 72.1 51.0 7.9 FASTST M M 4 MAX(MPH)
MISC ----> 32 180 45 200
================================================================================
NOTES:
# LAST OF SEVERAL OCCURRENCES
COLUMN 17 PEAK WIND IN M.P.H.
PRELIMINARY LOCAL CLIMATOLOGICAL DATA (WS FORM: F-6) , PAGE 2
STATION: JACKSON
MONTH: MAY
YEAR: 2022
LATITUDE: 42 16 N
LONGITUDE: 84 28 W
[TEMPERATURE DATA] [PRECIPITATION DATA] SYMBOLS USED IN COLUMN 16
AVERAGE MONTHLY: 61.6 TOTAL FOR MONTH: 3.69 1 = FOG OR MIST
DPTR FM NORMAL: 2.8 DPTR FM NORMAL: 0.29 2 = FOG REDUCING VISIBILITY
HIGHEST: 88 ON 31 GRTST 24HR 0.86 ON 3- 4 TO 1/4 MILE OR LESS
LOWEST: 34 ON 8 3 = THUNDER
SNOW, ICE PELLETS, HAIL 4 = ICE PELLETS
TOTAL MONTH: M 5 = HAIL
GRTST 24HR M ON M 6 = FREEZING RAIN OR DRIZZLE
GRTST DEPTH: M ON M 7 = DUSTSTORM OR SANDSTORM:
VSBY 1/2 MILE OR LESS
8 = SMOKE OR HAZE
[NO. OF DAYS WITH] [WEATHER - DAYS WITH] 9 = BLOWING SNOW
X = TORNADO
MAX 32 OR BELOW: 0 0.01 INCH OR MORE: 13
MAX 90 OR ABOVE: 0 0.10 INCH OR MORE: 8
MIN 32 OR BELOW: 0 0.50 INCH OR MORE: 2
MIN 0 OR BELOW: 0 1.00 INCH OR MORE: 0
[HDD (BASE 65) ]
TOTAL THIS MO. 179 CLEAR (SCALE 0-3) 14
DPTR FM NORMAL -55 PTCLDY (SCALE 4-7) 10
TOTAL FM JUL 1 6210 CLOUDY (SCALE 8-10) 7
DPTR FM NORMAL -214
[CDD (BASE 65) ]
TOTAL THIS MO. 80
DPTR FM NORMAL 40 [PRESSURE DATA]
TOTAL FM JAN 1 87 HIGHEST SLP 30.39 ON 23
DPTR FM NORMAL 42 LOWEST SLP 29.47 ON 20
[REMARKS]
#FINAL-05-22#