000
CXUS53 KGRR 011010
CF6JXN
PRELIMINARY LOCAL CLIMATOLOGICAL DATA (WS FORM: F-6)
STATION: JACKSON
MONTH: JANUARY
YEAR: 2022
LATITUDE: 42 16 N
LONGITUDE: 84 28 W
TEMPERATURE IN F: :PCPN: SNOW: WIND :SUNSHINE: SKY :PK WND
================================================================================
1 2 3 4 5 6A 6B 7 8 9 10 11 12 13 14 15 16 17 18
12Z AVG MX 2MIN
DY MAX MIN AVG DEP HDD CDD WTR SNW DPTH SPD SPD DIR MIN PSBL S-S WX SPD DR
================================================================================
1 42 20 31 5 34 0 0.11 M M 9.4 18 20 M M 10 1 29 10
2 22 6 14 -12 51 0 0.03 M M 7.6 15 330 M M 6 1 23 340
3 26 3 15 -11 50 0 0.00 M M 7.0 18 200 M M 2 23 200
4 34 17 26 0 39 0 0.00 M M 10.6 20 140 M M 0 32 140
5 35 12 24 -2 41 0 T M M 19.1 31 210 M M 8 18 43 240
6 19 13 16 -9 49 0 T M M 13.8 22 220 M M 10 18 30 220
7 20 7 14 -11 51 0 T M M 6.2 13 260 M M 5 18 18 270
8 33 6 20 -5 45 0 0.00 M M 10.6 23 150 M M 5 18 35 150
9 36 15 26 1 39 0 T M M 13.9 26 270 M M 6 1 45 260
10 20 7 14 -11 51 0 T M M 12.9 22 240 M M 9 37 260
11 30 2 16 -9 49 0 0.00 M M 11.3 25 210 M M 3 40 170
12 38 29 34 10 31 0 0.00 M M 10.5 23 220 M M 4 36 230
13 37 24 31 7 34 0 0.00 M M 3.2 10 320 M M 10 18 16 310
14 30 14 22 -2 43 0 0.00 M M 8.8 18 40 M M 10 1 25 40
15 21 7 14 -10 51 0 0.00 M M 8.3 17 20 M M 3 23 10
16 33 5 19 -5 46 0 0.00 M M 3.1 8 70 M M 0 14 110
17 29 17 23 -1 42 0 T M M 10.0 18 300 M M 8 18 30 310
18 37 25 31 7 34 0 0.00 M M 12.2 22 190 M M 9 8 35 150
19 40 18 29 5 36 0 T M M 14.7 25 200 M M 8 37 230
20 19 13 16 -8 49 0 T M M 5.4 14 340 M M 8 19 360
21 22 11 17 -7 48 0 0.00 M M 3.8 9 130 M M 5 12 120
22 24 11 18 -6 47 0 T M M 12.1 23 220 M M 5 31 230
23 25 4 15 -9 50 0 0.08 M M 7.1 17 360 M M 9 18 26 330
24 24 11 18 -6 47 0 0.08 M M 8.7 14 280 M M 10 18 21 280
25 20 7 14 -10 51 0 0.01 M M 5.6 14 250 M M 10 18 21 240
26 17 -6 6 -18 59 0 T M M M M M M M M 18 M M
27 27 6 17 -7 48 0 T M M 12.1 24 210 M M 9 1 34 210
28 21 -5 8 -16 57 0 T M M 6.6 18 20 M M 3 1 26 20
29 20 -9 6 -18 59 0 T M M 4.7 16 200 M M 6 8 20 200
30 26 13 20 -4 45 0 T M M 2.2 7 100 M M 9 18 9 90
31 29 4 17 -7 48 0 0.00 M M 3.9 13 110 M M 2 18 19 110
================================================================================
SM 856 307 1424 0 0.31 M 265.4 M 192
================================================================================
AV 27.6 9.9 8.8 FASTST M M 6 MAX(MPH)
MISC ----> 31 210 45 260
================================================================================
NOTES:
# LAST OF SEVERAL OCCURRENCES
COLUMN 17 PEAK WIND IN M.P.H.
PRELIMINARY LOCAL CLIMATOLOGICAL DATA (WS FORM: F-6) , PAGE 2
STATION: JACKSON
MONTH: JANUARY
YEAR: 2022
LATITUDE: 42 16 N
LONGITUDE: 84 28 W
[TEMPERATURE DATA] [PRECIPITATION DATA] SYMBOLS USED IN COLUMN 16
AVERAGE MONTHLY: 18.8 TOTAL FOR MONTH: 0.31 1 = FOG OR MIST
DPTR FM NORMAL: -5.6 DPTR FM NORMAL: -1.36 2 = FOG REDUCING VISIBILITY
HIGHEST: 42 ON 1 GRTST 24HR 0.16 ON 1- 2 TO 1/4 MILE OR LESS
LOWEST: -9 ON 29 3 = THUNDER
SNOW, ICE PELLETS, HAIL 4 = ICE PELLETS
TOTAL MONTH: M 5 = HAIL
GRTST 24HR M ON M 6 = FREEZING RAIN OR DRIZZLE
GRTST DEPTH: M ON M 7 = DUSTSTORM OR SANDSTORM:
VSBY 1/2 MILE OR LESS
8 = SMOKE OR HAZE
[NO. OF DAYS WITH] [WEATHER - DAYS WITH] 9 = BLOWING SNOW
X = TORNADO
MAX 32 OR BELOW: 21 0.01 INCH OR MORE: 5
MAX 90 OR ABOVE: 0 0.10 INCH OR MORE: 1
MIN 32 OR BELOW: 31 0.50 INCH OR MORE: 0
MIN 0 OR BELOW: 3 1.00 INCH OR MORE: 0
[HDD (BASE 65) ]
TOTAL THIS MO. 1424 CLEAR (SCALE 0-3) 6
DPTR FM NORMAL 166 PTCLDY (SCALE 4-7) 11
TOTAL FM JUL 1 3463 CLOUDY (SCALE 8-10) 14
DPTR FM NORMAL -228
[CDD (BASE 65) ]
TOTAL THIS MO. 0
DPTR FM NORMAL 0 [PRESSURE DATA]
TOTAL FM JAN 1 0 HIGHEST SLP 30.64 ON 21
DPTR FM NORMAL 0 LOWEST SLP 29.48 ON 5
[REMARKS]
#FINAL-01-22#