000
CXUS53 KGRR 011010
CF6JXN
PRELIMINARY LOCAL CLIMATOLOGICAL DATA (WS FORM: F-6)
STATION: JACKSON
MONTH: JANUARY
YEAR: 2024
LATITUDE: 42 16 N
LONGITUDE: 84 28 W
TEMPERATURE IN F: :PCPN: SNOW: WIND :SUNSHINE: SKY :PK WND
================================================================================
1 2 3 4 5 6A 6B 7 8 9 10 11 12 13 14 15 16 17 18
12Z AVG MX 2MIN
DY MAX MIN AVG DEP HDD CDD WTR SNW DPTH SPD SPD DIR MIN PSBL S-S WX SPD DR
================================================================================
1 34 29 32 6 33 0 T M M 7.1 14 360 M M 10 1 22 350
2 33 27 30 4 35 0 0.00 M M 12.6 20 220 M M 9 28 230
3 33 30 32 6 33 0 0.02 M M 6.7 14 330 M M 10 1 21 320
4 30 15 23 -3 42 0 0.00 M M 5.4 16 320 M M 7 24 340
5 32 18 25 -1 40 0 0.00 M M 5.6 12 200 M M 8 15 180
6 33 27 30 5 35 0 T M M 5.6 13 90 M M 9 18 20 100
7 35 29 32 7 33 0 0.10 M M 5.1 13 230 M M 10 1 17 230
8 33 31 32 7 33 0 0.00 M M 7.7 16 80 M M 10 8 23 80
9 39 33 36 11 29 0 0.67 M M 12.5 24 220 M M 10 1 34 220
10 36 31 34 9 31 0 0.12 M M 11.4 23 210 M M 10 1 33 210
11 34 30 32 7 33 0 0.07 M M 7.7 17 230 M M 10 1 26 220
12 34 29 32 8 33 0 0.20 M M 13.3 29 210 M M 9 12 43 200
13 34 13 24 0 41 0 0.04 M M 19.2 32 210 M M 10 128 47 210
14 13 -6 4 -20 61 0 T M M 18.4 32 220 M M 4 18 42 210
15 8 -8 0 -24 65 0 0.00 M M 10.5 16 210 M M 5 22 200
16 7 1 4 -20 61 0 T M M 14.2 22 220 M M 7 18 32 230
17 17 1 9 -15 56 0 0.00 M M 14.8 24 200 M M 4 32 200
18 24 17 21 -3 44 0 T M M 6.7 13 210 M M 10 18 17 210
19 20 4 12 -12 53 0 T M M 5.8 16 350 M M 9 1 26 360
20 22 -3 10 -14 55 0 T M M 6.7 16 300 M M 6 1 26 300
21 22 8 15 -9 50 0 T M M 7.7 17 200 M M 3 1 23 220
22 32 15 24 0 41 0 T M M 11.5 20 210 M M 8 16 27 210
23 34 32 33 9 32 0 0.60 M M 4.6 10 90 M M 10 16 16 100
24 38 33 36 12 29 0 0.21 M M 3.0 8 100 M M 10 12 12 90
25 40 34 37 13 28 0 0.35 M M 4.8 13 20 M M 10 12 17 40
26 40 35 38 14 27 0 1.13 M M 4.3 14 30 M M 10 1 19 30
27 40 34 37 13 28 0 0.00 M M 3.5 12 30 M M 10 1 14 20
28 38 34 36 12 29 0 0.14 M M 9.1 17 340 M M 10 1 26 350
29 35 30 33 9 32 0 0.00 M M 7.9 16 190 M M 10 1 22 190
30 33 31 32 8 33 0 0.01 M M 5.6 16 190 M M 10 12 24 170
31 38 32 35 11 30 0 0.00 M M 8.6 18 220 M M 10 12 28 220
================================================================================
SM 941 666 1205 0 3.66 M 267.6 M 268
================================================================================
AV 30.4 21.5 8.6 FASTST M M 9 MAX(MPH)
MISC ----> # 32 210 47 210
================================================================================
NOTES:
# LAST OF SEVERAL OCCURRENCES
COLUMN 17 PEAK WIND IN M.P.H.
PRELIMINARY LOCAL CLIMATOLOGICAL DATA (WS FORM: F-6) , PAGE 2
STATION: JACKSON
MONTH: JANUARY
YEAR: 2024
LATITUDE: 42 16 N
LONGITUDE: 84 28 W
[TEMPERATURE DATA] [PRECIPITATION DATA] SYMBOLS USED IN COLUMN 16
AVERAGE MONTHLY: 25.9 TOTAL FOR MONTH: 3.66 1 = FOG OR MIST
DPTR FM NORMAL: 1.5 DPTR FM NORMAL: 1.99 2 = FOG REDUCING VISIBILITY
HIGHEST: 40 ON 27,26 GRTST 24HR 1.13 ON 26-26 TO 1/4 MILE OR LESS
LOWEST: -8 ON 15 3 = THUNDER
SNOW, ICE PELLETS, HAIL 4 = ICE PELLETS
TOTAL MONTH: M 5 = HAIL
GRTST 24HR M ON M 6 = FREEZING RAIN OR DRIZZLE
GRTST DEPTH: M ON M 7 = DUSTSTORM OR SANDSTORM:
VSBY 1/2 MILE OR LESS
8 = SMOKE OR HAZE
[NO. OF DAYS WITH] [WEATHER - DAYS WITH] 9 = BLOWING SNOW
X = TORNADO
MAX 32 OR BELOW: 11 0.01 INCH OR MORE: 13
MAX 90 OR ABOVE: 0 0.10 INCH OR MORE: 9
MIN 32 OR BELOW: 25 0.50 INCH OR MORE: 3
MIN 0 OR BELOW: 3 1.00 INCH OR MORE: 1
[HDD (BASE 65) ]
TOTAL THIS MO. 1205 CLEAR (SCALE 0-3) 1
DPTR FM NORMAL -53 PTCLDY (SCALE 4-7) 8
TOTAL FM JUL 1 3317 CLOUDY (SCALE 8-10) 22
DPTR FM NORMAL -374
[CDD (BASE 65) ]
TOTAL THIS MO. 0
DPTR FM NORMAL 0 [PRESSURE DATA]
TOTAL FM JAN 1 0 HIGHEST SLP 30.64 ON 21
DPTR FM NORMAL 0 LOWEST SLP 28.89 ON 9
[REMARKS]
#FINAL-01-24#