000
CXUS55 KPUB 011210
CF6LAA
PRELIMINARY LOCAL CLIMATOLOGICAL DATA (WS FORM: F-6)
STATION: LAMAR CO
MONTH: MAY
YEAR: 2023
LATITUDE: 38 4 N
LONGITUDE: 102 41 W
TEMPERATURE IN F: :PCPN: SNOW: WIND :SUNSHINE: SKY :PK WND
================================================================================
1 2 3 4 5 6A 6B 7 8 9 10 11 12 13 14 15 16 17 18
12Z AVG MX 2MIN
DY MAX MIN AVG DEP HDD CDD WTR SNW DPTH SPD SPD DIR MIN PSBL S-S WX SPD DR
================================================================================
1 78 39 59 2 6 0 0.00 M M 11.2 20 90 M M 0 29 90
2 73 42 58 1 7 0 0.00 M M 11.8 25 120 M M 0 33 120
3 83 45 64 6 1 0 0.00 M M 6.2 17 200 M M 0 23 200
4 85 54 70 12 0 5 0.00 M M 9.0 24 210 M M 0 31 180
5 85 44 65 7 0 0 0.00 M M 8.2 22 190 M M 2 29 200
6 84 41 63 4 2 0 0.00 M M 8.9 23 280 M M 0 29 260
7 83 40 62 3 3 0 0.00 M M 6.2 21 40 M M 0 29 40
8 83 42 63 4 2 0 0.00 M M 8.7 22 130 M M 0 29 140
9 92 51 72 12 0 7 0.00 M M 10.9 32 90 M M 0 18 42 80
10 90 52 71 11 0 6 0.59 M M 13.9 46 210 M M 3 13 63 210
11 74 50 62 1 3 0 0.06 M M 12.7 29 260 M M 5 13 36 250
12 70 47 59 -2 6 0 0.00 M M 15.7 32 320 M M 3 44 320
13 68 50 59 -3 6 0 0.00 M M 9.0 16 340 M M 4 22 10
14 69 54 62 0 3 0 0.02 M M 10.7 20 10 M M 10 1 28 10
15 65 46 56 -6 9 0 0.00 M M 8.7 18 10 M M 7 25 10
16 84 43 64 1 1 0 0.00 M M 4.8 16 60 M M 1 1 23 70
17 83 56 70 7 0 5 0.01 M M 8.2 28 220 M M 3 8 36 230
18 79 52 66 2 0 1 0.67 M M 11.8 29 350 M M 4 13 40 10
19 63 48 56 -8 9 0 0.11 M M 8.2 17 50 M M 7 18 24 10
20 76 44 60 -5 5 0 0.00 M M 8.5 21 150 M M 2 128 29 150
21 77 52 65 0 0 0 0.01 M M 6.6 16 180 M M 3 138 22 180
22 76 55 66 1 0 1 0.02 M M 7.8 18 120 M M 4 1 22 130
23 71 56 64 -2 1 0 0.00 M M 9.4 20 130 M M 8 1 26 120
24 73 54 64 -2 1 0 1.45 M M 13.0 29 350 M M 7 138 37 300
25 79 50 65 -2 0 0 0.00 M M 10.1 26 160 M M 4 12 35 160
26 80 54 67 0 0 2 0.16 M M 17.8 39 160 M M 3 3 55 170
27 82 58 70 2 0 5 0.00 M M 17.1 30 190 M M 3 43 170
28 82 56 69 1 0 4 0.00 M M 9.2 22 160 M M 1 1 30 160
29 86 54 70 2 0 5 T M M 10.0 20 160 M M 0 26 160
30 90 57 74 5 0 9 T M M 14.9 38 220 M M 1 3 52 210
31 84 51 68 -1 0 3 T M M 12.4 32 220 M M 2 3 43 220
================================================================================
SM 2447 1537 65 53 3.10 M 321.6 M 87
================================================================================
AV 78.9 49.6 10.4 FASTST M M 3 MAX(MPH)
MISC ----> 46 210 63 210
================================================================================
NOTES:
# LAST OF SEVERAL OCCURRENCES
COLUMN 17 PEAK WIND IN M.P.H.
PRELIMINARY LOCAL CLIMATOLOGICAL DATA (WS FORM: F-6) , PAGE 2
STATION: LAMAR CO
MONTH: MAY
YEAR: 2023
LATITUDE: 38 4 N
LONGITUDE: 102 41 W
[TEMPERATURE DATA] [PRECIPITATION DATA] SYMBOLS USED IN COLUMN 16
AVERAGE MONTHLY: 64.3 TOTAL FOR MONTH: 3.10 1 = FOG OR MIST
DPTR FM NORMAL: 1.4 DPTR FM NORMAL: 1.40 2 = FOG REDUCING VISIBILITY
HIGHEST: 92 ON 9 GRTST 24HR 1.45 ON 24-24 TO 1/4 MILE OR LESS
LOWEST: 39 ON 1 3 = THUNDER
SNOW, ICE PELLETS, HAIL 4 = ICE PELLETS
TOTAL MONTH: M 5 = HAIL
GRTST 24HR M ON M 6 = FREEZING RAIN OR DRIZZLE
GRTST DEPTH: M ON M 7 = DUSTSTORM OR SANDSTORM:
VSBY 1/2 MILE OR LESS
8 = SMOKE OR HAZE
[NO. OF DAYS WITH] [WEATHER - DAYS WITH] 9 = BLOWING SNOW
X = TORNADO
MAX 32 OR BELOW: 0 0.01 INCH OR MORE: 10
MAX 90 OR ABOVE: 3 0.10 INCH OR MORE: 5
MIN 32 OR BELOW: 0 0.50 INCH OR MORE: 3
MIN 0 OR BELOW: 0 1.00 INCH OR MORE: 1
[HDD (BASE 65) ]
TOTAL THIS MO. 65 CLEAR (SCALE 0-3) 17
DPTR FM NORMAL -74 PTCLDY (SCALE 4-7) 13
TOTAL FM JUL 1 5603 CLOUDY (SCALE 8-10) 1
DPTR FM NORMAL 330
[CDD (BASE 65) ]
TOTAL THIS MO. 53
DPTR FM NORMAL -20 [PRESSURE DATA]
TOTAL FM JAN 1 66 HIGHEST SLP 30.35 ON 15
DPTR FM NORMAL -14 LOWEST SLP 29.49 ON 5
[REMARKS]
#FINAL-05-23#