000
CXUS52 KTBW 011336
CF6LAL
PRELIMINARY LOCAL CLIMATOLOGICAL DATA (WS FORM: F-6)
STATION: LAKELAND LINDER
MONTH: MAY
YEAR: 2022
LATITUDE: 28 0 N
LONGITUDE: 82 3 W
TEMPERATURE IN F: :PCPN: SNOW: WIND :SUNSHINE: SKY :PK WND
================================================================================
1 2 3 4 5 6A 6B 7 8 9 10 11 12 13 14 15 16 17 18
12Z AVG MX 2MIN
DY MAX MIN AVG DEP HDD CDD WTR SNW DPTH SPD SPD DIR MIN PSBL S-S WX SPD DR
================================================================================
1 87 66 77 1 0 12 0.92 0.0 0 5.8 14 230 M M 3 138 M M
2 88 67 78 2 0 13 0.39 0.0 0 6.1 12 90 M M 3 M M
3 89 71 80 4 0 15 0.00 0.0 0 5.8 22 180 M M 4 23 180
4 90 68 79 3 0 14 0.00 0.0 0 2.2 12 310 M M 3 M M
5 92 69 81 5 0 16 0.00 0.0 0 3.0 9 240 M M 1 M M
6 94 71 83 6 0 18 0.00 0.0 0 8.8 14 220 M M 1 M M
7 94 71 83 6 0 18 0.17 0.0 0 10.7 18 270 M M 4 3 21 270
8 90 71 81 4 0 16 0.00 0.0 0 9.4 18 310 M M 2 M M
9 90 71 81 4 0 16 0.00 0.0 0 10.4 17 70 M M 2 M M
10 90 59 75 -3 0 10 0.00 0.0 0 11.3 16 40 M M 1 M M
11 90 59 75 -3 0 10 0.00 0.0 0 11.1 17 50 M M 2 21 20
12 85 61 73 -5 0 8 0.00 0.0 0 9.6 14 40 M M 2 M M
13 85 64 75 -3 0 10 0.00 0.0 0 6.4 16 120 M M 3 M M
14 89 64 77 -1 0 12 0.00 0.0 0 2.7 7 350 M M 1 M M
15 92 68 80 2 0 15 0.00 0.0 0 4.7 20 260 M M 3 M M
16 89 65 77 -2 0 12 0.40 0.0 0 7.2 17 310 M M 2 M M
17 91 67 79 0 0 14 0.00 0.0 0 4.8 17 280 M M 3 1 M M
18 94 71 83 4 0 18 0.37 0.0 0 3.9 12 140 M M 1 13 M M
19 91 72 82 3 0 17 0.00 0.0 0 1.3 8 220 M M 2 M M
20 89 70 80 0 0 15 T 0.0 0 9.3 18 130 M M 4 3 24 130
21 92 71 82 2 0 17 1.04 0.0 0 8.6 18 140 M M 5 3 25 140
22 93 70 82 2 0 17 0.00 0.0 0 10.3 18 130 M M 5 1 M M
23 93 74 84 4 0 19 0.00 0.0 0 7.8 15 150 M M 4 M M
24 92 74 83 3 0 18 0.00 0.0 0 9.7 13 90 M M 3 M M
25 90 72 81 1 0 16 0.00 0.0 0 11.2 18 140 M M 3 M M
26 91 M M M M M 0.00 0.0 0 8.1 15 130 M M 2 M M
27 M M M M M M 1.26 0.0 0 5.6 16 230 M M 3 13 M M
28 M M M M M M T 0.0 0 4.3 10 310 M M 1 M M
29 91 67 79 -2 0 14 0.00 0.0 0 4.5 21 150 M M 2 M M
30 92 68 80 -1 0 15 0.00 0.0 0 7.5 20 100 M M 3 M M
31 90 69 80 -1 0 15 0.00 0.0 0 9.0 16 90 M M 3 M M
================================================================================
SM 2623 1910 0 410 4.55 0.0 221.1 M 81
================================================================================
AV 90.4 68.2 7.1 FASTST M M 3 MAX(MPH)
MISC ----> 22 180 25 140
================================================================================
NOTES:
# LAST OF SEVERAL OCCURRENCES
COLUMN 17 PEAK WIND IN M.P.H.
PRELIMINARY LOCAL CLIMATOLOGICAL DATA (WS FORM: F-6) , PAGE 2
STATION: LAKELAND LINDER
MONTH: MAY
YEAR: 2022
LATITUDE: 28 0 N
LONGITUDE: 82 3 W
[TEMPERATURE DATA] [PRECIPITATION DATA] SYMBOLS USED IN COLUMN 16
AVERAGE MONTHLY: 79.3 TOTAL FOR MONTH: 4.55 1 = FOG OR MIST
DPTR FM NORMAL: 1.1 DPTR FM NORMAL: 0.75 2 = FOG REDUCING VISIBILITY
HIGHEST: 94 ON 18, 7 GRTST 24HR 1.26 ON 27-27 TO 1/4 MILE OR LESS
LOWEST: 59 ON 11,10 3 = THUNDER
SNOW, ICE PELLETS, HAIL 4 = ICE PELLETS
TOTAL MONTH: 0.0 INCH 5 = HAIL
GRTST 24HR 0.0 6 = FREEZING RAIN OR DRIZZLE
GRTST DEPTH: 0 7 = DUSTSTORM OR SANDSTORM:
VSBY 1/2 MILE OR LESS
8 = SMOKE OR HAZE
[NO. OF DAYS WITH] [WEATHER - DAYS WITH] 9 = BLOWING SNOW
X = TORNADO
MAX 32 OR BELOW: 0 0.01 INCH OR MORE: 7
MAX 90 OR ABOVE: 21 0.10 INCH OR MORE: 7
MIN 32 OR BELOW: 0 0.50 INCH OR MORE: 3
MIN 0 OR BELOW: 0 1.00 INCH OR MORE: 2
[HDD (BASE 65) ]
TOTAL THIS MO. 0 CLEAR (SCALE 0-3) 22
DPTR FM NORMAL 0 PTCLDY (SCALE 4-7) 9
TOTAL FM JUL 1 297 CLOUDY (SCALE 8-10) 0
DPTR FM NORMAL -148
[CDD (BASE 65) ]
TOTAL THIS MO. 410
DPTR FM NORMAL -12 [PRESSURE DATA]
TOTAL FM JAN 1 1109 HIGHEST SLP M ON M
DPTR FM NORMAL 165 LOWEST SLP M ON M
[REMARKS]
#FINAL-05-22#