000
CXUS54 KLUB 011245
CLMLBB
CLIMATE REPORT
NATIONAL WEATHER SERVICE LUBBOCK TX
745 AM CDT TUE AUG 01 2023
...................................
...THE LUBBOCK CLIMATE SUMMARY FOR THE MONTH OF JULY 2023...
CLIMATE NORMAL PERIOD 1991 TO 2020
CLIMATE RECORD PERIOD 1911 TO 2023
WEATHER OBSERVED NORMAL DEPART LAST YEAR`S
VALUE DATE(S) VALUE FROM VALUE DATE(S)
NORMAL
................................................................
TEMPERATURE (F)
RECORD
HIGH 111 07/14/2020
LOW 49 07/05/1915
HIGHEST 110 07/12 107 07/19
LOWEST 64 07/02 68 07/11
07/03
AVG. MAXIMUM 97.8 93.4 4.4 100.2
AVG. MINIMUM 72.0 69.0 3.0 73.5
MEAN 84.9 81.2 3.7 86.8
DAYS MAX >= 90 29 24.6 4.4 31
DAYS MAX <= 32 0 0.0 0.0 0
DAYS MIN <= 32 0 0.0 0.0 0
DAYS MIN <= 0 0 0.0 0.0 0
PRECIPITATION (INCHES)
RECORD
MAXIMUM 7.20 1976
MINIMUM 0.00 1970
TOTALS 1.16 1.96 -0.80 0.10
DAILY AVG. 0.04 0.06 -0.02 0.00
DAYS >= .01 8 5.8 2.2 2
DAYS >= .10 3 3.4 -0.4 0
DAYS >= .50 1 1.0 0.0 0
DAYS >= 1.00 0 0.5 -0.5 0
GREATEST
24 HR. TOTAL 0.69 07/15 TO 07/16
SNOWFALL (INCHES)
RECORDS
TOTAL T 2019
24 HR TOTAL MM
SNOW DEPTH MM MM
TOTALS 0.0 0.0 0.0 0.0
SINCE 7/1 0.0 0.0 0.0 MM
SNOWDEPTH AVG. 0 0
DAYS >= TRACE 0 0.0 0.0 0
DAYS >= 1.0 0 0.0 0.0 0
GREATEST
SNOW DEPTH 0 0 MM
24 HR TOTAL 0.0 MM
DEGREE DAYS
HEATING TOTAL 0 0 0 0
SINCE 7/1 0 0 0 MM
COOLING TOTAL 624 502 122 684
SINCE 1/1 1278 1184 94 MM
................................................................
WIND (MPH)
AVERAGE WIND SPEED 11.2
HIGHEST WIND SPEED/DIRECTION 41/320 DATE 07/13
HIGHEST GUST SPEED/DIRECTION 55/360 DATE 07/13
SKY COVER
POSSIBLE SUNSHINE (PERCENT) MM
AVERAGE SKY COVER 0.40
NUMBER OF DAYS FAIR 10
NUMBER OF DAYS PC 21
NUMBER OF DAYS CLOUDY 0
AVERAGE RH (PERCENT) 48
WEATHER CONDITIONS. NUMBER OF DAYS WITH
THUNDERSTORM 11 MIXED PRECIP 0
HEAVY RAIN 2 RAIN 1
LIGHT RAIN 12 FREEZING RAIN 0
LT FREEZING RAIN 0 HAIL 0
HEAVY SNOW 0 SNOW 0
LIGHT SNOW 0 SLEET 0
FOG 3 FOG W/VIS <= 1/4 MILE 0
HAZE 5
- INDICATES NEGATIVE NUMBERS.
R INDICATES RECORD WAS SET OR TIED.
MM INDICATES DATA IS MISSING.
T INDICATES TRACE AMOUNT.
$$