000
CXUS55 KLBF 011510
CF6LBF
PRELIMINARY LOCAL CLIMATOLOGICAL DATA (WS FORM: F-6)
STATION: NORTH PLATTE
MONTH: NOVEMBER
YEAR: 2022
LATITUDE: 41 7 N
LONGITUDE: 100 41 W
TEMPERATURE IN F: :PCPN: SNOW: WIND :SUNSHINE: SKY :PK WND
================================================================================
1 2 3 4 5 6A 6B 7 8 9 10 11 12 13 14 15 16 17 18
12Z AVG MX 2MIN
DY MAX MIN AVG DEP HDD CDD WTR SNW DPTH SPD SPD DIR MIN PSBL S-S WX SPD DR
================================================================================
1 79 25 52 9 13 0 0.00 0.0 0 6.9 21 170 M M 0 30 170
2 76 38 57 15 8 0 0.00 0.0 0 9.4 20 170 M M 0 27 170
3 60 32 46 4 19 0 0.17 1.5 0 12.3 28 360 M M 7 1346 37 360
4 49 21 35 -7 30 0 T T 2 5.8 17 330 M M 4 1 23 340
5 69 18 44 3 21 0 0.00 0.0 0 8.8 26 270 M M 0 39 260
6 55 37 46 5 19 0 0.00 0.0 0 7.0 22 320 M M 7 32 330
7 51 31 41 1 24 0 0.00 0.0 0 12.9 26 130 M M 4 37 130
8 76 42 59 19 6 0 0.00 0.0 0 14.0 24 180 M M 5 34 180
9 65 30 48 8 17 0 T 0.0 0 13.0 29 320 M M 9 16 38 320
10 42 18 30 -9 35 0 T 0.0 0 14.9 24 320 M M 3 6 32 330
11 38 8 23 -16 42 0 0.00 0.0 0 8.4 17 310 M M 0 24 330
12 43 6 25 -13 40 0 0.00 0.0 0 4.6 10 100 M M 0 13 120
13 44 14 29 -9 36 0 0.00 0.0 0 8.6 20 360 M M 0 27 360
14 40 12 26 -12 39 0 0.00 0.0 0 7.9 21 330 M M 6 28 350
15 40 19 30 -7 35 0 T T 0 10.6 21 340 M M 10 28 350
16 41 12 27 -10 38 0 T T 0 9.1 24 310 M M 8 37 290
17 35 13 24 -12 41 0 T T 0 12.8 25 360 M M 9 35 360
18 31 4 18 -18 47 0 0.00 0.0 0 12.0 21 320 M M 0 28 330
19 39 6 23 -13 42 0 0.00 0.0 0 8.1 20 330 M M 0 32 310
20 59 8 34 -1 31 0 0.00 0.0 0 6.3 18 280 M M 0 22 290
21 56 11 34 -1 31 0 0.00 0.0 0 3.4 9 290 M M 0 11 290
22 60 14 37 3 28 0 0.00 0.0 0 3.3 10 310 M M 0 13 350
23 63 13 38 4 27 0 0.00 0.0 0 4.3 17 360 M M 0 27 10
24 53 14 34 0 31 0 0.00 0.0 0 12.9 24 350 M M 1 33 340
25 62 14 38 5 27 0 0.00 0.0 0 4.6 10 190 M M 0 15 200
26 64 15 40 7 25 0 0.00 0.0 0 8.6 25 20 M M 0 34 20
27 50 24 37 5 28 0 0.00 0.0 0 8.4 16 350 M M 2 23 340
28 58 18 38 6 27 0 0.00 0.0 0 8.8 31 20 M M 1 18 42 30
29 31 3 17 -15 48 0 0.08 1.1 T 15.0 30 30 M M 7 42 30
30 35 -4 16 -15 49 0 0.00 0.0 1 7.9 16 160 M M 0 25 160
================================================================================
SM 1564 516 904 0 0.25 2.6 270.6 M 83
================================================================================
AV 52.1 17.2 9.0 FASTST M M 3 MAX(MPH)
MISC ----> 31 20 # 42 30
================================================================================
NOTES:
# LAST OF SEVERAL OCCURRENCES
COLUMN 17 PEAK WIND IN M.P.H.
PRELIMINARY LOCAL CLIMATOLOGICAL DATA (WS FORM: F-6) , PAGE 2
STATION: NORTH PLATTE
MONTH: NOVEMBER
YEAR: 2022
LATITUDE: 41 7 N
LONGITUDE: 100 41 W
[TEMPERATURE DATA] [PRECIPITATION DATA] SYMBOLS USED IN COLUMN 16
AVERAGE MONTHLY: 34.7 TOTAL FOR MONTH: 0.25 1 = FOG OR MIST
DPTR FM NORMAL: -2.3 DPTR FM NORMAL: -0.24 2 = FOG REDUCING VISIBILITY
HIGHEST: 79 ON 1 GRTST 24HR 0.17 ON 3- 3 TO 1/4 MILE OR LESS
LOWEST: -4 ON 30 3 = THUNDER
SNOW, ICE PELLETS, HAIL 4 = ICE PELLETS
TOTAL MONTH: 2.6 INCHES 5 = HAIL
GRTST 24HR 1.5 ON 3- 3 6 = FREEZING RAIN OR DRIZZLE
GRTST DEPTH: 2 ON 4 7 = DUSTSTORM OR SANDSTORM:
VSBY 1/2 MILE OR LESS
8 = SMOKE OR HAZE
[NO. OF DAYS WITH] [WEATHER - DAYS WITH] 9 = BLOWING SNOW
X = TORNADO
MAX 32 OR BELOW: 2 0.01 INCH OR MORE: 2
MAX 90 OR ABOVE: 0 0.10 INCH OR MORE: 1
MIN 32 OR BELOW: 27 0.50 INCH OR MORE: 0
MIN 0 OR BELOW: 1 1.00 INCH OR MORE: 0
[HDD (BASE 65) ]
TOTAL THIS MO. 904 CLEAR (SCALE 0-3) 18
DPTR FM NORMAL 64 PTCLDY (SCALE 4-7) 8
TOTAL FM JUL 1 1357 CLOUDY (SCALE 8-10) 4
DPTR FM NORMAL -84
[CDD (BASE 65) ]
TOTAL THIS MO. 0
DPTR FM NORMAL 0 [PRESSURE DATA]
TOTAL FM JAN 1 1314 HIGHEST SLP 30.59 ON 18
DPTR FM NORMAL 411 LOWEST SLP 29.37 ON 5
[REMARKS]
#FINAL-11-22#