000
CXUS54 KLCH 180848
CF6LCH
PRELIMINARY LOCAL CLIMATOLOGICAL DATA (WS FORM: F-6)
STATION: LAKE CHARLES
MONTH: APRIL
YEAR: 2024
LATITUDE: 30 7 N
LONGITUDE: 93 13 W
TEMPERATURE IN F: :PCPN: SNOW: WIND :SUNSHINE: SKY :PK WND
================================================================================
1 2 3 4 5 6A 6B 7 8 9 10 11 12 13 14 15 16 17 18
12Z AVG MX 2MIN
DY MAX MIN AVG DEP HDD CDD WTR SNW DPTH SPD SPD DIR MIN PSBL S-S WX SPD DR
================================================================================
1 78 71 75 9 0 10 0.00 0.0 M 13.2 24 180 M M 10 18 32 180
2 80 60 70 4 0 5 0.01 0.0 M 11.7 28 340 M M 5 18 41 340
3 76 51 64 -3 1 0 0.00 0.0 M 12.1 24 330 M M 0 37 340
4 78 45 62 -5 3 0 0.00 0.0 M 6.0 15 240 M M 0 8 22 230
5 82 56 69 2 0 4 0.00 0.0 M 5.7 15 260 M M 0 128 21 270
6 80 56 68 1 0 3 0.00 0.0 M 9.2 22 150 M M 5 12 28 150
7 79 69 74 7 0 9 0.00 0.0 M 9.1 16 180 M M 9 21 170
8 78 73 76 8 0 11 0.07 0.0 M 14.4 26 150 M M 10 138 34 150
9 78 73 76 8 0 11 0.00 0.0 M 17.1 39 170 M M 9 138 53 170
10 78 61 70 2 0 5 0.89 0.0 M 13.8 36 250 M M 5 13 63 250
11 81 57 69 1 0 4 0.00 0.0 M 14.9 25 330 M M 2 38 330
12 80 50 65 -3 0 0 0.00 0.0 M 3.7 9 210 M M 0 14 200
13 81 52 67 -2 0 2 0.00 0.0 M 6.4 17 150 M M 0 1 23 150
14 78 58 68 -1 0 3 0.00 0.0 M 8.5 17 200 M M 4 1 27 190
15 80 65 73 4 0 8 0.00 0.0 M 9.3 22 150 M M 7 28 150
16 82 71 77 8 0 12 0.00 0.0 M 14.6 23 140 M M 8 31 170
17 80 72 76 7 0 11 0.00 0.0 M 10.2 20 160 M M 7 1 25 180
================================================================================
SM 1349 1040 4 98 0.97 0.0 179.9 M 81
================================================================================
AV 79.4 61.2 10.6 FASTST M M 5 MAX(MPH)
MISC ----> 39 170 63 250
================================================================================
NOTES:
# LAST OF SEVERAL OCCURRENCES
COLUMN 17 PEAK WIND IN M.P.H.
PRELIMINARY LOCAL CLIMATOLOGICAL DATA (WS FORM: F-6) , PAGE 2
STATION: LAKE CHARLES
MONTH: APRIL
YEAR: 2024
LATITUDE: 30 7 N
LONGITUDE: 93 13 W
[TEMPERATURE DATA] [PRECIPITATION DATA] SYMBOLS USED IN COLUMN 16
AVERAGE MONTHLY: 70.3 TOTAL FOR MONTH: 0.97 1 = FOG OR MIST
DPTR FM NORMAL: 2.5 DPTR FM NORMAL: -1.45 2 = FOG REDUCING VISIBILITY
HIGHEST: 82 ON 16, 5 GRTST 24HR 0.89 ON 10-10 TO 1/4 MILE OR LESS
LOWEST: 45 ON 4 3 = THUNDER
SNOW, ICE PELLETS, HAIL 4 = ICE PELLETS
TOTAL MONTH: 0.0 INCH 5 = HAIL
GRTST 24HR 0.0 6 = FREEZING RAIN OR DRIZZLE
GRTST DEPTH: M ON M 7 = DUSTSTORM OR SANDSTORM:
VSBY 1/2 MILE OR LESS
8 = SMOKE OR HAZE
[NO. OF DAYS WITH] [WEATHER - DAYS WITH] 9 = BLOWING SNOW
X = TORNADO
MAX 32 OR BELOW: 0 0.01 INCH OR MORE: 3
MAX 90 OR ABOVE: 0 0.10 INCH OR MORE: 1
MIN 32 OR BELOW: 0 0.50 INCH OR MORE: 1
MIN 0 OR BELOW: 0 1.00 INCH OR MORE: 0
[HDD (BASE 65) ]
TOTAL THIS MO. 4 CLEAR (SCALE 0-3) 6
DPTR FM NORMAL -25 PTCLDY (SCALE 4-7) 7
TOTAL FM JUL 1 1161 CLOUDY (SCALE 8-10) 4
DPTR FM NORMAL -146
[CDD (BASE 65) ]
TOTAL THIS MO. 98
DPTR FM NORMAL 22 [PRESSURE DATA]
TOTAL FM JAN 1 207 HIGHEST SLP M ON M
DPTR FM NORMAL 22 LOWEST SLP 29.58 ON 10
[REMARKS]