000
CXUS52 KMLB 012204
CF6LEE
PRELIMINARY LOCAL CLIMATOLOGICAL DATA (WS FORM: F-6)
STATION: LEESBURG
MONTH: SEPTEMBER
YEAR: 2022
LATITUDE: 28 49 N
LONGITUDE: 81 49 W
TEMPERATURE IN F: :PCPN: SNOW: WIND :SUNSHINE: SKY :PK WND
================================================================================
1 2 3 4 5 6A 6B 7 8 9 10 11 12 13 14 15 16 17 18
12Z AVG MX 2MIN
DY MAX MIN AVG DEP HDD CDD WTR SNW DPTH SPD SPD DIR MIN PSBL S-S WX SPD DR
================================================================================
1 90 70 80 -3 0 15 0.46 0.0 0 4.2 17 80 M M 2 13 28 260
2 91 74 83 0 0 18 0.05 0.0 0 4.7 23 90 M M 2 13 36 210
3 92 75 84 1 0 19 0.03 0.0 0 5.1 15 170 M M 1 3 20 30
4 92 78 85 2 0 20 0.00 0.0 0 4.6 12 50 M M 1 3 15 110
5 92 74 83 1 0 18 0.00 0.0 0 3.1 10 90 M M 0 14 70
6 93 78 86 4 0 21 0.00 0.0 0 4.2 14 20 M M 2 3 21 290
7 95 74 85 3 0 20 0.30 0.0 0 2.9 17 200 M M 1 13 22 260
8 79 73 76 -6 0 11 0.21 0.0 0 3.6 12 100 M M 4 1 15 100
9 88 73 81 -1 0 16 0.01 0.0 0 6.2 21 180 M M 4 3 26 190
10 90 75 83 1 0 18 0.02 0.0 0 6.0 17 240 M M 1 3 24 250
11 93 73 83 1 0 18 0.00 0.0 0 4.7 24 270 M M 0 3 35 250
12 92 74 83 1 0 18 0.56 0.0 0 4.2 18 330 M M 1 123 24 330
13 86 73 80 -2 0 15 0.28 0.0 0 3.2 16 340 M M 2 13 23 340
14 87 74 81 -1 0 16 0.10 0.0 0 4.5 25 20 M M 3 13 31 20
15 89 72 81 -1 0 16 0.06 0.0 0 5.7 20 20 M M 2 13 24 20
16 90 73 82 0 0 17 0.09 0.0 0 7.2 28 50 M M 3 13 33 50
17 87 74 81 0 0 16 0.00 0.0 0 6.6 24 40 M M 3 30 40
18 85 72 79 -2 0 14 0.00 0.0 0 3.7 9 40 M M 6 18 11 330
19 90 75 83 2 0 18 0.01 0.0 0 4.9 16 40 M M 7 20 40
20 91 74 83 2 0 18 0.10 0.0 0 5.0 20 10 M M 2 13 24 20
21 88 73 81 0 0 16 0.02 0.0 0 6.8 18 70 M M 3 1 23 60
22 92 73 83 2 0 18 0.00 0.0 0 5.5 12 350 M M 0 16 330
23 89 75 82 1 0 17 0.00 0.0 0 9.1 17 40 M M 5 22 30
24 89 71 80 0 0 15 0.00 0.0 0 7.3 17 50 M M 4 23 50
25 90 70 80 0 0 15 0.00 0.0 0 5.1 15 100 M M 6 18 100
26 93 72 83 3 0 18 0.00 0.0 0 5.3 15 110 M M 1 18 110
27 86 74 80 0 0 15 1.06 0.0 0 5.9 22 60 M M 6 1 28 50
28 75 69 72 -8 0 7 1.82 0.0 0 18.1 39 40 M M 8 13 52 30
29 73 62 68 -12 0 3 2.11 0.0 0 21.6 41 20 M M 10 18 56 20
30 82 61 72 -7 0 7 0.00 0.0 0 5.8 14 310 M M 5 21 320
================================================================================
SM 2649 2178 0 473 7.29 0.0 184.8 M 95
================================================================================
AV 88.3 72.6 6.2 FASTST M M 3 MAX(MPH)
MISC ----> 41 20 56 20
================================================================================
NOTES:
# LAST OF SEVERAL OCCURRENCES
COLUMN 17 PEAK WIND IN M.P.H.
PRELIMINARY LOCAL CLIMATOLOGICAL DATA (WS FORM: F-6) , PAGE 2
STATION: LEESBURG
MONTH: SEPTEMBER
YEAR: 2022
LATITUDE: 28 49 N
LONGITUDE: 81 49 W
[TEMPERATURE DATA] [PRECIPITATION DATA] SYMBOLS USED IN COLUMN 16
AVERAGE MONTHLY: 80.5 TOTAL FOR MONTH: 7.29 1 = FOG OR MIST
DPTR FM NORMAL: -1.0 DPTR FM NORMAL: 2.08 2 = FOG REDUCING VISIBILITY
HIGHEST: 95 ON 7 GRTST 24HR 3.55 ON 28-29 TO 1/4 MILE OR LESS
LOWEST: 61 ON 30 3 = THUNDER
SNOW, ICE PELLETS, HAIL 4 = ICE PELLETS
TOTAL MONTH: 0.0 INCH 5 = HAIL
GRTST 24HR 0.0 6 = FREEZING RAIN OR DRIZZLE
GRTST DEPTH: 0 7 = DUSTSTORM OR SANDSTORM:
VSBY 1/2 MILE OR LESS
8 = SMOKE OR HAZE
[NO. OF DAYS WITH] [WEATHER - DAYS WITH] 9 = BLOWING SNOW
X = TORNADO
MAX 32 OR BELOW: 0 0.01 INCH OR MORE: 18
MAX 90 OR ABOVE: 16 0.10 INCH OR MORE: 10
MIN 32 OR BELOW: 0 0.50 INCH OR MORE: 4
MIN 0 OR BELOW: 0 1.00 INCH OR MORE: 3
[HDD (BASE 65) ]
TOTAL THIS MO. 0 CLEAR (SCALE 0-3) 18
DPTR FM NORMAL 0 PTCLDY (SCALE 4-7) 10
TOTAL FM JUL 1 0 CLOUDY (SCALE 8-10) 2
DPTR FM NORMAL 0
[CDD (BASE 65) ]
TOTAL THIS MO. 473
DPTR FM NORMAL -19 [PRESSURE DATA]
TOTAL FM JAN 1 3174 HIGHEST SLP 30.12 ON 11
DPTR FM NORMAL 206 LOWEST SLP 29.54 ON 29
[REMARKS]
#FINAL-09-22#
USED LSBF1 FOR MAX/MIN T ON 9/1 & MIN T ON 9/30. USED LAKE
FORESTRY RAWS FOR MAX/MIN T ON 9/29. DUE TO ASOS OUTAGES.