000
CXUS52 KMLB 010627
CF6LEE
PRELIMINARY LOCAL CLIMATOLOGICAL DATA (WS FORM: F-6)
STATION: LEESBURG
MONTH: JUNE
YEAR: 2020
LATITUDE: 28 49 N
LONGITUDE: 81 49 W
TEMPERATURE IN F: :PCPN: SNOW: WIND :SUNSHINE: SKY :PK WND
================================================================================
1 2 3 4 5 6A 6B 7 8 9 10 11 12 13 14 15 16 17 18
12Z AVG MX 2MIN
DY MAX MIN AVG DEP HDD CDD WTR SNW DPTH SPD SPD DIR MIN PSBL S-S WX SPD DR
================================================================================
1 93 75 84 4 0 19 0.04 0.0 0 10.1 20 40 M M 4 1 28 60
2 90 74 82 1 0 17 0.00 0.0 0 10.2 17 70 M M 2 23 60
3 88 72 80 -1 0 15 0.03 0.0 0 4.9 15 120 M M 5 1 18 120
4 79 71 75 -6 0 10 0.50 0.0 0 6.4 14 170 M M 7 13 20 170
5 89 73 81 0 0 16 0.09 0.0 0 5.3 20 140 M M 4 18 26 140
6 83 74 79 -2 0 14 1.27 0.0 0 5.8 26 190 M M 6 13 36 190
7 85 75 80 -1 0 15 0.36 0.0 0 6.2 16 130 M M 9 13 22 130
8 90 76 83 2 0 18 0.13 0.0 0 3.9 22 300 M M 3 138 28 290
9 91 75 83 2 0 18 0.01 0.0 0 1.9 12 130 M M 1 3 15 120
10 93 75 84 2 0 19 T 0.0 0 4.6 15 80 M M 2 3 22 80
11 93 72 83 1 0 18 0.01 0.0 0 4.6 18 110 M M 1 3 23 50
12 90 72 81 -1 0 16 0.00 0.0 0 6.7 17 110 M M 2 21 120
13 88 71 80 -2 0 15 0.34 0.0 0 5.8 25 40 M M 2 138 30 30
14 90 68 79 -3 0 14 0.00 0.0 0 6.0 20 50 M M 1 3 24 30
15 92 67 80 -2 0 15 0.00 0.0 0 9.2 17 30 M M 0 23 360
16 90 64 77 -5 0 12 0.00 0.0 0 5.5 15 90 M M 4 18 90
17 87 65 76 -6 0 11 0.00 0.0 0 5.9 13 10 M M 2 15 120
18 93 70 82 0 0 17 2.71 0.0 0 5.8 18 110 M M 3 123 23 110
19 92 74 83 1 0 18 0.31 0.0 0 4.6 20 120 M M 3 13 24 120
20 95 74 85 3 0 20 0.00 0.0 0 4.4 9 80 M M 3 12 280
21 91 68 80 -2 0 15 0.00 0.0 0 5.4 10 260 M M 1 14 270
22 93 67 80 -2 0 15 0.31 0.0 0 3.2 22 290 M M 2 13 32 280
23 90 74 82 0 0 17 0.00 0.0 0 4.6 16 30 M M 1 3 19 30
24 96 75 86 4 0 21 0.00 0.0 0 4.8 13 40 M M 0 16 30
25 98 73 86 4 0 21 0.01 0.0 0 3.6 18 170 M M 1 3 24 170
26 99 70 85 3 0 20 0.00 0.0 0 4.3 17 40 M M 0 21 40
27 98 75 87 5 0 22 0.00 0.0 0 2.9 9 180 M M 0 12 180
28 96 74 85 3 0 20 0.00 0.0 0 5.5 10 190 M M 0 3 15 150
29 97 73 85 3 0 20 0.00 0.0 0 4.7 15 280 M M 1 21 290
30 94 75 85 3 0 20 0.00 0.0 0 6.1 15 220 M M 1 21 270
================================================================================
SM 2743 2161 0 508 6.12 0.0 162.9 M 71
================================================================================
AV 91.4 72.0 5.4 FASTST M M 2 MAX(MPH)
MISC ----> 26 190 36 190
================================================================================
NOTES:
# LAST OF SEVERAL OCCURRENCES
COLUMN 17 PEAK WIND IN M.P.H.
PRELIMINARY LOCAL CLIMATOLOGICAL DATA (WS FORM: F-6) , PAGE 2
STATION: LEESBURG
MONTH: JUNE
YEAR: 2020
LATITUDE: 28 49 N
LONGITUDE: 81 49 W
[TEMPERATURE DATA] [PRECIPITATION DATA] SYMBOLS USED IN COLUMN 16
AVERAGE MONTHLY: 81.7 TOTAL FOR MONTH: 6.12 1 = FOG OR MIST
DPTR FM NORMAL: 0.0 DPTR FM NORMAL: -1.94 2 = FOG REDUCING VISIBILITY
HIGHEST: 99 ON 26 GRTST 24HR 3.01 ON 18-19 TO 1/4 MILE OR LESS
LOWEST: 64 ON 16 3 = THUNDER
SNOW, ICE PELLETS, HAIL 4 = ICE PELLETS
TOTAL MONTH: 0.0 INCH 5 = HAIL
GRTST 24HR 0.0 6 = FREEZING RAIN OR DRIZZLE
GRTST DEPTH: 0 7 = DUSTSTORM OR SANDSTORM:
VSBY 1/2 MILE OR LESS
8 = SMOKE OR HAZE
[NO. OF DAYS WITH] [WEATHER - DAYS WITH] 9 = BLOWING SNOW
X = TORNADO
MAX 32 OR BELOW: 0 0.01 INCH OR MORE: 14
MAX 90 OR ABOVE: 23 0.10 INCH OR MORE: 8
MIN 32 OR BELOW: 0 0.50 INCH OR MORE: 3
MIN 0 OR BELOW: 0 1.00 INCH OR MORE: 2
[HDD (BASE 65) ]
TOTAL THIS MO. 0 CLEAR (SCALE 0-3) 23
DPTR FM NORMAL 0 PTCLDY (SCALE 4-7) 6
TOTAL FM JUL 1 343 CLOUDY (SCALE 8-10) 1
DPTR FM NORMAL -359
[CDD (BASE 65) ]
TOTAL THIS MO. 508
DPTR FM NORMAL 7 [PRESSURE DATA]
TOTAL FM JAN 1 1765 HIGHEST SLP M ON M
DPTR FM NORMAL 512 LOWEST SLP 29.90 ON 7
[REMARKS]
#FINAL-06-20#