000
CXUS54 KSHV 011300
CF6LFK
PRELIMINARY LOCAL CLIMATOLOGICAL DATA (WS FORM: F-6)
STATION: LUFKIN
MONTH: MAY
YEAR: 2023
LATITUDE: 31 14 N
LONGITUDE: 94 45 W
TEMPERATURE IN F: :PCPN: SNOW: WIND :SUNSHINE: SKY :PK WND
================================================================================
1 2 3 4 5 6A 6B 7 8 9 10 11 12 13 14 15 16 17 18
12Z AVG MX 2MIN
DY MAX MIN AVG DEP HDD CDD WTR SNW DPTH SPD SPD DIR MIN PSBL S-S WX SPD DR
================================================================================
1 82 56 69 -1 0 4 0.00 0.0 0 3.7 14 70 M M 0 20 80
2 83 54 69 -1 0 4 0.00 0.0 0 2.7 9 150 M M 0 13 110
3 85 61 73 3 0 8 0.00 0.0 0 4.2 13 170 M M 1 18 170
4 83 61 72 2 0 7 0.00 0.0 0 6.0 14 170 M M 3 24 180
5 90 65 78 7 0 13 0.92 0.0 0 6.9 15 180 M M 6 13 26 180
6 89 66 78 7 0 13 0.29 0.0 0 10.0 24 140 M M 4 13 38 130
7 86 72 79 8 0 14 T 0.0 0 6.3 17 220 M M 5 26 130
8 84 65 75 3 0 10 T 0.0 0 6.7 16 160 M M 6 13 25 150
9 80 64 72 0 0 7 0.06 0.0 0 4.2 14 220 M M 5 3 23 220
10 72 68 70 -2 0 5 1.93 0.0 0 6.4 22 110 M M 9 13 35 100
11 87 71 79 7 0 14 0.02 0.0 0 7.8 17 150 M M 7 13 24 150
12 91 76 84 11 0 19 T 0.0 0 8.9 17 170 M M 5 28 150
13 89 73 81 8 0 16 T 0.0 0 5.8 15 160 M M 4 3 21 160
14 86 68 77 4 0 12 1.27 0.0 0 7.0 28 220 M M 6 13 37 220
15 89 68 79 5 0 14 0.03 0.0 0 2.1 20 290 M M 6 13 34 280
16 85 68 77 3 0 12 0.00 0.0 0 4.0 12 300 M M 2 1 18 320
17 83 65 74 0 0 9 0.00 0.0 0 1.9 12 310 M M 1 16 310
18 89 63 76 2 0 11 0.00 0.0 0 1.4 8 360 M M 1 11 300
19 93 68 81 6 0 16 0.00 0.0 0 3.2 10 160 M M 1 14 170
20 82 67 75 0 0 10 0.00 0.0 0 6.1 13 350 M M 6 20 20
21 78 65 72 -3 0 7 0.00 0.0 0 3.7 9 30 M M 4 16 360
22 84 63 74 -1 0 9 0.00 0.0 0 2.6 12 360 M M 1 16 360
23 83 62 73 -3 0 8 T 0.0 0 1.5 6 30 M M 2 18 9 300
24 84 64 74 -2 0 9 T 0.0 0 2.6 9 10 M M 1 13 14 20
25 86 64 75 -1 0 10 0.00 0.0 0 5.3 15 80 M M 1 23 90
26 88 65 77 1 0 12 0.00 0.0 0 4.7 14 80 M M 0 21 70
27 89 64 77 0 0 12 0.00 0.0 0 2.3 10 70 M M 0 1 16 60
28 91 63 77 0 0 12 0.00 0.0 0 3.1 10 140 M M 0 14 150
29 90 67 79 2 0 14 1.29 0.0 0 2.4 26 60 M M 3 13 40 80
30 90 68 79 2 0 14 0.75 0.0 0 2.0 20 160 M M 1 13 28 160
31 90 67 79 1 0 14 0.00 0.0 0 1.7 10 120 M M 1 1 16 120
================================================================================
SM 2661 2031 0 339 6.56 0.0 137.2 M 92
================================================================================
AV 85.8 65.5 4.4 FASTST M M 3 MAX(MPH)
MISC ----> 28 220 40 80
================================================================================
NOTES:
# LAST OF SEVERAL OCCURRENCES
COLUMN 17 PEAK WIND IN M.P.H.
PRELIMINARY LOCAL CLIMATOLOGICAL DATA (WS FORM: F-6) , PAGE 2
STATION: LUFKIN
MONTH: MAY
YEAR: 2023
LATITUDE: 31 14 N
LONGITUDE: 94 45 W
[TEMPERATURE DATA] [PRECIPITATION DATA] SYMBOLS USED IN COLUMN 16
AVERAGE MONTHLY: 75.7 TOTAL FOR MONTH: 6.56 1 = FOG OR MIST
DPTR FM NORMAL: 1.9 DPTR FM NORMAL: 1.92 2 = FOG REDUCING VISIBILITY
HIGHEST: 93 ON 19 GRTST 24HR 1.95 ON 10-11 TO 1/4 MILE OR LESS
LOWEST: 54 ON 2 3 = THUNDER
SNOW, ICE PELLETS, HAIL 4 = ICE PELLETS
TOTAL MONTH: 0.0 INCH 5 = HAIL
GRTST 24HR 0.0 6 = FREEZING RAIN OR DRIZZLE
GRTST DEPTH: 0 7 = DUSTSTORM OR SANDSTORM:
VSBY 1/2 MILE OR LESS
8 = SMOKE OR HAZE
[NO. OF DAYS WITH] [WEATHER - DAYS WITH] 9 = BLOWING SNOW
X = TORNADO
MAX 32 OR BELOW: 0 0.01 INCH OR MORE: 9
MAX 90 OR ABOVE: 7 0.10 INCH OR MORE: 6
MIN 32 OR BELOW: 0 0.50 INCH OR MORE: 5
MIN 0 OR BELOW: 0 1.00 INCH OR MORE: 3
[HDD (BASE 65) ]
TOTAL THIS MO. 0 CLEAR (SCALE 0-3) 18
DPTR FM NORMAL -7 PTCLDY (SCALE 4-7) 12
TOTAL FM JUL 1 1442 CLOUDY (SCALE 8-10) 1
DPTR FM NORMAL -528
[CDD (BASE 65) ]
TOTAL THIS MO. 339
DPTR FM NORMAL 61 [PRESSURE DATA]
TOTAL FM JAN 1 607 HIGHEST SLP 30.19 ON 15
DPTR FM NORMAL 165 LOWEST SLP 29.80 ON 11
[REMARKS]
#FINAL-05-23#