000
CXUS54 KSHV 011300
CF6LFK
PRELIMINARY LOCAL CLIMATOLOGICAL DATA (WS FORM: F-6)
STATION: LUFKIN
MONTH: MARCH
YEAR: 2021
LATITUDE: 31 14 N
LONGITUDE: 94 45 W
TEMPERATURE IN F: :PCPN: SNOW: WIND :SUNSHINE: SKY :PK WND
================================================================================
1 2 3 4 5 6A 6B 7 8 9 10 11 12 13 14 15 16 17 18
12Z AVG MX 2MIN
DY MAX MIN AVG DEP HDD CDD WTR SNW DPTH SPD SPD DIR MIN PSBL S-S WX SPD DR
================================================================================
1 72 47 60 4 5 0 0.92 0.0 0 10.4 24 10 M M 10 1 32 30
2 62 41 52 -4 13 0 0.05 0.0 0 7.6 20 80 M M 4 1 25 70
3 69 34 52 -4 13 0 0.00 0.0 0 1.9 8 120 M M 0 13 90
4 73 37 55 -2 10 0 0.00 0.0 0 4.2 12 160 M M 0 16 110
5 60 47 54 -3 11 0 0.01 0.0 0 6.5 15 60 M M 7 1 21 40
6 66 42 54 -3 11 0 0.00 0.0 0 6.9 15 10 M M 1 21 80
7 69 34 52 -6 13 0 0.00 0.0 0 5.6 17 110 M M 0 21 110
8 73 36 55 -3 10 0 0.00 0.0 0 5.8 17 160 M M 0 23 140
9 74 50 62 4 3 0 0.00 0.0 0 9.4 21 150 M M 4 28 170
10 79 56 68 10 0 3 0.00 0.0 0 11.3 25 180 M M 8 36 200
11 81 67 74 16 0 9 T 0.0 0 10.3 20 160 M M 9 30 170
12 81 63 72 13 0 7 0.00 0.0 0 9.8 21 150 M M 8 1 24 140
13 83 61 72 13 0 7 0.00 0.0 0 10.8 24 160 M M 5 1 31 150
14 77 57 67 8 0 2 0.36 0.0 0 7.9 22 150 M M 10 1 31 160
15 78 55 67 8 0 2 T 0.0 0 5.2 14 160 M M 8 123 16 160
16 80 66 73 13 0 8 0.00 0.0 0 6.7 14 140 M M 8 1 17 160
17 77 51 64 4 1 0 0.15 0.0 0 13.4 24 280 M M 6 13 36 280
18 61 44 53 -7 12 0 0.00 0.0 0 9.4 21 320 M M 0 29 300
19 55 41 48 -12 17 0 0.00 0.0 0 4.8 13 320 M M 5 17 310
20 67 36 52 -8 13 0 0.00 0.0 0 4.5 14 110 M M 0 1 20 40
21 72 38 55 -6 10 0 0.00 0.0 0 5.3 16 120 M M 0 1 20 120
22 72 47 60 -1 5 0 T 0.0 0 10.4 23 130 M M 7 31 140
23 81 50 66 5 0 1 0.20 0.0 0 6.3 21 180 M M 3 13 30 180
24 72 49 61 0 4 0 T 0.0 0 9.1 16 120 M M 9 1 22 120
25 77 51 64 2 1 0 0.01 0.0 0 5.9 17 290 M M 4 1 22 250
26 84 47 66 4 0 1 0.00 0.0 0 5.9 15 120 M M 1 20 120
27 82 69 76 14 0 11 T 0.0 0 6.6 20 180 M M 8 1 25 170
28 74 46 60 -2 5 0 T 0.0 0 6.7 23 360 M M 1 1 32 10
29 76 40 58 -4 7 0 0.00 0.0 0 4.8 10 140 M M 0 17 180
30 83 56 70 7 0 5 T 0.0 0 8.0 20 180 M M 8 1 27 160
31 72 44 58 -5 7 0 0.03 0.0 0 7.7 21 10 M M 7 1 30 30
================================================================================
SM 2282 1502 171 56 1.73 0.0 229.1 M 141
================================================================================
AV 73.6 48.5 7.4 FASTST M M 5 MAX(MPH)
MISC ----> 25 180 # 36 200
================================================================================
NOTES:
# LAST OF SEVERAL OCCURRENCES
COLUMN 17 PEAK WIND IN M.P.H.
PRELIMINARY LOCAL CLIMATOLOGICAL DATA (WS FORM: F-6) , PAGE 2
STATION: LUFKIN
MONTH: MARCH
YEAR: 2021
LATITUDE: 31 14 N
LONGITUDE: 94 45 W
[TEMPERATURE DATA] [PRECIPITATION DATA] SYMBOLS USED IN COLUMN 16
AVERAGE MONTHLY: 61.0 TOTAL FOR MONTH: 1.73 1 = FOG OR MIST
DPTR FM NORMAL: 1.4 DPTR FM NORMAL: -2.05 2 = FOG REDUCING VISIBILITY
HIGHEST: 84 ON 26 GRTST 24HR 0.96 ON 1- 2 TO 1/4 MILE OR LESS
LOWEST: 34 ON 7, 3 3 = THUNDER
SNOW, ICE PELLETS, HAIL 4 = ICE PELLETS
TOTAL MONTH: 0.0 INCH 5 = HAIL
GRTST 24HR 0.0 6 = FREEZING RAIN OR DRIZZLE
GRTST DEPTH: 0 7 = DUSTSTORM OR SANDSTORM:
VSBY 1/2 MILE OR LESS
8 = SMOKE OR HAZE
[NO. OF DAYS WITH] [WEATHER - DAYS WITH] 9 = BLOWING SNOW
X = TORNADO
MAX 32 OR BELOW: 0 0.01 INCH OR MORE: 8
MAX 90 OR ABOVE: 0 0.10 INCH OR MORE: 4
MIN 32 OR BELOW: 0 0.50 INCH OR MORE: 1
MIN 0 OR BELOW: 0 1.00 INCH OR MORE: 0
[HDD (BASE 65) ]
TOTAL THIS MO. 171 CLEAR (SCALE 0-3) 12
DPTR FM NORMAL -39 PTCLDY (SCALE 4-7) 13
TOTAL FM JUL 1 1737 CLOUDY (SCALE 8-10) 6
DPTR FM NORMAL -108
[CDD (BASE 65) ]
TOTAL THIS MO. 56
DPTR FM NORMAL 15 [PRESSURE DATA]
TOTAL FM JAN 1 79 HIGHEST SLP 30.49 ON 8
DPTR FM NORMAL 19 LOWEST SLP 29.56 ON 25
[REMARKS]
#FINAL-03-21#