000
CXUS54 KSHV 011300
CF6LFK
PRELIMINARY LOCAL CLIMATOLOGICAL DATA (WS FORM: F-6)
STATION: LUFKIN
MONTH: OCTOBER
YEAR: 2023
LATITUDE: 31 14 N
LONGITUDE: 94 45 W
TEMPERATURE IN F: :PCPN: SNOW: WIND :SUNSHINE: SKY :PK WND
================================================================================
1 2 3 4 5 6A 6B 7 8 9 10 11 12 13 14 15 16 17 18
12Z AVG MX 2MIN
DY MAX MIN AVG DEP HDD CDD WTR SNW DPTH SPD SPD DIR MIN PSBL S-S WX SPD DR
================================================================================
1 92 65 79 6 0 14 0.00 0.0 0 3.8 14 70 M M 1 20 80
2 90 67 79 7 0 14 0.00 0.0 0 4.9 14 90 M M 0 21 110
3 87 65 76 4 0 11 0.02 0.0 0 4.2 14 160 M M 5 19 170
4 87 76 82 10 0 17 0.09 0.0 0 7.6 15 130 M M 8 1 22 180
5 79 67 73 1 0 8 1.75 0.0 0 4.3 20 150 M M 7 13 27 290
6 84 66 75 4 0 10 0.00 0.0 0 5.4 13 20 M M 0 21 30
7 72 51 62 -9 3 0 0.00 0.0 0 6.6 15 20 M M 0 24 350
8 77 47 62 -8 3 0 0.00 0.0 0 1.3 7 210 M M 0 10 210
9 84 50 67 -3 0 2 0.00 0.0 0 4.1 13 200 M M 0 22 260
10 83 60 72 2 0 7 T 0.0 0 3.4 12 150 M M 0 16 170
11 70 60 65 -4 0 0 0.18 0.0 0 4.1 14 130 M M 7 18 100
12 75 59 67 -2 0 2 0.00 0.0 0 5.4 12 120 M M 6 1 14 110
13 86 60 73 5 0 8 0.00 0.0 0 5.3 14 160 M M 4 12 19 200
14 73 51 62 -6 3 0 0.00 0.0 0 5.5 15 310 M M 0 28 330
15 69 49 59 -9 6 0 0.00 0.0 0 6.1 17 340 M M 3 28 330
16 68 46 57 -10 8 0 0.00 0.0 0 5.3 17 360 M M 0 25 350
17 75 41 58 -9 7 0 0.00 0.0 0 0.9 8 250 M M 0 11 210
18 81 46 64 -3 1 0 0.00 0.0 0 4.9 16 190 M M 0 23 170
19 84 58 71 5 0 6 0.00 0.0 0 3.6 13 230 M M 1 18 220
20 91 54 73 7 0 8 0.00 0.0 0 2.3 12 240 M M 0 16 250
21 91 54 73 7 0 8 0.00 0.0 0 2.2 10 150 M M 0 13 150
22 86 63 75 10 0 10 0.00 0.0 0 3.7 12 160 M M 2 12 17 180
23 86 66 76 11 0 11 0.09 0.0 0 7.1 15 150 M M 5 12 23 150
24 88 70 79 15 0 14 0.00 0.0 0 10.4 23 150 M M 4 31 150
25 88 71 80 16 0 15 0.00 0.0 0 10.2 21 140 M M 4 26 160
26 84 71 78 14 0 13 1.09 0.0 0 8.2 17 170 M M 9 13 30 170
27 85 73 79 16 0 14 0.00 0.0 0 4.7 12 140 M M 7 14 140
28 87 73 80 17 0 15 0.00 0.0 0 6.3 13 150 M M 4 1 18 150
29 86 50 68 5 0 3 0.00 0.0 0 8.6 17 310 M M 9 27 320
30 50 44 47 -15 18 0 0.44 0.0 0 7.8 15 360 M M 8 1 27 350
31 60 39 50 -12 15 0 0.00 0.0 0 6.7 16 360 M M 3 25 360
================================================================================
SM 2498 1812 64 210 3.66 0.0 164.9 M 97
================================================================================
AV 80.6 58.5 5.3 FASTST M M 3 MAX(MPH)
MISC ----> 23 150 31 150
================================================================================
NOTES:
# LAST OF SEVERAL OCCURRENCES
COLUMN 17 PEAK WIND IN M.P.H.
PRELIMINARY LOCAL CLIMATOLOGICAL DATA (WS FORM: F-6) , PAGE 2
STATION: LUFKIN
MONTH: OCTOBER
YEAR: 2023
LATITUDE: 31 14 N
LONGITUDE: 94 45 W
[TEMPERATURE DATA] [PRECIPITATION DATA] SYMBOLS USED IN COLUMN 16
AVERAGE MONTHLY: 69.5 TOTAL FOR MONTH: 3.66 1 = FOG OR MIST
DPTR FM NORMAL: 2.1 DPTR FM NORMAL: -1.07 2 = FOG REDUCING VISIBILITY
HIGHEST: 92 ON 1 GRTST 24HR 1.81 ON 4- 5 TO 1/4 MILE OR LESS
LOWEST: 39 ON 31 3 = THUNDER
SNOW, ICE PELLETS, HAIL 4 = ICE PELLETS
TOTAL MONTH: 0.0 INCH 5 = HAIL
GRTST 24HR 0.0 6 = FREEZING RAIN OR DRIZZLE
GRTST DEPTH: 0 7 = DUSTSTORM OR SANDSTORM:
VSBY 1/2 MILE OR LESS
8 = SMOKE OR HAZE
[NO. OF DAYS WITH] [WEATHER - DAYS WITH] 9 = BLOWING SNOW
X = TORNADO
MAX 32 OR BELOW: 0 0.01 INCH OR MORE: 7
MAX 90 OR ABOVE: 4 0.10 INCH OR MORE: 4
MIN 32 OR BELOW: 0 0.50 INCH OR MORE: 2
MIN 0 OR BELOW: 0 1.00 INCH OR MORE: 2
[HDD (BASE 65) ]
TOTAL THIS MO. 64 CLEAR (SCALE 0-3) 17
DPTR FM NORMAL -4 PTCLDY (SCALE 4-7) 11
TOTAL FM JUL 1 64 CLOUDY (SCALE 8-10) 3
DPTR FM NORMAL -5
[CDD (BASE 65) ]
TOTAL THIS MO. 210
DPTR FM NORMAL 68 [PRESSURE DATA]
TOTAL FM JAN 1 3402 HIGHEST SLP 30.39 ON 31
DPTR FM NORMAL 920 LOWEST SLP 29.69 ON 11
[REMARKS]
#FINAL-10-23#