027
CXUS54 KFWD 010731
CF6LHB
PRELIMINARY LOCAL CLIMATOLOGICAL DATA (WS FORM: F-6)
STATION: HEARNE
MONTH: JULY
YEAR: 2020
LATITUDE: 30 52 N
LONGITUDE: 96 36 W
TEMPERATURE IN F: :PCPN: SNOW: WIND :SUNSHINE: SKY :PK WND
================================================================================
1 2 3 4 5 6A 6B 7 8 9 10 11 12 13 14 15 16 17 18
12Z AVG MX 2MIN
DY MAX MIN AVG DEP HDD CDD WTR SNW DPTH SPD SPD DIR MIN PSBL S-S WX SPD DR
================================================================================
1 96 79 88 M 0 23 0.00 0.0 0 8.7 18 190 M M 5 25 190
2 97 78 88 M 0 23 0.00 0.0 0 6.6 12 200 M M 3 1 17 160
3 99 75 87 M 0 22 0.00 0.0 0 5.0 12 190 M M 1 22 100
4 98 71 85 M 0 20 0.00 0.0 0 3.7 8 230 M M 0 M M
5 94 75 85 M 0 20 0.00 0.0 0 5.0 10 140 M M 0 M M
6 95 79 87 M 0 22 0.00 0.0 0 5.8 14 190 M M 4 18 190
7 88 75 82 M 0 17 0.07 0.0 0 5.1 10 100 M M 4 3 M M
8 99 76 88 M 0 23 0.00 0.0 0 7.3 12 200 M M 4 18 190
9 100 78 89 M 0 24 0.00 0.0 0 9.7 16 190 M M 4 21 170
10 100 77 89 M 0 24 0.00 0.0 0 5.9 13 170 M M 3 16 170
11 102 78 90 M 0 25 0.00 0.0 0 5.9 9 170 M M 1 M M
12 103 78 91 M 0 26 0.00 0.0 0 6.0 13 200 M M 1 16 200
13 104 78 91 M 0 26 0.00 0.0 0 7.4 12 160 M M 0 16 150
14 104 77 91 M 0 26 0.00 0.0 0 9.4 14 180 M M 2 20 180
15 98 80 89 M 0 24 0.00 0.0 0 8.2 13 190 M M 4 17 170
16 101 76 89 M 0 24 0.00 0.0 0 5.6 14 180 M M 1 17 180
17 101 76 89 M 0 24 0.00 0.0 0 4.7 9 150 M M 2 18 150
18 99 75 87 M 0 22 0.00 0.0 0 4.7 13 110 M M 2 18 110
19 99 73 86 M 0 21 0.00 0.0 0 3.6 10 170 M M 1 M M
20 99 74 87 M 0 22 0.00 0.0 0 4.4 10 150 M M 2 16 150
21 93 76 85 M 0 20 0.00 0.0 0 4.5 9 150 M M 6 M M
22 94 77 86 M 0 21 0.00 0.0 0 3.6 9 130 M M 6 16 150
23 100 76 88 M 0 23 0.00 0.0 0 3.1 10 80 M M 2 17 80
24 98 76 87 M 0 22 0.04 0.0 0 5.8 13 60 M M 3 20 50
25 94 76 85 M 0 20 0.23 0.0 0 5.5 14 60 M M 5 20 60
26 91 76 84 M 0 19 0.14 0.0 0 4.1 10 210 M M 5 3 M M
27 94 74 84 M 0 19 0.00 0.0 0 2.1 9 140 M M 6 1 M M
28 98 77 88 M 0 23 0.13 0.0 0 3.4 12 150 M M 5 20 150
29 97 76 87 M 0 22 0.04 0.0 0 8.5 22 170 M M 4 28 160
30 100 77 89 M 0 24 0.00 0.0 0 9.0 15 160 M M 3 22 190
31 96 78 87 M 0 22 0.07 0.0 0 5.4 16 210 M M 5 3 22 210
================================================================================
SM 3031 2367 0 693 0.72 0.0 177.7 M 94
================================================================================
AV 97.8 76.4 5.7 FASTST M M 3 MAX(MPH)
MISC ----> # 22 170 # 28 160
================================================================================
NOTES:
# LAST OF SEVERAL OCCURRENCES
COLUMN 17 PEAK WIND IN M.P.H.
PRELIMINARY LOCAL CLIMATOLOGICAL DATA (WS FORM: F-6) , PAGE 2
STATION: HEARNE
MONTH: JULY
YEAR: 2020
LATITUDE: 30 52 N
LONGITUDE: 96 36 W
[TEMPERATURE DATA] [PRECIPITATION DATA] SYMBOLS USED IN COLUMN 16
AVERAGE MONTHLY: 87.1 TOTAL FOR MONTH: 0.72 1 = FOG OR MIST
DPTR FM NORMAL: M DPTR FM NORMAL: M 2 = FOG REDUCING VISIBILITY
HIGHEST: 104 ON 14,13 GRTST 24HR 0.23 ON 25-25 TO 1/4 MILE OR LESS
LOWEST: 71 ON 4 3 = THUNDER
SNOW, ICE PELLETS, HAIL 4 = ICE PELLETS
TOTAL MONTH: 0.0 INCH 5 = HAIL
GRTST 24HR 0.0 6 = FREEZING RAIN OR DRIZZLE
GRTST DEPTH: 0 7 = DUSTSTORM OR SANDSTORM:
VSBY 1/2 MILE OR LESS
8 = SMOKE OR HAZE
[NO. OF DAYS WITH] [WEATHER - DAYS WITH] 9 = BLOWING SNOW
X = TORNADO
MAX 32 OR BELOW: 0 0.01 INCH OR MORE: 7
MAX 90 OR ABOVE: 30 0.10 INCH OR MORE: 3
MIN 32 OR BELOW: 0 0.50 INCH OR MORE: 0
MIN 0 OR BELOW: 0 1.00 INCH OR MORE: 0
[HDD (BASE 65) ]
TOTAL THIS MO. 0 CLEAR (SCALE 0-3) 16
DPTR FM NORMAL M PTCLDY (SCALE 4-7) 15
TOTAL FM JUL 1 0 CLOUDY (SCALE 8-10) 0
DPTR FM NORMAL M
[CDD (BASE 65) ]
TOTAL THIS MO. 693
DPTR FM NORMAL M [PRESSURE DATA]
TOTAL FM JAN 1 1834 HIGHEST SLP M ON M
DPTR FM NORMAL M LOWEST SLP M ON M
[REMARKS]
#FINAL-07-20#