000
CXUS55 KPUB 011310
CF6LHX
PRELIMINARY LOCAL CLIMATOLOGICAL DATA (WS FORM: F-6)
STATION: LA JUNTA CO
MONTH: OCTOBER
YEAR: 2020
LATITUDE: 38 2 N
LONGITUDE: 103 31 W
TEMPERATURE IN F: :PCPN: SNOW: WIND :SUNSHINE: SKY :PK WND
================================================================================
1 2 3 4 5 6A 6B 7 8 9 10 11 12 13 14 15 16 17 18
12Z AVG MX 2MIN
DY MAX MIN AVG DEP HDD CDD WTR SNW DPTH SPD SPD DIR MIN PSBL S-S WX SPD DR
================================================================================
1 70 43 57 -3 8 0 0.00 M M 6.8 12 90 M M 0 16 130
2 85 46 66 6 0 1 0.00 M M 8.5 26 20 M M 1 35 20
3 73 44 59 0 6 0 0.00 M M 8.8 28 20 M M 0 37 10
4 84 38 61 2 4 0 0.00 M M 5.3 14 280 M M 0 16 150
5 91 46 69 11 0 4 0.00 M M 9.7 18 270 M M 0 23 260
6 91 46 69 11 0 4 0.00 M M 7.0 13 260 M M 0 16 190
7 90 48 69 11 0 4 0.00 M M 9.0 18 270 M M 0 23 270
8 90 45 68 11 0 3 0.00 0.0 M 8.1 20 260 M M 0 24 260
9 92 51 72 15 0 7 0.00 0.0 M 7.2 20 270 M M 0 24 280
10 90 45 68 12 0 3 0.00 M M 8.2 18 130 M M 0 23 130
11 90 48 69 13 0 4 0.00 M M 18.2 47 10 M M 1 8 62 10
12 82 39 61 5 4 0 0.00 M M 7.8 16 150 M M 0 21 150
13 82 42 62 7 3 0 0.00 M M 10.7 21 130 M M 0 27 130
14 94 43 69 14 0 4 0.00 M M 11.7 36 60 M M 0 45 70
15 59 43 51 -3 14 0 0.00 M M 9.0 20 70 M M 4 28 90
16 74 31 53 -1 12 0 0.00 M M 5.4 15 260 M M 0 16 260
17 82 38 60 6 5 0 0.00 M M 10.8 28 90 M M 0 36 90
18 50 30 40 -13 25 0 0.00 M M 8.3 23 50 M M 5 1 29 50
19 58 25 42 -11 23 0 0.00 M M 6.2 18 70 M M 0 23 80
20 82 32 57 5 8 0 0.00 M M 9.3 26 70 M M 0 35 60
21 81 37 59 7 6 0 0.00 M M 7.2 20 210 M M 2 23 210
22 67 36 52 0 13 0 0.00 M M 15.0 31 40 M M 3 42 30
23 38 28 33 -18 32 0 0.00 M M 10.7 18 30 M M 8 23 30
24 61 21 41 -10 24 0 0.00 M M 12.5 25 70 M M 0 33 60
25 35 16 26 -25 39 0 T M M 15.7 25 360 M M 10 126 32 360
26 19 10 15 -35 50 0 0.02 M M 6.5 14 30 M M 7 18 20 20
27 28 3 16 -34 49 0 0.00 M M 7.6 17 220 M M 5 20 210
28 49 22 36 -14 29 0 0.00 M M 11.2 21 350 M M 7 1 28 20
29 64 33 49 0 16 0 0.00 M M 8.6 18 340 M M 0 27 340
30 68 36 52 3 13 0 0.00 M M 8.1 20 260 M M 0 8 23 260
31 76 36 56 8 9 0 0.00 0.0 0 9.9 25 50 M M 0 8 33 50
================================================================================
SM 2195 1101 392 34 0.02 0.0 289.0 M 53
================================================================================
AV 70.8 35.5 9.3 FASTST M M 2 MAX(MPH)
MISC ----> 47 10 62 10
================================================================================
NOTES:
# LAST OF SEVERAL OCCURRENCES
COLUMN 17 PEAK WIND IN M.P.H.
PRELIMINARY LOCAL CLIMATOLOGICAL DATA (WS FORM: F-6) , PAGE 2
STATION: LA JUNTA CO
MONTH: OCTOBER
YEAR: 2020
LATITUDE: 38 2 N
LONGITUDE: 103 31 W
[TEMPERATURE DATA] [PRECIPITATION DATA] SYMBOLS USED IN COLUMN 16
AVERAGE MONTHLY: 53.2 TOTAL FOR MONTH: 0.02 1 = FOG OR MIST
DPTR FM NORMAL: -0.9 DPTR FM NORMAL: -0.89 2 = FOG REDUCING VISIBILITY
HIGHEST: 94 ON 14 GRTST 24HR 0.02 ON 25-26 TO 1/4 MILE OR LESS
LOWEST: 3 ON 27 3 = THUNDER
SNOW, ICE PELLETS, HAIL 4 = ICE PELLETS
TOTAL MONTH: 0.0 INCH 5 = HAIL
GRTST 24HR 0.0 6 = FREEZING RAIN OR DRIZZLE
GRTST DEPTH: 0 7 = DUSTSTORM OR SANDSTORM:
VSBY 1/2 MILE OR LESS
8 = SMOKE OR HAZE
[NO. OF DAYS WITH] [WEATHER - DAYS WITH] 9 = BLOWING SNOW
X = TORNADO
MAX 32 OR BELOW: 2 0.01 INCH OR MORE: 1
MAX 90 OR ABOVE: 8 0.10 INCH OR MORE: 0
MIN 32 OR BELOW: 10 0.50 INCH OR MORE: 0
MIN 0 OR BELOW: 0 1.00 INCH OR MORE: 0
[HDD (BASE 65) ]
TOTAL THIS MO. 392 CLEAR (SCALE 0-3) 24
DPTR FM NORMAL 43 PTCLDY (SCALE 4-7) 6
TOTAL FM JUL 1 476 CLOUDY (SCALE 8-10) 1
DPTR FM NORMAL 54
[CDD (BASE 65) ]
TOTAL THIS MO. 34
DPTR FM NORMAL 24 [PRESSURE DATA]
TOTAL FM JAN 1 1682 HIGHEST SLP 30.49 ON 26
DPTR FM NORMAL 456 LOWEST SLP 29.44 ON 11
[REMARKS]
#FINAL-10-20#