948
CXUS54 KLZK 022257
CLSLIT
CLIMATE REPORT
NATIONAL WEATHER SERVICE LITTLE ROCK AR
457 PM CST WED DEC 02 2020
...................................
...THE LITTLE ROCK ADAMS FIELD CLIMATE SUMMARY FOR THE SEASON, FROM
9/1/2020 TO 11/30/2020...
CLIMATE NORMAL PERIOD 1981 TO 2010
CLIMATE RECORD PERIOD 1874 TO 2020
WEATHER OBSERVED NORMAL DEPART LAST YEAR`S
VALUE DATE(S) VALUE FROM VALUE DATE(S)
NORMAL
................................................................
TEMPERATURE (F)
RECORD
HIGH 106 09/01/1947
LOW 10 11/18/1880
HIGHEST 91 09/12 MM MM 99 09/06
09/10
09/09
LOWEST 31 11/30 MM MM 17 11/13
AVG. MAXIMUM 73.3 74.5 -1.2 74.6
AVG. MINIMUM 52.5 53.1 -0.6 52.5
MEAN 62.9 63.8 -0.9 63.5
DAYS MAX >= 90 7 9.6 -2.6 25
DAYS MAX <= 32 0 0.0 0.0 0
DAYS MIN <= 32 1 4.2 -3.2 14
DAYS MIN <= 0 0 0.0 0.0 0
PRECIPITATION (INCHES)
TOTALS 9.36 13.37 -4.01 12.58
DAILY AVG. 0.10 0.15 -0.05 0.14
DAYS >= .01 24 24.4 -0.4 22
DAYS >= .10 15 16.8 -1.8 15
DAYS >= .50 6 7.9 -1.9 9
DAYS >= 1.00 1 4.2 -3.2 5
GREATEST
24 HR. TOTAL 2.36 10/28 TO 10/28 2.40 10/30 TO 10/30
SNOWFALL (INCHES)
RECORDS
TOTAL 9.4 1880
24 HR TOTAL 9.4 11/17/1880 TO 11/17/1880
SNOW DEPTH 3 11/23/1971
11/09/1892
TOTALS 0.0 T 0.0 T
LIQUID EQUIV 0.00 T 0.00 T
SINCE 7/1 0.0 T 0.0 MM
LIQUID 7/1 0.00 MM MM MM
SNOWDEPTH AVG. 0 0
DAYS >= TRACE 0 0.0 0.0 1
DAYS >= 1.0 0 0.0 0.0 0
GREATEST
SNOW DEPTH 0 0 MM
24 HR TOTAL 0.0 T 11/11 TO 11/11
DEGREE DAYS
HEATING TOTAL 500 514 -14 702
SINCE 7/1 500 514 -14 702
COOLING TOTAL 332 403 -71 591
SINCE 1/1 1455 2204 -749 2248
FREEZE DATES
RECORD
EARLIEST 10/20/1989
LATEST 04/19/1983
EARLIEST 11/30
LATEST 02/27
................................................................
WIND (MPH)
AVERAGE WIND SPEED 6.3
HIGHEST WIND SPEED/DIRECTION 37/230 DATE 11/15
HIGHEST GUST SPEED/DIRECTION 52/250 DATE 11/15
SKY COVER
AVERAGE SKY COVER 0.47
NUMBER OF DAYS FAIR 33
NUMBER OF DAYS PC 35
NUMBER OF DAYS CLOUDY 23
WEATHER CONDITIONS. NUMBER OF DAYS WITH
THUNDERSTORM 6 MIXED PRECIP 0
HEAVY RAIN 8 RAIN 12
LIGHT RAIN 33 FREEZING RAIN 0
LT FREEZING RAIN 0 HAIL 0
HEAVY SNOW 0 SLEET 0
FOG 43 FOG W/VIS <= 1/4 MILE 4
HAZE 5
- INDICATES NEGATIVE NUMBERS.
R INDICATES RECORD WAS SET OR TIED.
MM INDICATES DATA IS MISSING.
T INDICATES TRACE AMOUNT.
$$
57