000
CXUS54 KLZK 011330
CF6LLQ
PRELIMINARY LOCAL CLIMATOLOGICAL DATA (WS FORM: F-6)
STATION: MONTICELLO
MONTH: NOVEMBER
YEAR: 2023
LATITUDE: 33 37 N
LONGITUDE: 91 45 W
TEMPERATURE IN F: :PCPN: SNOW: WIND :SUNSHINE: SKY :PK WND
================================================================================
1 2 3 4 5 6A 6B 7 8 9 10 11 12 13 14 15 16 17 18
12Z AVG MX 2MIN
DY MAX MIN AVG DEP HDD CDD WTR SNW DPTH SPD SPD DIR MIN PSBL S-S WX SPD DR
================================================================================
1 53 32 43 -16 22 0 0.00 0.0 0 4.1 14 50 M M 0 19 40
2 62 32 47 -11 18 0 0.00 0.0 0 2.5 10 190 M M 0 16 100
3 72 35 54 -4 11 0 0.00 0.0 0 2.3 13 230 M M 0 17 220
4 77 43 60 2 5 0 0.00 0.0 0 1.9 12 220 M M 1 16 220
5 78 49 64 7 1 0 0.00 0.0 0 1.2 7 340 M M 0 11 340
6 81 54 68 11 0 3 0.00 0.0 0 6.5 16 220 M M 1 25 220
7 84 58 71 14 0 6 0.00 0.0 0 7.0 15 230 M M 0 26 220
8 84 67 76 20 0 11 0.00 0.0 0 9.1 20 200 M M 3 34 220
9 71 51 61 5 4 0 0.21 0.0 0 5.4 15 50 M M 8 1 26 50
10 57 48 53 -3 12 0 0.41 0.0 0 6.3 13 40 M M 10 1 21 60
11 66 50 58 3 7 0 0.00 0.0 0 7.4 20 50 M M 5 25 50
12 67 47 57 2 8 0 0.00 0.0 0 2.1 9 60 M M 2 13 70
13 68 48 58 3 7 0 0.00 0.0 0 4.4 14 80 M M 0 18 70
14 72 50 61 7 4 0 0.00 0.0 0 4.4 10 60 M M 2 15 50
15 59 55 57 3 8 0 0.01 0.0 0 6.2 13 80 M M 10 1 17 80
16 66 54 60 6 5 0 0.00 0.0 0 3.3 8 80 M M 10 12 11 70
17 66 57 62 9 3 0 0.00 0.0 0 2.3 8 250 M M 9 1 12 320
18 68 42 55 2 10 0 0.00 0.0 0 3.3 16 50 M M 1 8 19 60
19 67 37 52 -1 13 0 T 0.0 0 2.2 9 100 M M 1 14 100
20 73 50 62 10 3 0 0.71 0.0 0 5.1 15 200 M M 10 1 24 160
21 58 46 52 0 13 0 0.00 0.0 0 5.6 13 300 M M 9 1 22 310
22 56 42 49 -3 16 0 0.01 0.0 0 2.4 8 330 M M 6 1 15 340
23 58 35 47 -5 18 0 0.00 0.0 0 1.9 9 230 M M 0 1 17 210
24 61 44 53 2 12 0 0.00 0.0 0 2.8 9 290 M M 7 14 20
25 60 39 50 -1 15 0 0.00 0.0 0 2.7 12 50 M M 0 15 40
26 55 35 45 -6 20 0 0.03 0.0 0 6.0 17 310 M M 5 1 28 300
27 52 29 41 -9 24 0 0.00 0.0 0 3.6 12 310 M M 0 20 270
28 59 32 46 -4 19 0 0.00 0.0 0 2.6 13 70 M M 0 18 16 60
29 65 37 51 1 14 0 0.00 0.0 0 6.8 14 210 M M 0 23 260
30 55 44 50 0 15 0 0.65 0.0 0 6.7 14 170 M M 7 1 24 140
================================================================================
SM 1970 1342 307 20 2.03 0.0 128.1 M 107
================================================================================
AV 65.7 44.7 4.3 FASTST M M 4 MAX(MPH)
MISC ----> # 20 200 34 220
================================================================================
NOTES:
# LAST OF SEVERAL OCCURRENCES
COLUMN 17 PEAK WIND IN M.P.H.
PRELIMINARY LOCAL CLIMATOLOGICAL DATA (WS FORM: F-6) , PAGE 2
STATION: MONTICELLO
MONTH: NOVEMBER
YEAR: 2023
LATITUDE: 33 37 N
LONGITUDE: 91 45 W
[TEMPERATURE DATA] [PRECIPITATION DATA] SYMBOLS USED IN COLUMN 16
AVERAGE MONTHLY: 55.2 TOTAL FOR MONTH: 2.03 1 = FOG OR MIST
DPTR FM NORMAL: 1.3 DPTR FM NORMAL: -2.22 2 = FOG REDUCING VISIBILITY
HIGHEST: 84 ON 8, 7 GRTST 24HR 0.71 ON 20-20 TO 1/4 MILE OR LESS
LOWEST: 29 ON 27 3 = THUNDER
SNOW, ICE PELLETS, HAIL 4 = ICE PELLETS
TOTAL MONTH: 0.0 INCH 5 = HAIL
GRTST 24HR 0.0 6 = FREEZING RAIN OR DRIZZLE
GRTST DEPTH: 0 7 = DUSTSTORM OR SANDSTORM:
VSBY 1/2 MILE OR LESS
8 = SMOKE OR HAZE
[NO. OF DAYS WITH] [WEATHER - DAYS WITH] 9 = BLOWING SNOW
X = TORNADO
MAX 32 OR BELOW: 0 0.01 INCH OR MORE: 7
MAX 90 OR ABOVE: 0 0.10 INCH OR MORE: 4
MIN 32 OR BELOW: 4 0.50 INCH OR MORE: 2
MIN 0 OR BELOW: 0 1.00 INCH OR MORE: 0
[HDD (BASE 65) ]
TOTAL THIS MO. 307 CLEAR (SCALE 0-3) 18
DPTR FM NORMAL -41 PTCLDY (SCALE 4-7) 6
TOTAL FM JUL 1 389 CLOUDY (SCALE 8-10) 6
DPTR FM NORMAL -75
[CDD (BASE 65) ]
TOTAL THIS MO. 20
DPTR FM NORMAL 3 [PRESSURE DATA]
TOTAL FM JAN 1 2630 HIGHEST SLP 30.53 ON 1
DPTR FM NORMAL 312 LOWEST SLP 29.72 ON 20
[REMARKS]
#FINAL-11-23#