000
CXUS55 KRIW 011010
CF6LND
PRELIMINARY LOCAL CLIMATOLOGICAL DATA (WS FORM: F-6)
STATION: LANDER WY
MONTH: JUNE
YEAR: 2021
LATITUDE: 42 49 N
LONGITUDE: 108 44 W
TEMPERATURE IN F: :PCPN: SNOW: WIND :SUNSHINE: SKY :PK WND
================================================================================
1 2 3 4 5 6A 6B 7 8 9 10 11 12 13 14 15 16 17 18
12Z AVG MX 2MIN
DY MAX MIN AVG DEP HDD CDD WTR SNW DPTH SPD SPD DIR MIN PSBL S-S WX SPD DR
================================================================================
1 76 50 63 5 2 0 0.00 0.0 0 7.0 14 240 M M 1 20 80
2 82 50 66 7 0 1 0.00 0.0 0 5.1 13 240 M M 0 17 240
3 86 52 69 10 0 4 0.00 0.0 0 3.7 14 240 M M 0 16 240
4 93 54 74 15 0 9 0.00 0.0 0 5.4 18 240 M M 0 25 280
5 91 58 75 15 0 10 T 0.0 0 8.8 23 270 M M 1 39 250
6 86 61 74 14 0 9 0.00 0.0 0 10.7 33 280 M M 0 46 290
7 90 62 76 16 0 11 0.00 0.0 0 10.4 39 250 M M 0 51 250
8 88 53 71 11 0 6 0.00 0.0 0 11.9 45 180 M M 0 59 180
9 90 50 70 9 0 5 0.00 0.0 0 7.5 26 200 M M 0 35 200
10 85 51 68 7 0 3 0.00 0.0 0 18.4 40 250 M M 0 60 260
11 76 38 57 -4 8 0 0.00 0.0 0 7.4 20 230 M M 0 27 220
12 88 46 67 5 0 2 0.00 0.0 0 6.5 17 240 M M 0 29 200
13 91 53 72 10 0 7 0.00 0.0 0 6.1 16 240 M M 0 20 250
14 97 57 77 15 0 12 0.00 0.0 0 7.8 18 230 M M 0 26 210
15 98 59 79 16 0 14 0.00 0.0 0 7.8 22 250 M M 0 37 230
16 98 58 78 15 0 13 0.00 0.0 0 8.1 20 280 M M 0 29 310
17 94 59 77 14 0 12 0.00 0.0 0 8.7 25 300 M M 0 34 270
18 90 53 72 8 0 7 0.00 0.0 0 6.5 15 240 M M 0 18 230
19 92 60 76 12 0 11 0.00 0.0 0 10.3 33 300 M M 0 46 300
20 80 52 66 2 0 1 0.03 0.0 0 7.1 28 20 M M 4 13 38 10
21 81 49 65 0 0 0 0.00 0.0 0 5.6 13 240 M M 3 17 80
22 94 51 73 8 0 8 0.00 0.0 0 7.3 30 280 M M 0 42 280
23 94 62 78 13 0 13 T 0.0 0 6.1 29 310 M M 0 41 310
24 81 57 69 3 0 4 0.10 0.0 0 6.0 23 330 M M 3 3 31 310
25 70 54 62 -4 3 0 0.55 0.0 0 4.2 28 330 M M 8 1 39 340
26 75 57 66 0 0 1 0.02 0.0 0 7.0 21 20 M M 9 27 20
27 74 53 64 -3 1 0 0.16 0.0 0 7.2 26 330 M M 7 1 38 350
28 80 55 68 1 0 3 0.00 0.0 0 5.7 15 20 M M 5 22 40
29 82 51 67 0 0 2 0.00 0.0 0 4.8 14 240 M M 0 17 350
30 86 53 70 2 0 5 0.00 0.0 0 4.0 14 230 M M 0 20 230
================================================================================
SM 2588 1618 14 173 0.86 0.0 223.1 M 41
================================================================================
AV 86.3 53.9 7.4 FASTST M M 1 MAX(MPH)
MISC ----> 45 180 60 260
================================================================================
NOTES:
# LAST OF SEVERAL OCCURRENCES
COLUMN 17 PEAK WIND IN M.P.H.
PRELIMINARY LOCAL CLIMATOLOGICAL DATA (WS FORM: F-6) , PAGE 2
STATION: LANDER WY
MONTH: JUNE
YEAR: 2021
LATITUDE: 42 49 N
LONGITUDE: 108 44 W
[TEMPERATURE DATA] [PRECIPITATION DATA] SYMBOLS USED IN COLUMN 16
AVERAGE MONTHLY: 70.1 TOTAL FOR MONTH: 0.86 1 = FOG OR MIST
DPTR FM NORMAL: 7.3 DPTR FM NORMAL: -0.22 2 = FOG REDUCING VISIBILITY
HIGHEST: 98 ON 16,15 GRTST 24HR 0.65 ON 24-25 TO 1/4 MILE OR LESS
LOWEST: 38 ON 11 3 = THUNDER
SNOW, ICE PELLETS, HAIL 4 = ICE PELLETS
TOTAL MONTH: 0.0 INCH 5 = HAIL
GRTST 24HR 0.0 6 = FREEZING RAIN OR DRIZZLE
GRTST DEPTH: 0 7 = DUSTSTORM OR SANDSTORM:
VSBY 1/2 MILE OR LESS
8 = SMOKE OR HAZE
[NO. OF DAYS WITH] [WEATHER - DAYS WITH] 9 = BLOWING SNOW
X = TORNADO
MAX 32 OR BELOW: 0 0.01 INCH OR MORE: 5
MAX 90 OR ABOVE: 13 0.10 INCH OR MORE: 3
MIN 32 OR BELOW: 0 0.50 INCH OR MORE: 1
MIN 0 OR BELOW: 0 1.00 INCH OR MORE: 0
[HDD (BASE 65) ]
TOTAL THIS MO. 14 CLEAR (SCALE 0-3) 25
DPTR FM NORMAL -110 PTCLDY (SCALE 4-7) 3
TOTAL FM JUL 1 7471 CLOUDY (SCALE 8-10) 2
DPTR FM NORMAL -241
[CDD (BASE 65) ]
TOTAL THIS MO. 173
DPTR FM NORMAL 114 [PRESSURE DATA]
TOTAL FM JAN 1 173 HIGHEST SLP 30.17 ON 28
DPTR FM NORMAL 109 LOWEST SLP 29.48 ON 7
[REMARKS]
#FINAL-06-21#