000
CXUS53 KOAX 011030
CF6LNK
PRELIMINARY LOCAL CLIMATOLOGICAL DATA (WS FORM: F-6)
STATION: LINCOLN NE
MONTH: NOVEMBER
YEAR: 2020
LATITUDE: 40 50 N
LONGITUDE: 96 45 W
TEMPERATURE IN F: :PCPN: SNOW: WIND :SUNSHINE: SKY :PK WND
================================================================================
1 2 3 4 5 6A 6B 7 8 9 10 11 12 13 14 15 16 17 18
12Z AVG MX 2MIN
DY MAX MIN AVG DEP HDD CDD WTR SNW DPTH SPD SPD DIR MIN PSBL S-S WX SPD DR
================================================================================
1 52 28 40 -7 25 0 0.00 0.0 0 6.9 21 340 M M 0 26 350
2 71 30 51 5 14 0 0.00 0.0 0 3.0 16 250 M M 0 8 21 240
3 83 32 58 12 7 0 0.00 0.0 0 8.3 23 210 M M 0 30 210
4 79 38 59 14 6 0 0.00 0.0 0 6.9 15 160 M M 0 19 170
5 78 32 55 10 10 0 0.00 0.0 0 2.7 10 50 M M 0 8 15 60
6 78 34 56 12 9 0 0.00 0.0 0 10.6 23 180 M M 0 8 30 210
7 78 58 68 24 0 3 0.00 0.0 0 20.0 33 180 M M 2 42 180
8 76 56 66 23 0 1 0.00 0.0 0 22.9 38 180 M M 1 53 180
9 68 32 50 8 15 0 0.07 0.0 0 20.0 33 180 M M 9 16 44 180
10 33 24 29 -13 36 0 0.59 T 0 11.9 22 340 M M 8 16 30 330
11 55 21 38 -3 27 0 0.00 0.0 0 7.1 22 260 M M 1 27 260
12 41 18 30 -11 35 0 0.00 0.0 0 7.4 25 340 M M 2 31 340
13 47 14 31 -9 34 0 0.00 0.0 0 10.8 28 190 M M 0 37 170
14 56 29 43 3 22 0 0.04 0.0 0 12.8 44 310 M M 2 55 320
15 52 24 38 -1 27 0 0.00 0.0 0 13.3 30 300 M M 1 41 300
16 62 20 41 2 24 0 0.00 0.0 0 6.2 28 300 M M 0 35 300
17 62 23 43 5 22 0 0.00 0.0 0 10.2 28 180 M M 1 35 180
18 71 40 56 18 9 0 0.00 0.0 0 16.2 31 210 M M 0 41 200
19 76 38 57 20 8 0 0.00 0.0 0 7.4 18 190 M M 0 26 180
20 60 34 47 11 18 0 0.00 0.0 0 7.5 15 50 M M 2 23 40
21 48 35 42 6 23 0 0.01 0.0 0 4.3 10 130 M M 6 18 14 130
22 54 22 38 3 27 0 T 0.0 0 6.5 21 310 M M 2 8 26 310
23 39 16 28 -7 37 0 0.16 T 0 10.6 23 130 M M 8 1 32 140
24 45 35 40 6 25 0 0.33 0.0 0 11.6 26 360 M M 10 1 33 360
25 39 26 33 -1 32 0 0.00 0.0 0 9.8 21 350 M M 6 27 330
26 49 26 38 5 27 0 0.00 0.0 0 8.1 20 340 M M 1 23 10
27 53 22 38 5 27 0 0.00 0.0 0 3.8 15 270 M M 3 12 22 300
28 59 28 44 12 21 0 0.00 0.0 0 8.2 22 220 M M 0 31 210
29 42 23 33 1 32 0 0.00 0.0 0 17.3 38 350 M M 0 47 350
30 45 17 31 0 34 0 0.00 0.0 0 5.8 12 230 M M 0 14 280
================================================================================
SM 1751 875 633 4 1.20 T 298.1 M 65
================================================================================
AV 58.4 29.2 9.9 FASTST M M 2 MAX(MPH)
MISC ----> 44 310 55 320
================================================================================
NOTES:
# LAST OF SEVERAL OCCURRENCES
COLUMN 17 PEAK WIND IN M.P.H.
PRELIMINARY LOCAL CLIMATOLOGICAL DATA (WS FORM: F-6) , PAGE 2
STATION: LINCOLN NE
MONTH: NOVEMBER
YEAR: 2020
LATITUDE: 40 50 N
LONGITUDE: 96 45 W
[TEMPERATURE DATA] [PRECIPITATION DATA] SYMBOLS USED IN COLUMN 16
AVERAGE MONTHLY: 43.8 TOTAL FOR MONTH: 1.20 1 = FOG OR MIST
DPTR FM NORMAL: 4.9 DPTR FM NORMAL: -0.23 2 = FOG REDUCING VISIBILITY
HIGHEST: 83 ON 3 GRTST 24HR 0.64 ON 9-10 TO 1/4 MILE OR LESS
LOWEST: 14 ON 13 3 = THUNDER
SNOW, ICE PELLETS, HAIL 4 = ICE PELLETS
TOTAL MONTH: T 5 = HAIL
GRTST 24HR T ON 10-10 6 = FREEZING RAIN OR DRIZZLE
GRTST DEPTH: 0 7 = DUSTSTORM OR SANDSTORM:
VSBY 1/2 MILE OR LESS
8 = SMOKE OR HAZE
[NO. OF DAYS WITH] [WEATHER - DAYS WITH] 9 = BLOWING SNOW
X = TORNADO
MAX 32 OR BELOW: 0 0.01 INCH OR MORE: 6
MAX 90 OR ABOVE: 0 0.10 INCH OR MORE: 3
MIN 32 OR BELOW: 21 0.50 INCH OR MORE: 1
MIN 0 OR BELOW: 0 1.00 INCH OR MORE: 0
[HDD (BASE 65) ]
TOTAL THIS MO. 633 CLEAR (SCALE 0-3) 24
DPTR FM NORMAL -149 PTCLDY (SCALE 4-7) 3
TOTAL FM JUL 1 1226 CLOUDY (SCALE 8-10) 3
DPTR FM NORMAL -36
[CDD (BASE 65) ]
TOTAL THIS MO. 4
DPTR FM NORMAL 4 [PRESSURE DATA]
TOTAL FM JAN 1 1275 HIGHEST SLP 30.60 ON 1
DPTR FM NORMAL 102 LOWEST SLP 29.43 ON 14
[REMARKS]
#FINAL-11-20#