000
CXUS53 KOAX 011517
CF6LNK
PRELIMINARY LOCAL CLIMATOLOGICAL DATA (WS FORM: F-6)
STATION: LINCOLN NE
MONTH: SEPTEMBER
YEAR: 2020
LATITUDE: 40 50 N
LONGITUDE: 96 45 W
TEMPERATURE IN F: :PCPN: SNOW: WIND :SUNSHINE: SKY :PK WND
================================================================================
1 2 3 4 5 6A 6B 7 8 9 10 11 12 13 14 15 16 17 18
12Z AVG MX 2MIN
DY MAX MIN AVG DEP HDD CDD WTR SNW DPTH SPD SPD DIR MIN PSBL S-S WX SPD DR
================================================================================
1 78 58 68 -4 0 3 0.06 0.0 0 4.9 10 120 M M 7 1 15 90
2 93 55 74 2 0 9 0.00 0.0 0 2.8 12 180 M M 0 1 15 160
3 82 51 67 -4 0 2 0.00 0.0 0 11.6 31 360 M M 0 8 41 360
4 87 46 67 -4 0 2 0.00 0.0 0 4.7 18 200 M M 0 28 210
5 97 52 75 5 0 10 0.00 0.0 0 8.7 21 210 M M 0 28 200
6 94 72 83 13 0 18 0.00 0.0 0 14.4 26 240 M M 0 39 200
7 79 51 65 -5 0 0 0.09 0.0 0 14.7 31 20 M M 4 3 44 30
8 52 44 48 -21 17 0 0.56 0.0 0 19.8 30 30 M M 10 13 41 20
9 49 43 46 -23 19 0 0.52 0.0 0 15.3 22 20 M M 10 1 31 40
10 56 46 51 -18 14 0 0.14 0.0 0 10.4 17 20 M M 10 18 21 360
11 59 53 56 -12 9 0 0.13 0.0 0 3.9 9 60 M M 10 18 10 60
12 77 50 64 -4 1 0 0.00 0.0 0 7.2 20 300 M M 6 1 30 290
13 84 46 65 -2 0 0 0.00 0.0 0 2.3 9 130 M M 0 12 130
14 80 49 65 -2 0 0 0.00 0.0 0 4.7 13 160 M M 0 18 190
15 82 51 67 1 0 2 0.00 0.0 0 7.9 21 190 M M 0 1 29 220
16 79 53 66 0 0 1 0.00 0.0 0 8.6 24 360 M M 0 18 30 20
17 73 46 60 -6 5 0 0.00 0.0 0 4.2 10 10 M M 0 11 20
18 73 50 62 -3 3 0 0.00 0.0 0 7.0 14 150 M M 3 18 150
19 78 52 65 0 0 0 0.00 0.0 0 13.2 24 160 M M 0 32 160
20 81 54 68 4 0 3 0.00 0.0 0 13.7 26 180 M M 0 34 160
21 84 50 67 3 0 2 0.00 0.0 0 10.0 21 200 M M 0 28 200
22 84 49 67 4 0 2 0.00 0.0 0 8.3 18 170 M M 0 26 170
23 82 57 70 7 0 5 0.00 0.0 0 8.0 20 180 M M 2 18 25 200
24 87 59 73 11 0 8 0.00 0.0 0 4.1 12 230 M M 0 19 200
25 92 60 76 14 0 11 0.00 0.0 0 6.8 17 180 M M 0 22 190
26 93 59 76 15 0 11 0.00 0.0 0 10.4 25 210 M M 0 32 340
27 64 48 56 -5 9 0 0.12 0.0 0 5.2 21 340 M M 5 3 27 340
28 69 42 56 -4 9 0 T 0.0 0 13.0 29 320 M M 5 38 330
29 82 40 61 1 4 0 0.00 0.0 0 6.7 21 290 M M 0 36 250
30 72 45 59 -1 6 0 0.00 0.0 0 13.8 31 350 M M 0 40 350
================================================================================
SM 2342 1531 96 89 1.62 0.0 266.3 M 72
================================================================================
AV 78.1 51.0 8.9 FASTST M M 2 MAX(MPH)
MISC ----> # 31 360 # 44 30
================================================================================
NOTES:
# LAST OF SEVERAL OCCURRENCES
COLUMN 17 PEAK WIND IN M.P.H.
PRELIMINARY LOCAL CLIMATOLOGICAL DATA (WS FORM: F-6) , PAGE 2
STATION: LINCOLN NE
MONTH: SEPTEMBER
YEAR: 2020
LATITUDE: 40 50 N
LONGITUDE: 96 45 W
[TEMPERATURE DATA] [PRECIPITATION DATA] SYMBOLS USED IN COLUMN 16
AVERAGE MONTHLY: 64.6 TOTAL FOR MONTH: 1.62 1 = FOG OR MIST
DPTR FM NORMAL: -1.4 DPTR FM NORMAL: -1.40 2 = FOG REDUCING VISIBILITY
HIGHEST: 97 ON 5 GRTST 24HR 0.56 ON 8- 8 TO 1/4 MILE OR LESS
LOWEST: 40 ON 29 3 = THUNDER
SNOW, ICE PELLETS, HAIL 4 = ICE PELLETS
TOTAL MONTH: 0.0 INCH 5 = HAIL
GRTST 24HR 0.0 6 = FREEZING RAIN OR DRIZZLE
GRTST DEPTH: 0 7 = DUSTSTORM OR SANDSTORM:
VSBY 1/2 MILE OR LESS
8 = SMOKE OR HAZE
[NO. OF DAYS WITH] [WEATHER - DAYS WITH] 9 = BLOWING SNOW
X = TORNADO
MAX 32 OR BELOW: 0 0.01 INCH OR MORE: 7
MAX 90 OR ABOVE: 5 0.10 INCH OR MORE: 5
MIN 32 OR BELOW: 0 0.50 INCH OR MORE: 2
MIN 0 OR BELOW: 0 1.00 INCH OR MORE: 0
[HDD (BASE 65) ]
TOTAL THIS MO. 96 CLEAR (SCALE 0-3) 21
DPTR FM NORMAL 4 PTCLDY (SCALE 4-7) 5
TOTAL FM JUL 1 99 CLOUDY (SCALE 8-10) 4
DPTR FM NORMAL 1
[CDD (BASE 65) ]
TOTAL THIS MO. 89
DPTR FM NORMAL -34 [PRESSURE DATA]
TOTAL FM JAN 1 1249 HIGHEST SLP 30.44 ON 10
DPTR FM NORMAL 91 LOWEST SLP 29.53 ON 26
[REMARKS]
#FINAL-09-20#