000
CXUS54 KCRP 011310
CF6LRD
PRELIMINARY LOCAL CLIMATOLOGICAL DATA (WS FORM: F-6)
STATION: LAREDO
MONTH: FEBRUARY
YEAR: 2023
LATITUDE: 27 31 N
LONGITUDE: 99 28 W
TEMPERATURE IN F: :PCPN: SNOW: WIND :SUNSHINE: SKY :PK WND
================================================================================
1 2 3 4 5 6A 6B 7 8 9 10 11 12 13 14 15 16 17 18
12Z AVG MX 2MIN
DY MAX MIN AVG DEP HDD CDD WTR SNW DPTH SPD SPD DIR MIN PSBL S-S WX SPD DR
================================================================================
1 40 37 39 -21 26 0 0.01 0.0 0 M M M M M 10 1 M M
2 53 38 46 -14 19 0 0.01 0.0 0 M M M M M 7 1 M M
3 62 36 49 -11 16 0 0.00 0.0 0 M M M M M 0 18 M M
4 69 37 53 -8 12 0 0.00 0.0 0 M M M M M 3 12 M M
5 81 45 63 2 2 0 0.00 0.0 0 M M M M M 0 12 M M
6 85 58 72 11 0 7 0.00 0.0 0 M M M M M 3 M M
7 83 65 74 13 0 9 0.00 0.0 0 M M M M M 7 M M
8 72 47 60 -1 5 0 T 0.0 0 M M M M M 6 M M
9 78 44 61 -1 4 0 0.00 0.0 0 M M M M M 3 M M
10 64 47 56 -6 9 0 0.00 0.0 0 M M M M M 3 M M
11 65 37 51 -11 14 0 0.00 0.0 0 M M M M M 1 M M
12 72 41 57 -5 8 0 0.00 0.0 0 M M M M M 0 M M
13 79 54 67 5 0 2 0.00 0.0 0 M M M M M 1 M M
14 87 58 73 11 0 8 0.00 0.0 0 M M M M M 0 M M
15 94 62 78 15 0 13 0.00 0.0 0 M M M M M 1 18 M M
16 73 52 63 0 2 0 0.00 0.0 0 M M M M M 4 M M
17 59 43 51 -12 14 0 0.00 0.0 0 M M M M M 0 M M
18 65 40 53 -10 12 0 0.00 0.0 0 M M M M M 0 M M
19 82 48 65 2 0 0 0.00 0.0 0 M M M M M 1 M M
20 87 61 74 11 0 9 0.00 0.0 0 M M M M M 3 M M
21 92 64 78 14 0 13 0.00 0.0 0 M M M M M 0 M M
22 97 66 82 18 0 17 0.00 0.0 0 M M M M M 0 1 M M
23 88 64 76 12 0 11 0.00 0.0 0 M M M M M 0 8 M M
24 87 66 77 13 0 12 0.00 0.0 0 M M M M M 8 M M
25 89 62 76 12 0 11 0.00 0.0 0 M M M M M 8 8 M M
26 89 72 81 17 0 16 0.00 0.0 0 M M M M M 6 8 M M
27 90 65 78 13 0 13 0.00 0.0 0 M M M M M 1 M M
28 97 67 82 17 0 17 0.00 0.0 0 M M M M M 2 18 M M
================================================================================
SM 2179 1476 143 158 0.02 0.0 M M 78
================================================================================
AV 77.8 52.7 M FASTST M M 3 MAX(MPH)
MISC ----> M M M M
================================================================================
NOTES:
# LAST OF SEVERAL OCCURRENCES
COLUMN 17 PEAK WIND IN M.P.H.
PRELIMINARY LOCAL CLIMATOLOGICAL DATA (WS FORM: F-6) , PAGE 2
STATION: LAREDO
MONTH: FEBRUARY
YEAR: 2023
LATITUDE: 27 31 N
LONGITUDE: 99 28 W
[TEMPERATURE DATA] [PRECIPITATION DATA] SYMBOLS USED IN COLUMN 16
AVERAGE MONTHLY: 65.3 TOTAL FOR MONTH: 0.02 1 = FOG OR MIST
DPTR FM NORMAL: 2.8 DPTR FM NORMAL: -0.81 2 = FOG REDUCING VISIBILITY
HIGHEST: 97 ON 28,22 GRTST 24HR 0.02 ON 31- 1 TO 1/4 MILE OR LESS
LOWEST: 36 ON 3 3 = THUNDER
SNOW, ICE PELLETS, HAIL 4 = ICE PELLETS
TOTAL MONTH: 0.0 INCH 5 = HAIL
GRTST 24HR 0.0 6 = FREEZING RAIN OR DRIZZLE
GRTST DEPTH: 0 7 = DUSTSTORM OR SANDSTORM:
VSBY 1/2 MILE OR LESS
8 = SMOKE OR HAZE
[NO. OF DAYS WITH] [WEATHER - DAYS WITH] 9 = BLOWING SNOW
X = TORNADO
MAX 32 OR BELOW: 0 0.01 INCH OR MORE: 2
MAX 90 OR ABOVE: 5 0.10 INCH OR MORE: 0
MIN 32 OR BELOW: 0 0.50 INCH OR MORE: 0
MIN 0 OR BELOW: 0 1.00 INCH OR MORE: 0
[HDD (BASE 65) ]
TOTAL THIS MO. 143 CLEAR (SCALE 0-3) 19
DPTR FM NORMAL 1 PTCLDY (SCALE 4-7) 8
TOTAL FM JUL 1 676 CLOUDY (SCALE 8-10) 1
DPTR FM NORMAL -67
[CDD (BASE 65) ]
TOTAL THIS MO. 158
DPTR FM NORMAL 86 [PRESSURE DATA]
TOTAL FM JAN 1 237 HIGHEST SLP 30.61 ON 3
DPTR FM NORMAL 140 LOWEST SLP 29.51 ON 22
[REMARKS]
#FINAL-02-23#