000
CXUS54 KCRP 011532
CF6LRD
PRELIMINARY LOCAL CLIMATOLOGICAL DATA (WS FORM: F-6)
STATION: LAREDO
MONTH: DECEMBER
YEAR: 2022
LATITUDE: 27 31 N
LONGITUDE: 99 28 W
TEMPERATURE IN F: :PCPN: SNOW: WIND :SUNSHINE: SKY :PK WND
================================================================================
1 2 3 4 5 6A 6B 7 8 9 10 11 12 13 14 15 16 17 18
12Z AVG MX 2MIN
DY MAX MIN AVG DEP HDD CDD WTR SNW DPTH SPD SPD DIR MIN PSBL S-S WX SPD DR
================================================================================
1 54 50 52 -10 13 0 0.01 0.0 0 M M M M M 10 1 M M
2 67 50 59 -3 6 0 T 0.0 0 M M M M M 10 1 M M
3 70 62 66 5 0 1 0.03 0.0 0 M M M M M 10 1 M M
4 63 57 60 -1 5 0 0.03 0.0 0 M M M M M 10 12 M M
5 72 62 67 6 0 2 0.02 0.0 0 M M M M M 8 12 M M
6 78 61 70 9 0 5 0.00 0.0 0 M M M M M 7 12 M M
7 83 70 77 17 0 12 0.00 0.0 0 M M M M M 8 1 M M
8 83 68 76 16 0 11 0.00 0.0 0 M M M M M 7 1 M M
9 82 67 75 15 0 10 0.00 0.0 0 M M M M M 7 18 M M
10 81 69 75 15 0 10 0.00 0.0 0 M M M M M 7 M M
11 76 67 72 13 0 7 0.00 0.0 0 M M M M M 8 M M
12 79 69 74 15 0 9 0.00 0.0 0 M M M M M 6 1 M M
13 80 64 72 13 0 7 0.00 0.0 0 M M M M M 5 M M
14 73 48 61 2 4 0 0.00 0.0 0 M M M M M 2 M M
15 75 44 60 2 5 0 0.00 0.0 0 M M M M M 0 M M
16 75 51 63 5 2 0 0.00 0.0 0 M M M M M 2 M M
17 59 46 53 -5 12 0 0.00 0.0 0 M M M M M 7 M M
18 57 44 51 -7 14 0 0.01 0.0 0 M M M M M 9 1 M M
19 60 47 54 -4 11 0 0.07 0.0 0 M M M M M 10 1 M M
20 68 52 60 2 5 0 0.00 0.0 0 M M M M M 6 1 M M
21 60 50 55 -2 10 0 0.00 0.0 0 M M M M M 9 M M
22 73 32 53 -4 12 0 0.00 0.0 0 M M M M M 7 M M
23 33 27 30 -27 35 0 0.00 0.0 0 M M M M M 10 M M
24 43 29 36 -21 29 0 0.00 0.0 0 M M M M M 5 M M
25 53 25 39 -18 26 0 0.00 0.0 0 M M M M M 0 M M
26 68 33 51 -5 14 0 0.00 0.0 0 M M M M M 2 M M
27 70 35 53 -3 12 0 0.00 0.0 0 M M M M M 0 M M
28 81 47 64 8 1 0 0.00 0.0 0 M M M M M 0 M M
29 70 55 63 7 2 0 0.00 0.0 0 M M M M M 4 18 M M
30 77 53 65 9 0 0 0.00 0.0 0 M M M M M 1 1 M M
31 83 46 65 9 0 0 0.00 0.0 0 M M M M M 0 M M
================================================================================
SM 2146 1580 218 74 0.17 0.0 M M 177
================================================================================
AV 69.2 51.0 M FASTST M M 6 MAX(MPH)
MISC ----> M M M M
================================================================================
NOTES:
# LAST OF SEVERAL OCCURRENCES
COLUMN 17 PEAK WIND IN M.P.H.
PRELIMINARY LOCAL CLIMATOLOGICAL DATA (WS FORM: F-6) , PAGE 2
STATION: LAREDO
MONTH: DECEMBER
YEAR: 2022
LATITUDE: 27 31 N
LONGITUDE: 99 28 W
[TEMPERATURE DATA] [PRECIPITATION DATA] SYMBOLS USED IN COLUMN 16
AVERAGE MONTHLY: 60.1 TOTAL FOR MONTH: 0.17 1 = FOG OR MIST
DPTR FM NORMAL: 1.5 DPTR FM NORMAL: -0.90 2 = FOG REDUCING VISIBILITY
HIGHEST: 83 ON 31, 8 GRTST 24HR 0.07 ON 19-19 TO 1/4 MILE OR LESS
LOWEST: 25 ON 25 3 = THUNDER
SNOW, ICE PELLETS, HAIL 4 = ICE PELLETS
TOTAL MONTH: 0.0 INCH 5 = HAIL
GRTST 24HR 0.0 6 = FREEZING RAIN OR DRIZZLE
GRTST DEPTH: 0 7 = DUSTSTORM OR SANDSTORM:
VSBY 1/2 MILE OR LESS
8 = SMOKE OR HAZE
[NO. OF DAYS WITH] [WEATHER - DAYS WITH] 9 = BLOWING SNOW
X = TORNADO
MAX 32 OR BELOW: 0 0.01 INCH OR MORE: 6
MAX 90 OR ABOVE: 0 0.10 INCH OR MORE: 0
MIN 32 OR BELOW: 4 0.50 INCH OR MORE: 0
MIN 0 OR BELOW: 0 1.00 INCH OR MORE: 0
[HDD (BASE 65) ]
TOTAL THIS MO. 218 CLEAR (SCALE 0-3) 9
DPTR FM NORMAL -17 PTCLDY (SCALE 4-7) 14
TOTAL FM JUL 1 405 CLOUDY (SCALE 8-10) 8
DPTR FM NORMAL 62
[CDD (BASE 65) ]
TOTAL THIS MO. 74
DPTR FM NORMAL 38 [PRESSURE DATA]
TOTAL FM JAN 1 4828 HIGHEST SLP 30.77 ON 23
DPTR FM NORMAL 487 LOWEST SLP 29.62 ON 13
[REMARKS]
#FINAL-12-22#