000
CXUS54 KCRP 022143 RRA
CLMLRD
SATCLMLRD 000
TTAA00 CRP 022138
CLIMATE REPORT
NATIONAL WEATHER SERVICE CORPUS CHRISTI TX
321 PM CST FRI FEB 02 2024
...................................
...THE LAREDO CLIMATE SUMMARY FOR THE MONTH OF JANUARY 2024...
CLIMATE NORMAL PERIOD 1991 TO 2020
CLIMATE RECORD PERIOD 1900 TO 2024
WEATHER OBSERVED NORMAL DEPART LAST YEAR`S
VALUE DATE(S) VALUE FROM VALUE DATE(S)
NORMAL
................................................................
TEMPERATURE (F)
RECORD
HIGH 98 01/17/1936
01/18/1914
LOW 15 01/12/1909
HIGHEST 88 01/08 69 19 89 01/02
01/11
LOWEST 24 01/16 43 -19 38 01/26
01/17
01/31
AVG. MAXIMUM 67.0 68.4 -1.4 75.1
AVG. MINIMUM 43.6 46.5 -2.9 51.2
MEAN 55.3 57.5 -2.2 63.2
DAYS MAX >= 90 0 0.3 -0.3 0
DAYS MAX <= 32 0 0.0 0.0 0
DAYS MIN <= 32 3 1.3 1.7 0
DAYS MIN <= 0 0 0.0 0.0 0
PRECIPITATION (INCHES)
RECORD
MAXIMUM 5.25 1958
MINIMUM 0.00 1914
1912
1909
TOTALS 0.44 0.90 -0.46 0.31
DAILY AVG. 0.01 0.03 -0.02 0.01
DAYS >= .01 6 MM MM 3
DAYS >= .10 1 MM MM 1
DAYS >= .50 0 MM MM 0
DAYS >= 1.00 0 MM MM 0
GREATEST
24 HR. TOTAL 0.25 01/22 TO 01/22 0.29 01/23 TO 01/24
STORM TOTAL MM 0.27
(MM/DD(HH)) MM
SNOWFALL (INCHES)
RECORDS
TOTAL MM MM
24 HR TOTAL MM
TOTALS T MM MM 0.0
SINCE 7/1 T MM MM MM
SNOWDEPTH AVG. 0 0
DAYS >= 1.0 0 MM MM
GREATEST
SNOW DEPTH 0 0
24 HR TOTAL T 01/15 TO 01/15 0.0
DEGREE DAYS
HEATING TOTAL 302 262 40 128
SINCE 7/1 545 608 -63 MM
COOLING TOTAL 8 28 -20 79
SINCE 1/1 8 28 -20 MM
................................................................
WIND (MPH)
AVERAGE WIND SPEED MM
HIGHEST WIND SPEED/DIRECTION MM DATE MM
HIGHEST GUST SPEED/DIRECTION MM DATE MM
SKY COVER
AVERAGE SKY COVER 0.35
AVERAGE RH (PERCENT) 61
WEATHER CONDITIONS. NUMBER OF DAYS WITH
THUNDERSTORM 0 MIXED PRECIP 0
HEAVY RAIN 0 RAIN 2
LIGHT RAIN 9 FREEZING RAIN 0
LT FREEZING RAIN 1 HAIL 0
HEAVY SNOW 0 SNOW 0
LIGHT SNOW 0 SLEET 1
FOG 11 FOG W/VIS <= 1/4 MILE 4
HAZE 6
- INDICATES NEGATIVE NUMBERS.
R INDICATES RECORD WAS SET OR TIED.
MM INDICATES DATA IS MISSING.
T INDICATES TRACE AMOUNT.
$$
EMF