000
CXUS53 KARX 011000
CF6LSE
PRELIMINARY LOCAL CLIMATOLOGICAL DATA (WS FORM: F-6)
STATION: LA CROSSE WI
MONTH: NOVEMBER
YEAR: 2023
LATITUDE: 43 52 N
LONGITUDE: 91 15 W
TEMPERATURE IN F: :PCPN: SNOW: WIND :SUNSHINE: SKY :PK WND
================================================================================
1 2 3 4 5 6A 6B 7 8 9 10 11 12 13 14 15 16 17 18
12Z AVG MX 2MIN
DY MAX MIN AVG DEP HDD CDD WTR SNW DPTH SPD SPD DIR MIN PSBL S-S WX SPD DR
================================================================================
1 37 22 30 -15 35 0 0.00 0.0 0 8.2 17 180 M M 3 23 200
2 50 27 39 -5 26 0 0.00 0.0 0 6.4 13 170 M M 0 16 170
3 54 36 45 1 20 0 0.00 0.0 0 6.5 10 180 M M 5 M M
4 54 28 41 -2 24 0 0.00 0.0 0 3.8 9 340 M M 0 1 M M
5 58 34 46 3 19 0 T 0.0 0 11.0 29 180 M M 4 40 180
6 65 45 55 13 10 0 0.00 0.0 0 13.5 28 300 M M 6 37 280
7 50 42 46 4 19 0 0.00 0.0 0 7.3 17 120 M M 6 25 120
8 49 41 45 4 20 0 T 0.0 0 6.0 28 300 M M 8 18 36 310
9 53 33 43 2 22 0 0.00 0.0 0 11.8 25 280 M M 1 35 260
10 43 37 40 0 25 0 0.00 0.0 0 8.9 18 310 M M 9 25 310
11 46 33 40 0 25 0 0.00 0.0 0 8.2 17 140 M M 10 M M
12 62 44 53 14 12 0 0.00 0.0 0 14.2 26 210 M M 2 34 220
13 59 33 46 7 19 0 0.00 0.0 0 5.3 15 330 M M 0 19 330
14 64 32 48 10 17 0 0.00 0.0 0 13.2 22 180 M M 0 31 180
15 64 38 51 13 14 0 0.00 0.0 0 4.3 17 210 M M 1 24 210
16 68 39 54 17 11 0 T 0.0 0 15.9 31 200 M M 1 44 200
17 47 28 38 1 27 0 0.00 0.0 0 6.6 25 330 M M 0 36 330
18 56 30 43 7 22 0 0.00 0.0 0 4.1 10 170 M M 0 12 170
19 55 26 41 5 24 0 0.00 0.0 0 3.1 9 120 M M 0 13 100
20 48 38 43 7 22 0 0.00 0.0 0 5.8 14 50 M M 8 19 50
21 49 31 40 5 25 0 0.00 0.0 0 11.2 21 320 M M 7 27 300
22 47 26 37 3 28 0 0.00 0.0 0 7.8 16 190 M M 0 22 190
23 39 20 30 -4 35 0 0.00 0.0 0 11.5 20 340 M M 0 26 330
24 31 15 23 -11 42 0 0.00 0.0 0 7.4 15 340 M M 0 19 340
25 33 23 28 -5 37 0 0.02 0.3 0 3.7 13 200 M M 8 18 16 190
26 31 22 27 -6 38 0 0.11 1.5 1 10.8 31 310 M M 9 18 41 310
27 24 17 21 -11 44 0 0.01 T 2 15.0 23 290 M M 8 29 310
28 24 7 16 -16 49 0 T T 1 9.7 20 190 M M 3 26 200
29 47 20 34 3 31 0 0.00 0.0 1 8.0 14 180 M M 0 17 180
30 47 21 34 3 31 0 0.00 0.0 T 6.2 14 310 M M 0 19 170
================================================================================
SM 1454 888 773 0 0.14 1.8 255.4 M 99
================================================================================
AV 48.5 29.6 8.5 FASTST M M 3 MAX(MPH)
MISC ----> # 31 200 44 200
================================================================================
NOTES:
# LAST OF SEVERAL OCCURRENCES
COLUMN 17 PEAK WIND IN M.P.H.
PRELIMINARY LOCAL CLIMATOLOGICAL DATA (WS FORM: F-6) , PAGE 2
STATION: LA CROSSE WI
MONTH: NOVEMBER
YEAR: 2023
LATITUDE: 43 52 N
LONGITUDE: 91 15 W
[TEMPERATURE DATA] [PRECIPITATION DATA] SYMBOLS USED IN COLUMN 16
AVERAGE MONTHLY: 39.0 TOTAL FOR MONTH: 0.14 1 = FOG OR MIST
DPTR FM NORMAL: 1.4 DPTR FM NORMAL: -1.71 2 = FOG REDUCING VISIBILITY
HIGHEST: 68 ON 16 GRTST 24HR 0.13 ON 25-26 TO 1/4 MILE OR LESS
LOWEST: 7 ON 28 3 = THUNDER
SNOW, ICE PELLETS, HAIL 4 = ICE PELLETS
TOTAL MONTH: 2.9 INCHES 5 = HAIL
GRTST 24HR 1.5 ON 26-26 6 = FREEZING RAIN OR DRIZZLE
GRTST DEPTH: 2 ON 27 7 = DUSTSTORM OR SANDSTORM:
VSBY 1/2 MILE OR LESS
8 = SMOKE OR HAZE
[NO. OF DAYS WITH] [WEATHER - DAYS WITH] 9 = BLOWING SNOW
X = TORNADO
MAX 32 OR BELOW: 4 0.01 INCH OR MORE: 3
MAX 90 OR ABOVE: 0 0.10 INCH OR MORE: 1
MIN 32 OR BELOW: 17 0.50 INCH OR MORE: 0
MIN 0 OR BELOW: 0 1.00 INCH OR MORE: 0
[HDD (BASE 65) ]
TOTAL THIS MO. 773 CLEAR (SCALE 0-3) 18
DPTR FM NORMAL -48 PTCLDY (SCALE 4-7) 9
TOTAL FM JUL 1 1191 CLOUDY (SCALE 8-10) 3
DPTR FM NORMAL -167
[CDD (BASE 65) ]
TOTAL THIS MO. 0
DPTR FM NORMAL 0 [PRESSURE DATA]
TOTAL FM JAN 1 1052 HIGHEST SLP 30.69 ON 24
DPTR FM NORMAL 110 LOWEST SLP 29.54 ON 6
[REMARKS]
#FINAL-11-23#