000
CXUS53 KARX 010733
CLSLSE
CLIMATE REPORT
NATIONAL WEATHER SERVICE LA CROSSE WI
233 AM CDT WED SEP 01 2021
...................................
...THE LA CROSSE WI CLIMATE SUMMARY FOR THE SEASON, FROM
6/1/2021 TO 8/31/2021...
CLIMATE NORMAL PERIOD 1991 TO 2020
CLIMATE RECORD PERIOD 1872 TO 2021
WEATHER OBSERVED NORMAL DEPART LAST YEAR`S
VALUE DATE(S) VALUE FROM VALUE DATE(S)
NORMAL
................................................................
TEMPERATURE (F)
RECORD
HIGH 108 07/13/1995
07/14/1936
LOW 33 06/01/1897
HIGHEST 99 06/05 97 08/26
06/10
LOWEST 49 06/22 50 08/04
06/14
AVG. MAXIMUM 86.1 83.5 2.6 85.9
AVG. MINIMUM 64.6 62.4 2.2 63.5
MEAN 75.4 72.9 2.5 74.7
DAYS MAX >= 90 28 14.8 13.2 28
DAYS MAX <= 32 0 0.0 0.0 0
DAYS MIN <= 32 0 0.0 0.0 0
DAYS MIN <= 0 0 0.0 0.0 0
PRECIPITATION (INCHES)
RECORD
MAXIMUM 20.93 2010
MINIMUM 3.01 1894
TOTALS 22.29 13.21 9.08 12.93
DAYS >= .01 31 31.3 -0.3 30
DAYS >= .10 20 21.1 -1.1 16
DAYS >= .50 10 9.5 0.5 10
DAYS >= 1.00 8 3.5 4.5 3
GREATEST
24 HR. TOTAL 5.74 0MM07 TO 08/08 1.98
SNOWFALL (INCHES)
RECORDS
TOTAL 0.0 2020
SNOW DEPTH 0 08/31/2020
TOTALS 0.0 0.0 0.0 0.0
SNOWDEPTH AVG. 0 0
DAYS >= TRACE 0 0.0 0.0 0
DAYS >= 1.0 0 0.0 0.0 0
GREATEST
SNOW DEPTH 0 0 MM
DEGREE DAYS
HEATING TOTAL 5 35 -30 5
COOLING TOTAL 970 765 205 923
................................................................
WIND (MPH)
AVERAGE WIND SPEED 6.7
HIGHEST WIND SPEED/DIRECTION 33/340 DATE 06/17
HIGHEST GUST SPEED/DIRECTION 47/330 DATE 06/17
AVERAGE RH (PERCENT) 67
WEATHER CONDITIONS. NUMBER OF DAYS WITH
THUNDERSTORM 20 MIXED PRECIP 0
HEAVY RAIN 13 RAIN 15
LIGHT RAIN 35 FREEZING RAIN 0
LT FREEZING RAIN 0 HAIL 0
HEAVY SNOW 0 SNOW 0
LIGHT SNOW 0 SLEET 0
FOG 42 FOG W/VIS <= 1/4 MILE 4
HAZE 17
- INDICATES NEGATIVE NUMBERS.
R INDICATES RECORD WAS SET OR TIED.
MM INDICATES DATA IS MISSING.
T INDICATES TRACE AMOUNT.
$$