000
CXUS54 KFWD 010730
CF6LUD
PRELIMINARY LOCAL CLIMATOLOGICAL DATA (WS FORM: F-6)
STATION: DECATUR
MONTH: OCTOBER
YEAR: 2023
LATITUDE: 33 15 N
LONGITUDE: 97 30 W
TEMPERATURE IN F: :PCPN: SNOW: WIND :SUNSHINE: SKY :PK WND
================================================================================
1 2 3 4 5 6A 6B 7 8 9 10 11 12 13 14 15 16 17 18
12Z AVG MX 2MIN
DY MAX MIN AVG DEP HDD CDD WTR SNW DPTH SPD SPD DIR MIN PSBL S-S WX SPD DR
================================================================================
1 90 65 78 9 0 13 0.00 M M 4.7 9 110 M M 0 M M
2 91 67 79 11 0 14 0.00 M M 5.9 14 150 M M 0 17 140
3 89 68 79 11 0 14 0.00 M M 8.9 18 160 M M 1 24 160
4 93 68 81 13 0 16 1.44 M M 10.3 18 30 M M 6 29 190
5 82 68 75 8 0 10 0.05 M M 4.1 12 10 M M 5 1 17 10
6 85 61 73 6 0 8 0.00 M M 5.7 14 30 M M 0 23 40
7 69 51 60 -7 5 0 0.00 M M 5.5 12 60 M M 1 18 20
8 80 54 67 1 0 2 0.00 M M 4.9 12 170 M M 0 16 190
9 88 62 75 9 0 10 0.00 M M 8.3 13 160 M M 0 17 170
10 83 66 75 9 0 10 0.00 M M 9.9 16 150 M M 0 22 150
11 74 65 70 4 0 5 0.00 M M 12.2 17 150 M M 7 26 140
12 82 64 73 8 0 8 0.00 M M 13.6 18 150 M M 5 26 150
13 75 60 68 3 0 3 0.00 M M 9.2 16 170 M M 1 22 330
14 68 50 59 -6 6 0 0.00 M M 6.4 12 320 M M 0 18 310
15 65 46 56 -8 9 0 0.00 M M 6.3 13 360 M M 1 23 360
16 65 45 55 -9 10 0 0.00 M M 4.3 9 320 M M 0 17 360
17 M M M M M M M M M M M M M M 0 M M
18 M M M M M M M M M M M M M M M M M
19 84 52 68 5 0 3 0.00 M M 4.0 8 320 M M 0 M M
20 91 62 77 14 0 12 0.00 M M 4.7 8 250 M M 0 M M
21 91 68 80 17 0 15 0.00 M M 7.2 12 180 M M 0 8 17 180
22 86 64 75 13 0 10 0.00 M M 6.4 10 170 M M 0 M M
23 78 66 72 10 0 7 0.55 M M 9.3 14 140 M M 5 1 22 170
24 73 66 70 8 0 5 0.56 M M 12.4 20 170 M M 8 1 25 170
25 76 66 71 10 0 6 1.61 M M 9.2 15 170 M M 9 1 20 170
26 82 67 75 14 0 10 0.21 M M 8.8 15 160 M M 5 22 160
27 83 58 71 10 0 6 0.17 M M 7.6 14 190 M M 7 1 21 180
28 58 50 54 -6 11 0 1.41 M M 4.0 9 50 M M 10 1 M M
29 49 36 43 -17 22 0 0.63 M M 9.2 14 360 M M 10 1 22 360
30 49 33 41 -19 24 0 0.04 M M 8.3 14 10 M M 1 23 20
31 59 32 46 -14 19 0 0.00 M M 4.5 9 340 M M 0 16 320
================================================================================
SM 2238 1680 106 187 6.67 M 215.7 M 82
================================================================================
AV 77.2 57.9 7.4 FASTST M M 3 MAX(MPH)
MISC ----> 20 170 29 190
================================================================================
NOTES:
# LAST OF SEVERAL OCCURRENCES
COLUMN 17 PEAK WIND IN M.P.H.
PRELIMINARY LOCAL CLIMATOLOGICAL DATA (WS FORM: F-6) , PAGE 2
STATION: DECATUR
MONTH: OCTOBER
YEAR: 2023
LATITUDE: 33 15 N
LONGITUDE: 97 30 W
[TEMPERATURE DATA] [PRECIPITATION DATA] SYMBOLS USED IN COLUMN 16
AVERAGE MONTHLY: 67.6 TOTAL FOR MONTH: 6.67 1 = FOG OR MIST
DPTR FM NORMAL: 3.5 DPTR FM NORMAL: 2.18 2 = FOG REDUCING VISIBILITY
HIGHEST: 93 ON 4 GRTST 24HR 1.61 ON 25-25 TO 1/4 MILE OR LESS
LOWEST: 32 ON 31 3 = THUNDER
SNOW, ICE PELLETS, HAIL 4 = ICE PELLETS
TOTAL MONTH: M 5 = HAIL
GRTST 24HR M ON M 6 = FREEZING RAIN OR DRIZZLE
GRTST DEPTH: M ON M 7 = DUSTSTORM OR SANDSTORM:
VSBY 1/2 MILE OR LESS
8 = SMOKE OR HAZE
[NO. OF DAYS WITH] [WEATHER - DAYS WITH] 9 = BLOWING SNOW
X = TORNADO
MAX 32 OR BELOW: 0 0.01 INCH OR MORE: 10
MAX 90 OR ABOVE: 5 0.10 INCH OR MORE: 8
MIN 32 OR BELOW: 1 0.50 INCH OR MORE: 6
MIN 0 OR BELOW: 0 1.00 INCH OR MORE: 3
[HDD (BASE 65) ]
TOTAL THIS MO. 106 CLEAR (SCALE 0-3) 19
DPTR FM NORMAL -3 PTCLDY (SCALE 4-7) 7
TOTAL FM JUL 1 106 CLOUDY (SCALE 8-10) 5
DPTR FM NORMAL -17
[CDD (BASE 65) ]
TOTAL THIS MO. 187
DPTR FM NORMAL 107 [PRESSURE DATA]
TOTAL FM JAN 1 3205 HIGHEST SLP M ON M
DPTR FM NORMAL 1119 LOWEST SLP M ON M
[REMARKS]
#FINAL-10-23#