000
CXUS54 KHGX 011410
CF6LVJ
PRELIMINARY LOCAL CLIMATOLOGICAL DATA (WS FORM: F-6)
STATION: HOUSTON/CLOVER_FIELD
MONTH: JUNE
YEAR: 2022
LATITUDE: 29 31 N
LONGITUDE: 95 14 W
TEMPERATURE IN F: :PCPN: SNOW: WIND :SUNSHINE: SKY :PK WND
================================================================================
1 2 3 4 5 6A 6B 7 8 9 10 11 12 13 14 15 16 17 18
12Z AVG MX 2MIN
DY MAX MIN AVG DEP HDD CDD WTR SNW DPTH SPD SPD DIR MIN PSBL S-S WX SPD DR
================================================================================
1 91 77 84 2 0 19 T 0.0 0 7.1 16 170 M M 2 24 130
2 93 74 84 2 0 19 0.00 0.0 0 4.1 16 20 M M 3 3 22 30
3 90 72 81 -1 0 16 0.00 0.0 0 5.8 15 30 M M 2 22 30
4 90 72 81 -1 0 16 T 0.0 0 3.1 22 80 M M 3 31 90
5 92 72 82 0 0 17 0.00 0.0 0 5.2 15 150 M M 2 1 21 170
6 90 76 83 1 0 18 0.00 0.0 0 8.8 18 140 M M 3 27 150
7 92 77 85 2 0 20 0.00 0.0 0 8.4 17 180 M M 3 26 170
8 95 77 86 3 0 21 0.00 0.0 0 7.5 17 180 M M 2 26 160
9 96 77 87 4 0 22 0.00 0.0 0 4.4 16 150 M M 2 25 120
10 96 76 86 3 0 21 0.00 0.0 0 5.4 17 180 M M 1 1 25 190
11 97 77 87 4 0 22 0.00 0.0 0 5.5 15 180 M M 2 1 22 180
12 97 78 88 5 0 23 0.00 0.0 0 7.5 16 180 M M 1 8 25 190
13 95 79 87 4 0 22 0.00 0.0 0 9.0 18 180 M M 1 18 29 190
14 93 81 87 3 0 22 0.00 0.0 0 9.8 20 140 M M 4 8 29 160
15 94 79 87 3 0 22 0.00 0.0 0 7.7 17 170 M M 2 18 26 160
16 97 76 87 3 0 22 0.00 0.0 0 4.6 14 160 M M 3 18 20 170
17 96 76 86 2 0 21 T 0.0 0 3.9 15 140 M M 1 18 21 150
18 97 76 87 3 0 22 0.00 0.0 0 3.0 15 140 M M 2 19 140
19 99 76 88 4 0 23 0.00 0.0 0 4.0 14 130 M M 0 20 140
20 100 77 89 5 0 24 0.00 0.0 0 4.6 15 150 M M 1 21 140
21 96 78 87 3 0 22 0.31 0.0 0 4.4 17 130 M M 2 1 25 170
22 95 77 86 2 0 21 0.00 0.0 0 3.9 15 160 M M 1 22 190
23 99 75 87 3 0 22 0.00 0.0 0 4.8 15 140 M M 0 21 140
24 97 76 87 3 0 22 0.00 0.0 0 4.9 16 160 M M 1 25 170
25 98 73 86 2 0 21 0.00 0.0 0 4.0 15 170 M M 0 1 23 140
26 99 74 87 3 0 22 0.00 0.0 0 3.5 15 170 M M 1 20 170
27 97 76 87 3 0 22 0.11 0.0 0 4.9 22 120 M M 2 13 29 120
28 93 78 86 2 0 21 T 0.0 0 6.1 16 100 M M 2 8 23 20
29 93 75 84 0 0 19 T 0.0 0 6.7 17 100 M M 1 3 25 100
30 81 76 79 -5 0 14 0.10 0.0 0 5.5 14 110 M M 6 18 21 90
================================================================================
SM 2838 2283 0 618 0.52 0.0 168.1 M 56
================================================================================
AV 94.6 76.1 5.6 FASTST M M 2 MAX(MPH)
MISC ----> # 22 80 31 90
================================================================================
NOTES:
# LAST OF SEVERAL OCCURRENCES
COLUMN 17 PEAK WIND IN M.P.H.
PRELIMINARY LOCAL CLIMATOLOGICAL DATA (WS FORM: F-6) , PAGE 2
STATION: HOUSTON/CLOVER_FIELD
MONTH: JUNE
YEAR: 2022
LATITUDE: 29 31 N
LONGITUDE: 95 14 W
[TEMPERATURE DATA] [PRECIPITATION DATA] SYMBOLS USED IN COLUMN 16
AVERAGE MONTHLY: 85.4 TOTAL FOR MONTH: 0.52 1 = FOG OR MIST
DPTR FM NORMAL: 2.0 DPTR FM NORMAL: -4.69 2 = FOG REDUCING VISIBILITY
HIGHEST: 100 ON 20 GRTST 24HR 0.31 ON 21-21 TO 1/4 MILE OR LESS
LOWEST: 72 ON 5, 4 3 = THUNDER
SNOW, ICE PELLETS, HAIL 4 = ICE PELLETS
TOTAL MONTH: 0.0 INCH 5 = HAIL
GRTST 24HR 0.0 6 = FREEZING RAIN OR DRIZZLE
GRTST DEPTH: 0 7 = DUSTSTORM OR SANDSTORM:
VSBY 1/2 MILE OR LESS
8 = SMOKE OR HAZE
[NO. OF DAYS WITH] [WEATHER - DAYS WITH] 9 = BLOWING SNOW
X = TORNADO
MAX 32 OR BELOW: 0 0.01 INCH OR MORE: 3
MAX 90 OR ABOVE: 29 0.10 INCH OR MORE: 3
MIN 32 OR BELOW: 0 0.50 INCH OR MORE: 0
MIN 0 OR BELOW: 0 1.00 INCH OR MORE: 0
[HDD (BASE 65) ]
TOTAL THIS MO. 0 CLEAR (SCALE 0-3) 28
DPTR FM NORMAL 0 PTCLDY (SCALE 4-7) 2
TOTAL FM JUL 1 1003 CLOUDY (SCALE 8-10) 0
DPTR FM NORMAL -69
[CDD (BASE 65) ]
TOTAL THIS MO. 618
DPTR FM NORMAL 68 [PRESSURE DATA]
TOTAL FM JAN 1 1463 HIGHEST SLP 30.15 ON 21
DPTR FM NORMAL 174 LOWEST SLP 29.73 ON 6
[REMARKS]
#FINAL-06-22#