000
CXUS55 KBYZ 011000
CF6LVM
PRELIMINARY LOCAL CLIMATOLOGICAL DATA (WS FORM: F-6)
STATION: LIVINGSTON MT
MONTH: JULY
YEAR: 2021
LATITUDE: 45 41 N
LONGITUDE: 110 26 W
TEMPERATURE IN F: :PCPN: SNOW: WIND :SUNSHINE: SKY :PK WND
================================================================================
1 2 3 4 5 6A 6B 7 8 9 10 11 12 13 14 15 16 17 18
12Z AVG MX 2MIN
DY MAX MIN AVG DEP HDD CDD WTR SNW DPTH SPD SPD DIR MIN PSBL S-S WX SPD DR
================================================================================
1 97 51 74 10 0 9 0.00 M M 7.8 23 150 M M 0 28 150
2 96 57 77 13 0 12 0.00 M M 11.6 31 210 M M 0 36 210
3 99 56 78 13 0 13 T M M 9.8 29 200 M M 1 3 39 210
4 92 62 77 12 0 12 0.07 M M 9.4 52 240 M M 2 3 63 240
5 74 53 64 -1 1 0 0.15 M M 10.3 31 140 M M 3 38 140
6 96 47 72 6 0 7 0.00 M M 6.8 25 290 M M 0 33 290
7 96 50 73 7 0 8 0.08 M M 8.5 40 260 M M 1 3 55 260
8 92 51 72 6 0 7 0.00 M M 13.7 31 280 M M 0 40 280
9 86 50 68 1 0 3 0.00 M M 6.1 38 290 M M 0 3 47 280
10 92 40 66 -1 0 1 0.00 M M 5.9 20 250 M M 0 8 25 200
11 96 49 73 6 0 8 0.00 M M 9.3 23 310 M M 0 8 29 300
12 87 48 68 0 0 3 0.00 M M 15.4 28 60 M M 0 34 70
13 77 58 68 0 0 3 0.00 M M 13.0 29 320 M M 0 37 320
14 89 45 67 -1 0 2 0.00 M M 6.4 15 70 M M 0 18 70
15 95 48 72 4 0 7 T M M 8.0 40 260 M M 1 3 60 260
16 92 63 78 9 0 13 T M M 12.2 36 280 M M 1 38 58 270
17 96 50 73 4 0 8 0.00 M M 7.7 24 170 M M 0 30 160
18 101 58 80 11 0 15 0.00 M M 6.6 17 270 M M 0 23 280
19 102 54 78 9 0 13 T M M 8.1 24 210 M M 2 29 230
20 90 64 77 8 0 12 0.17 M M 11.2 29 250 M M 4 3 36 250
21 91 61 76 6 0 11 0.00 M M 13.1 39 250 M M 1 3 51 250
22 95 60 78 8 0 13 0.22 M M 10.0 29 300 M M 2 3 38 290
23 91 53 72 2 0 7 T M M 11.8 24 280 M M 0 32 280
24 94 44 69 -1 0 4 0.00 M M 4.3 10 330 M M 0 16 320
25 97 45 71 1 0 6 0.00 M M 7.4 23 250 M M 2 8 28 240
26 98 50 74 4 0 9 0.00 M M 5.6 15 320 M M 0 8 18 330
27 98 52 75 5 0 10 0.00 M M 8.1 24 200 M M 0 8 33 200
28 90 71 81 11 0 16 T M M 16.7 28 70 M M 1 8 36 50
29 89 62 76 6 0 11 0.26 M M 7.5 24 230 M M 4 138 30 220
30 94 56 75 5 0 10 0.00 M M 11.3 24 60 M M 1 18 30 50
31 93 58 76 6 0 11 0.00 M M 11.1 28 60 M M 1 33 120
================================================================================
SM 2875 1666 1 264 0.95 M 294.7 M 27
================================================================================
AV 92.7 53.7 9.5 FASTST M M 1 MAX(MPH)
MISC ----> 52 240 63 240
================================================================================
NOTES:
# LAST OF SEVERAL OCCURRENCES
COLUMN 17 PEAK WIND IN M.P.H.
PRELIMINARY LOCAL CLIMATOLOGICAL DATA (WS FORM: F-6) , PAGE 2
STATION: LIVINGSTON MT
MONTH: JULY
YEAR: 2021
LATITUDE: 45 41 N
LONGITUDE: 110 26 W
[TEMPERATURE DATA] [PRECIPITATION DATA] SYMBOLS USED IN COLUMN 16
AVERAGE MONTHLY: 73.2 TOTAL FOR MONTH: 0.95 1 = FOG OR MIST
DPTR FM NORMAL: 5.3 DPTR FM NORMAL: -0.36 2 = FOG REDUCING VISIBILITY
HIGHEST: 102 ON 19 GRTST 24HR 0.26 ON 29-29 TO 1/4 MILE OR LESS
LOWEST: 40 ON 10 3 = THUNDER
SNOW, ICE PELLETS, HAIL 4 = ICE PELLETS
TOTAL MONTH: M 5 = HAIL
GRTST 24HR M ON M 6 = FREEZING RAIN OR DRIZZLE
GRTST DEPTH: M ON M 7 = DUSTSTORM OR SANDSTORM:
VSBY 1/2 MILE OR LESS
8 = SMOKE OR HAZE
[NO. OF DAYS WITH] [WEATHER - DAYS WITH] 9 = BLOWING SNOW
X = TORNADO
MAX 32 OR BELOW: 0 0.01 INCH OR MORE: 6
MAX 90 OR ABOVE: 25 0.10 INCH OR MORE: 4
MIN 32 OR BELOW: 0 0.50 INCH OR MORE: 0
MIN 0 OR BELOW: 0 1.00 INCH OR MORE: 0
[HDD (BASE 65) ]
TOTAL THIS MO. 1 CLEAR (SCALE 0-3) 29
DPTR FM NORMAL -38 PTCLDY (SCALE 4-7) 2
TOTAL FM JUL 1 1 CLOUDY (SCALE 8-10) 0
DPTR FM NORMAL -36
[CDD (BASE 65) ]
TOTAL THIS MO. 264
DPTR FM NORMAL 134 [PRESSURE DATA]
TOTAL FM JAN 1 352 HIGHEST SLP 30.23 ON 10
DPTR FM NORMAL 199 LOWEST SLP 29.72 ON 15
[REMARKS]
#FINAL-07-21#