589
CXUS55 KBYZ 011000
CF6LVM
PRELIMINARY LOCAL CLIMATOLOGICAL DATA (WS FORM: F-6)
STATION: LIVINGSTON MT
MONTH: SEPTEMBER
YEAR: 2020
LATITUDE: 45 41 N
LONGITUDE: 110 26 W
TEMPERATURE IN F: :PCPN: SNOW: WIND :SUNSHINE: SKY :PK WND
================================================================================
1 2 3 4 5 6A 6B 7 8 9 10 11 12 13 14 15 16 17 18
12Z AVG MX 2MIN
DY MAX MIN AVG DEP HDD CDD WTR SNW DPTH SPD SPD DIR MIN PSBL S-S WX SPD DR
================================================================================
1 81 51 66 5 0 1 0.00 M M 25.5 38 240 M M 1 50 240
2 91 45 68 7 0 3 0.00 M M 24.2 49 230 M M 0 63 230
3 88 38 63 3 2 0 0.00 M M 11.9 30 240 M M 0 38 250
4 93 42 68 8 0 3 0.00 M M 6.3 16 230 M M 0 22 230
5 102 51 77 17 0 12 0.00 M M 13.1 38 240 M M 0 8 47 250
6 88 45 67 8 0 2 0.00 M M 11.6 26 70 M M 0 33 240
7 55 36 46 -13 19 0 0.22 M M 17.6 28 110 M M 8 1 36 110
8 51 28 40 -19 25 0 T M M 7.6 16 90 M M 4 21 80
9 70 26 48 -10 17 0 0.00 M M 5.4 15 320 M M 1 18 320
10 75 29 52 -6 13 0 0.00 M M 5.6 17 60 M M 0 23 60
11 82 36 59 1 6 0 0.00 M M 10.3 23 240 M M 0 36 280
12 87 38 63 6 2 0 0.00 M M 9.3 22 250 M M 0 29 240
13 79 43 61 4 4 0 0.00 M M 10.0 21 320 M M 1 26 320
14 94 42 68 12 0 3 0.00 M M 11.0 32 200 M M 2 8 38 190
15 87 48 68 12 0 3 0.00 M M 11.7 22 320 M M 4 8 30 270
16 73 40 57 1 8 0 0.00 M M 4.3 12 130 M M 6 18 14 120
17 78 37 58 3 7 0 0.00 M M 9.1 21 70 M M 1 18 25 80
18 79 37 58 3 7 0 0.00 M M 5.6 15 80 M M 0 18 17 80
19 69 52 61 7 4 0 0.02 M M 14.7 35 260 M M 5 8 43 260
20 69 46 58 4 7 0 0.00 M M 18.8 35 220 M M 5 42 220
21 82 39 61 7 4 0 0.00 M M 11.8 26 230 M M 0 33 230
22 85 39 62 9 3 0 T M M 5.8 28 290 M M 1 34 250
23 83 42 63 10 2 0 0.00 M M 12.1 37 210 M M 0 48 210
24 85 53 69 17 0 4 0.00 M M 22.1 39 210 M M 2 50 210
25 67 42 55 3 10 0 T M M 16.5 32 220 M M 5 40 230
26 64 48 56 4 9 0 0.01 M M 20.5 37 260 M M 7 45 270
27 61 37 49 -2 16 0 0.06 M M 15.0 28 240 M M 6 1 33 230
28 69 30 50 -1 15 0 0.00 M M 16.5 30 270 M M 0 36 270
29 80 42 61 10 4 0 0.00 M M 17.4 31 250 M M 0 42 220
30 70 34 52 2 13 0 0.00 M M 7.4 21 80 M M 0 25 80
================================================================================
SM 2337 1216 197 31 0.31 M 378.7 M 59
================================================================================
AV 77.9 40.5 12.6 FASTST M M 2 MAX(MPH)
MISC ----> 49 230 63 230
================================================================================
NOTES:
# LAST OF SEVERAL OCCURRENCES
COLUMN 17 PEAK WIND IN M.P.H.
PRELIMINARY LOCAL CLIMATOLOGICAL DATA (WS FORM: F-6) , PAGE 2
STATION: LIVINGSTON MT
MONTH: SEPTEMBER
YEAR: 2020
LATITUDE: 45 41 N
LONGITUDE: 110 26 W
[TEMPERATURE DATA] [PRECIPITATION DATA] SYMBOLS USED IN COLUMN 16
AVERAGE MONTHLY: 59.2 TOTAL FOR MONTH: 0.31 1 = FOG OR MIST
DPTR FM NORMAL: 3.4 DPTR FM NORMAL: -0.90 2 = FOG REDUCING VISIBILITY
HIGHEST: 102 ON 5 GRTST 24HR 0.22 ON 7- 7 TO 1/4 MILE OR LESS
LOWEST: 26 ON 9 3 = THUNDER
SNOW, ICE PELLETS, HAIL 4 = ICE PELLETS
TOTAL MONTH: M 5 = HAIL
GRTST 24HR M ON M 6 = FREEZING RAIN OR DRIZZLE
GRTST DEPTH: M ON M 7 = DUSTSTORM OR SANDSTORM:
VSBY 1/2 MILE OR LESS
8 = SMOKE OR HAZE
[NO. OF DAYS WITH] [WEATHER - DAYS WITH] 9 = BLOWING SNOW
X = TORNADO
MAX 32 OR BELOW: 0 0.01 INCH OR MORE: 4
MAX 90 OR ABOVE: 4 0.10 INCH OR MORE: 1
MIN 32 OR BELOW: 4 0.50 INCH OR MORE: 0
MIN 0 OR BELOW: 0 1.00 INCH OR MORE: 0
[HDD (BASE 65) ]
TOTAL THIS MO. 197 CLEAR (SCALE 0-3) 21
DPTR FM NORMAL -94 PTCLDY (SCALE 4-7) 9
TOTAL FM JUL 1 260 CLOUDY (SCALE 8-10) 0
DPTR FM NORMAL -147
[CDD (BASE 65) ]
TOTAL THIS MO. 31
DPTR FM NORMAL 17 [PRESSURE DATA]
TOTAL FM JAN 1 336 HIGHEST SLP 30.58 ON 8
DPTR FM NORMAL 107 LOWEST SLP 29.57 ON 24
[REMARKS]
#FINAL-09-20#