000
CXUS56 KOTX 011627
CF6LWS
PRELIMINARY LOCAL CLIMATOLOGICAL DATA (WS FORM: F-6)
STATION: LEWISTON ID AIRPORT
MONTH: NOVEMBER
YEAR: 2023
LATITUDE: 46 22 N
LONGITUDE: 117 1 W
TEMPERATURE IN F: :PCPN: SNOW: WIND :SUNSHINE: SKY :PK WND
================================================================================
1 2 3 4 5 6A 6B 7 8 9 10 11 12 13 14 15 16 17 18
12Z AVG MX 2MIN
DY MAX MIN AVG DEP HDD CDD WTR SNW DPTH SPD SPD DIR MIN PSBL S-S WX SPD DR
================================================================================
1 46 33 40 -6 25 0 0.05 0.0 0 1.3 6 120 M M 6 18 8 120
2 60 43 52 6 13 0 0.33 0.0 0 11.9 31 180 M M 9 1 39 190
3 63 45 54 9 11 0 0.00 0.0 0 4.7 12 90 M M 4 1 15 80
4 61 50 56 11 9 0 0.68 0.0 0 8.8 23 190 M M 9 29 200
5 60 47 54 9 11 0 0.08 0.0 0 4.5 13 90 M M 5 8 16 80
6 52 46 49 5 16 0 0.29 0.0 0 5.9 14 280 M M 9 123 17 280
7 54 43 49 5 16 0 0.05 0.0 0 5.9 21 250 M M 9 1 27 250
8 52 36 44 0 21 0 0.00 0.0 0 2.5 8 190 M M 0 10 300
9 51 33 42 -1 23 0 0.00 0.0 0 4.7 14 90 M M 0 18 17 90
10 56 37 47 4 18 0 T 0.0 0 4.5 10 60 M M 6 12 60
11 60 44 52 9 13 0 T 0.0 0 8.6 33 210 M M 6 44 200
12 57 41 49 7 16 0 0.00 0.0 0 4.1 13 80 M M 0 16 90
13 56 38 47 5 18 0 T 0.0 0 4.1 18 320 M M 2 23 310
14 53 37 45 3 20 0 T 0.0 0 3.3 10 80 M M 5 1 14 80
15 50 40 45 3 20 0 0.22 0.0 0 1.9 10 300 M M 8 18 13 310
16 46 33 40 -1 25 0 0.00 0.0 0 3.3 9 290 M M 5 11 290
17 43 30 37 -4 28 0 0.00 0.0 0 1.1 6 50 M M 7 12 8 100
18 42 38 40 -1 25 0 0.00 0.0 0 2.7 9 190 M M 10 1 15 80
19 51 40 46 5 19 0 0.05 0.0 0 8.0 22 250 M M 8 1 26 250
20 50 32 41 1 24 0 0.00 0.0 0 3.6 14 70 M M 1 18 80
21 54 35 45 5 20 0 0.00 0.0 0 8.0 24 120 M M 0 30 120
22 50 42 46 6 19 0 0.01 0.0 0 1.8 9 60 M M 10 1 12 60
23 43 31 37 -3 28 0 T T 0 4.3 12 290 M M 8 12 16 280
24 35 27 31 -8 34 0 0.00 0.0 0 1.3 7 200 M M 5 12 8 270
25 36 24 30 -9 35 0 0.00 0.0 0 2.3 10 190 M M 6 12 12 190
26 32 25 29 -10 36 0 0.00 0.0 0 2.1 8 110 M M 10 18 10 110
27 41 25 33 -5 32 0 0.00 0.0 0 2.5 8 130 M M 4 1 14 150
28 38 22 30 -8 35 0 0.00 0.0 0 3.5 10 250 M M 3 12 12 260
29 29 25 27 -11 38 0 T T 0 3.1 9 260 M M 10 12 260
30 32 28 30 -8 35 0 0.00 T 0 0.8 6 70 M M 10 10 90
================================================================================
SM 1453 1070 683 0 1.76 T 125.1 M 175
================================================================================
AV 48.4 35.7 4.2 FASTST M M 6 MAX(MPH)
MISC ----> 33 210 44 200
================================================================================
NOTES:
# LAST OF SEVERAL OCCURRENCES
COLUMN 17 PEAK WIND IN M.P.H.
PRELIMINARY LOCAL CLIMATOLOGICAL DATA (WS FORM: F-6) , PAGE 2
STATION: LEWISTON ID AIRPORT
MONTH: NOVEMBER
YEAR: 2023
LATITUDE: 46 22 N
LONGITUDE: 117 1 W
[TEMPERATURE DATA] [PRECIPITATION DATA] SYMBOLS USED IN COLUMN 16
AVERAGE MONTHLY: 42.1 TOTAL FOR MONTH: 1.76 1 = FOG OR MIST
DPTR FM NORMAL: 0.5 DPTR FM NORMAL: 0.53 2 = FOG REDUCING VISIBILITY
HIGHEST: 63 ON 3 GRTST 24HR 0.76 ON 4- 5 TO 1/4 MILE OR LESS
LOWEST: 22 ON 28 3 = THUNDER
SNOW, ICE PELLETS, HAIL 4 = ICE PELLETS
TOTAL MONTH: T 5 = HAIL
GRTST 24HR T ON 23-23 6 = FREEZING RAIN OR DRIZZLE
GRTST DEPTH: 0 7 = DUSTSTORM OR SANDSTORM:
VSBY 1/2 MILE OR LESS
8 = SMOKE OR HAZE
[NO. OF DAYS WITH] [WEATHER - DAYS WITH] 9 = BLOWING SNOW
X = TORNADO
MAX 32 OR BELOW: 3 0.01 INCH OR MORE: 9
MAX 90 OR ABOVE: 0 0.10 INCH OR MORE: 4
MIN 32 OR BELOW: 10 0.50 INCH OR MORE: 1
MIN 0 OR BELOW: 0 1.00 INCH OR MORE: 0
[HDD (BASE 65) ]
TOTAL THIS MO. 683 CLEAR (SCALE 0-3) 7
DPTR FM NORMAL -19 PTCLDY (SCALE 4-7) 13
TOTAL FM JUL 1 1062 CLOUDY (SCALE 8-10) 10
DPTR FM NORMAL -118
[CDD (BASE 65) ]
TOTAL THIS MO. 0
DPTR FM NORMAL 0 [PRESSURE DATA]
TOTAL FM JAN 1 1321 HIGHEST SLP 30.66 ON 20
DPTR FM NORMAL 409 LOWEST SLP 29.60 ON 6
[REMARKS]
#FINAL-11-23#