000
CXUS53 KILX 011731
CLMLWV
CLIMATE REPORT
NATIONAL WEATHER SERVICE LINCOLN IL
1131 AM CST FRI DEC 01 2023
...................................
...THE LAWRENCEVILLE IL AIRPORT CLIMATE SUMMARY FOR THE MONTH OF NOVEMBER 2023...
CLIMATE NORMAL PERIOD 1991 TO 2020
CLIMATE RECORD PERIOD 9999 TO 9999
WEATHER OBSERVED NORMAL DEPART LAST YEAR`S
VALUE DATE(S) VALUE FROM VALUE
NORMAL
..............................................................
TEMPERATURE (F)
RECORD
HIGH MM MM
LOW 17 11/19/2022
HIGHEST 84 11/08 MM MM 77
LOWEST 20 11/28 MM MM 17
11/29
AVG. MAXIMUM 61.9 54.6 7.3 55.6
AVG. MINIMUM 36.2 35.1 1.1 34.4
MEAN 49.0 44.8 4.2 45.0
DAYS MAX >= 90 0 0.0 0.0 0
DAYS MAX <= 32 0 0.5 -0.5 0
DAYS MIN <= 32 11 12.6 -1.6 16
DAYS MIN <= 0 0 0.0 0.0 0
PRECIPITATION (INCHES)
RECORD
MAXIMUM 4.01 2020
MINIMUM 0.68 2023
TOTALS 0.68R 3.44 -2.76 1.55
DAILY AVG. 0.02 0.11 -0.09 0.05
DAYS >= .01 4 8.8 -4.8 7
DAYS >= .10 3 5.5 -2.5 5
DAYS >= .50 0 2.4 -2.4 1
DAYS >= 1.00 0 0.7 -0.7 0
GREATEST
24 HR. TOTAL 0.32 11/20 TO 11/21 0.63
DEGREE DAYS
HEATING TOTAL 482 606 -124 593
SINCE 7/1 692 905 -213 MM
COOLING TOTAL 11 1 10 0
SINCE 1/1 1445 1379 66 MM
..............................................................
WIND (MPH)
AVERAGE WIND SPEED 8.1
HIGHEST WIND SPEED/DIRECTION 33/110 DATE 11/20
HIGHEST GUST SPEED/DIRECTION 40/110 DATE 11/20
AVERAGE RH (PERCENT) 64
WEATHER CONDITIONS. NUMBER OF DAYS WITH
THUNDERSTORM 0 MIXED PRECIP 0
HEAVY RAIN 0 RAIN 3
LIGHT RAIN 5 FREEZING RAIN 0
LT FREEZING RAIN 0 HAIL 0
HEAVY SNOW 0 SNOW 0
LIGHT SNOW 0 SLEET 0
FOG 10 FOG W/VIS <= 1/4 MILE 0
HAZE 9
- INDICATES NEGATIVE NUMBERS.
R INDICATES RECORD WAS SET OR TIED.
MM INDICATES DATA IS MISSING.
T INDICATES TRACE AMOUNT.
$$