714
CXUS53 KGID 011456
CF6LXN
PRELIMINARY LOCAL CLIMATOLOGICAL DATA (WS FORM: F-6)
STATION: LEXINGTON
MONTH: MARCH
YEAR: 2020
LATITUDE: 40 47 N
LONGITUDE: 99 46 W
TEMPERATURE IN F: :PCPN: SNOW: WIND :SUNSHINE: SKY :PK WND
================================================================================
1 2 3 4 5 6A 6B 7 8 9 10 11 12 13 14 15 16 17 18
12Z AVG MX 2MIN
DY MAX MIN AVG DEP HDD CDD WTR SNW DPTH SPD SPD DIR MIN PSBL S-S WX SPD DR
================================================================================
1 54 30 42 M 23 0 0.00 M M 11.9 20 10 M M 0 27 20
2 50 19 35 M 30 0 M M M 9.4 18 220 M M 5 1 31 220
3 62 27 45 M 20 0 0.00 M M 13.2 28 260 M M 2 39 260
4 66 26 46 M 19 0 0.00 M M 13.8 25 200 M M 0 37 220
5 52 24 38 M 27 0 0.00 M M 15.9 31 320 M M 0 38 320
6 60 19 40 M 25 0 0.00 M M 11.7 22 170 M M 0 29 180
7 73 34 54 M 11 0 0.00 M M 14.5 25 200 M M 0 30 200
8 75 40 58 M 7 0 0.02 M M 11.6 24 30 M M 1 31 30
9 44 29 37 M 28 0 0.24 M M 10.9 18 30 M M 8 1 25 30
10 59 30 45 M 20 0 0.00 M M 6.5 13 230 M M 7 12 20 190
11 72 33 53 M 12 0 0.00 M M 9.1 20 250 M M 4 2 28 250
12 58 28 43 M 22 0 0.00 M M 14.3 27 350 M M 3 33 350
13 39 26 33 M 32 0 M M M 9.4 17 110 M M 10 24 110
14 32 29 31 M 34 0 M M M 13.2 18 90 M M 10 1 22 100
15 33 30 32 M 33 0 M M M 10.4 14 170 M M 10 1 17 140
16 43 33 38 M 27 0 T M M 6.9 15 10 M M 10 1 M M
17 39 33 36 M 29 0 0.00 M M 8.8 18 170 M M 10 1 M M
18 49 39 44 M 21 0 0.01 M M 6.3 13 90 M M 10 12 M M
19 47 24 36 M 29 0 M M M 18.8 36 20 M M 10 123 45 20
20 28 13 21 M 44 0 0.00 M M 12.7 30 360 M M 1 36 360
21 51 19 35 M 30 0 0.00 M M 11.5 18 200 M M 0 24 200
22 55 32 44 M 21 0 0.07 M M 8.3 16 180 M M 1 18 180
23 55 33 44 M 21 0 0.00 M M 5.8 14 130 M M 6 12 M M
24 70 32 51 M 14 0 0.00 M M 5.8 14 280 M M 3 12 20 280
25 71 35 53 M 12 0 0.00 M M 10.4 21 320 M M 2 25 320
26 46 38 42 M 23 0 0.00 M M 10.7 18 60 M M 10 1 22 40
27 47 41 44 M 21 0 0.21 M M 7.5 13 50 M M 10 13 M M
28 44 38 41 M 24 0 0.51 M M 13.0 27 330 M M 8 1 36 330
29 61 33 47 M 18 0 0.00 M M 6.9 16 270 M M 1 20 270
30 62 34 48 M 17 0 0.08 M M 7.3 18 140 M M 7 27 140
31 69 40 55 M 10 0 0.02 M M 9.6 17 200 M M 6 22 200
================================================================================
SM 1666 941 704 0 M M 326.1 M 155
================================================================================
AV 53.7 30.4 10.5 FASTST M M 5 MAX(MPH)
MISC ----> # 36 20 # M M
================================================================================
NOTES:
# LAST OF SEVERAL OCCURRENCES
COLUMN 17 PEAK WIND IN M.P.H.
PRELIMINARY LOCAL CLIMATOLOGICAL DATA (WS FORM: F-6) , PAGE 2
STATION: LEXINGTON
MONTH: MARCH
YEAR: 2020
LATITUDE: 40 47 N
LONGITUDE: 99 46 W
[TEMPERATURE DATA] [PRECIPITATION DATA] SYMBOLS USED IN COLUMN 16
AVERAGE MONTHLY: 42.1 TOTAL FOR MONTH: M 1 = FOG OR MIST
DPTR FM NORMAL: M DPTR FM NORMAL: M 2 = FOG REDUCING VISIBILITY
HIGHEST: 75 ON 8 GRTST 24HR M TO 1/4 MILE OR LESS
LOWEST: 13 ON 20 3 = THUNDER
SNOW, ICE PELLETS, HAIL 4 = ICE PELLETS
TOTAL MONTH: M 5 = HAIL
GRTST 24HR M ON M 6 = FREEZING RAIN OR DRIZZLE
GRTST DEPTH: M ON M 7 = DUSTSTORM OR SANDSTORM:
VSBY 1/2 MILE OR LESS
8 = SMOKE OR HAZE
[NO. OF DAYS WITH] [WEATHER - DAYS WITH] 9 = BLOWING SNOW
X = TORNADO
MAX 32 OR BELOW: 2 0.01 INCH OR MORE: M
MAX 90 OR ABOVE: 0 0.10 INCH OR MORE: M
MIN 32 OR BELOW: 17 0.50 INCH OR MORE: M
MIN 0 OR BELOW: 0 1.00 INCH OR MORE: M
[HDD (BASE 65) ]
TOTAL THIS MO. 704 CLEAR (SCALE 0-3) 13
DPTR FM NORMAL M PTCLDY (SCALE 4-7) 9
TOTAL FM JUL 1 5342 CLOUDY (SCALE 8-10) 9
DPTR FM NORMAL M
[CDD (BASE 65) ]
TOTAL THIS MO. 0
DPTR FM NORMAL M [PRESSURE DATA]
TOTAL FM JAN 1 0 HIGHEST SLP M ON M
DPTR FM NORMAL M LOWEST SLP M ON M
[REMARKS]
#FINAL-03-20#