000
CXUS51 KRNK 011503
CF6LYH
PRELIMINARY LOCAL CLIMATOLOGICAL DATA (WS FORM: F-6)
STATION: LYNCHBURG VA
MONTH: JUNE
YEAR: 2023
LATITUDE: 37 19 N
LONGITUDE: 79 12 W
TEMPERATURE IN F: :PCPN: SNOW: WIND :SUNSHINE: SKY :PK WND
================================================================================
1 2 3 4 5 6A 6B 7 8 9 10 11 12 13 14 15 16 17 18
12Z AVG MX 2MIN
DY MAX MIN AVG DEP HDD CDD WTR SNW DPTH SPD SPD DIR MIN PSBL S-S WX SPD DR
================================================================================
1 81 55 68 0 0 3 0.00 0.0 0 4.4 14 40 M M 1 19 40
2 86 52 69 1 0 4 0.00 0.0 0 4.7 17 40 M M 0 24 50
3 87 56 72 3 0 7 0.02 0.0 0 5.7 17 40 M M 1 3 27 80
4 68 53 61 -8 4 0 0.00 0.0 0 5.7 14 40 M M 9 18 70
5 81 49 65 -4 0 0 0.00 0.0 0 1.7 9 260 M M 2 12 13 260
6 80 53 67 -3 0 2 0.00 0.0 0 3.3 10 30 M M 1 8 14 20
7 77 58 68 -2 0 3 0.03 0.0 0 3.7 12 260 M M 2 1 17 210
8 77 48 63 -7 2 0 0.00 0.0 0 3.1 10 10 M M 1 1 14 20
9 78 46 62 -8 3 0 0.00 0.0 0 2.3 9 270 M M 1 14 270
10 83 48 66 -5 0 1 0.00 0.0 0 3.1 14 200 M M 0 1 19 200
11 85 55 70 -1 0 5 0.00 0.0 0 7.1 18 180 M M 2 23 210
12 80 53 67 -4 0 2 0.30 0.0 0 6.9 15 300 M M 6 13 25 300
13 80 51 66 -6 0 1 0.00 0.0 0 3.6 15 220 M M 1 22 240
14 80 53 67 -5 0 2 T 0.0 0 4.3 17 260 M M 5 31 260
15 83 57 70 -2 0 5 0.00 0.0 0 2.3 10 190 M M 4 14 210
16 88 58 73 1 0 8 0.00 0.0 0 3.7 17 300 M M 0 138 28 320
17 84 55 70 -2 0 5 0.00 0.0 0 2.7 9 280 M M 1 14 10
18 85 52 69 -4 0 4 0.00 0.0 0 2.3 12 210 M M 0 22 270
19 79 62 71 -2 0 6 0.99 0.0 0 3.0 17 180 M M 7 138 23 180
20 77 66 72 -1 0 7 0.10 0.0 0 10.0 20 50 M M 10 1 28 40
21 67 59 63 -10 2 0 0.68 0.0 0 16.1 28 30 M M 10 1 37 40
22 64 58 61 -13 4 0 1.20 0.0 0 9.8 20 40 M M 10 1 27 50
23 82 63 73 -1 0 8 0.53 0.0 0 3.1 16 200 M M 9 123 19 200
24 83 63 73 -1 0 8 0.37 0.0 0 2.6 10 300 M M 7 12 17 300
25 88 61 75 1 0 10 0.00 0.0 0 2.1 13 190 M M 1 1 16 210
26 89 66 78 4 0 13 0.04 0.0 M 6.0 18 190 M M 1 13 23 180
27 82 63 73 -2 0 8 0.03 0.0 0 5.7 16 280 M M 4 25 230
28 85 59 72 -3 0 7 0.00 0.0 0 3.3 12 280 M M 1 18 17 320
29 84 60 72 -3 0 7 0.00 0.0 0 1.8 8 160 M M 1 18 26 60
30 84 66 75 0 0 10 0.04 0.0 0 1.7 9 160 M M 5 18 13 150
================================================================================
SM 2427 1698 15 136 4.33 0.0 135.8 M 103
================================================================================
AV 80.9 56.6 4.5 FASTST M M 3 MAX(MPH)
MISC ----> 28 30 37 40
================================================================================
NOTES:
# LAST OF SEVERAL OCCURRENCES
COLUMN 17 PEAK WIND IN M.P.H.
PRELIMINARY LOCAL CLIMATOLOGICAL DATA (WS FORM: F-6) , PAGE 2
STATION: LYNCHBURG VA
MONTH: JUNE
YEAR: 2023
LATITUDE: 37 19 N
LONGITUDE: 79 12 W
[TEMPERATURE DATA] [PRECIPITATION DATA] SYMBOLS USED IN COLUMN 16
AVERAGE MONTHLY: 68.8 TOTAL FOR MONTH: 4.33 1 = FOG OR MIST
DPTR FM NORMAL: -3.2 DPTR FM NORMAL: 0.51 2 = FOG REDUCING VISIBILITY
HIGHEST: 89 ON 26 GRTST 24HR 1.21 ON 21-22 TO 1/4 MILE OR LESS
LOWEST: 46 ON 9 3 = THUNDER
SNOW, ICE PELLETS, HAIL 4 = ICE PELLETS
TOTAL MONTH: 0.0 INCH 5 = HAIL
GRTST 24HR 0.0 6 = FREEZING RAIN OR DRIZZLE
GRTST DEPTH: 0 7 = DUSTSTORM OR SANDSTORM:
VSBY 1/2 MILE OR LESS
8 = SMOKE OR HAZE
[NO. OF DAYS WITH] [WEATHER - DAYS WITH] 9 = BLOWING SNOW
X = TORNADO
MAX 32 OR BELOW: 0 0.01 INCH OR MORE: 12
MAX 90 OR ABOVE: 0 0.10 INCH OR MORE: 7
MIN 32 OR BELOW: 0 0.50 INCH OR MORE: 4
MIN 0 OR BELOW: 0 1.00 INCH OR MORE: 1
[HDD (BASE 65) ]
TOTAL THIS MO. 15 CLEAR (SCALE 0-3) 18
DPTR FM NORMAL 3 PTCLDY (SCALE 4-7) 7
TOTAL FM JUL 1 3407 CLOUDY (SCALE 8-10) 5
DPTR FM NORMAL -884
[CDD (BASE 65) ]
TOTAL THIS MO. 136
DPTR FM NORMAL -85 [PRESSURE DATA]
TOTAL FM JAN 1 221 HIGHEST SLP 30.13 ON 1
DPTR FM NORMAL -102 LOWEST SLP 29.61 ON 26
[REMARKS]
#FINAL-06-23#