000
CXUS54 KMAF 012312
CF6MAF
PRELIMINARY LOCAL CLIMATOLOGICAL DATA (WS FORM: F-6)
STATION: MIDLAND INTERNATIONAL AIRPORT
MONTH: AUGUST
YEAR: 2023
LATITUDE: 31 57 N
LONGITUDE: 102 11 W
TEMPERATURE IN F: :PCPN: SNOW: WIND :SUNSHINE: SKY :PK WND
================================================================================
1 2 3 4 5 6A 6B 7 8 9 10 11 12 13 14 15 16 17 18
12Z AVG MX 2MIN
DY MAX MIN AVG DEP HDD CDD WTR SNW DPTH SPD SPD DIR MIN PSBL S-S WX SPD DR
================================================================================
1 102 77 90 5 0 25 0.00 0.0 0 10.4 22 150 M M 0 26 150
2 99 75 87 2 0 22 0.00 0.0 0 10.2 21 170 M M 0 27 200
3 101 75 88 3 0 23 0.00 0.0 0 11.5 21 170 M M 0 28 170
4 103 77 90 5 0 25 0.00 0.0 0 10.2 18 160 M M 0 25 140
5 105 79 92 7 0 27 0.00 0.0 0 13.6 24 140 M M 0 30 140
6 106 79 93 8 0 28 0.00 0.0 0 13.5 22 150 M M 0 29 160
7 107 79 93 8 0 28 0.00 0.0 0 12.7 30 30 M M 0 8 36 30
8 102 76 89 5 0 24 0.00 0.0 0 9.0 28 340 M M 0 38 35 340
9 107 82 95 11 0 30 0.00 0.0 0 9.5 21 90 M M 1 29 90
10 107 79 93 9 0 28 0.00 0.0 0 7.6 22 170 M M 2 38 30 190
11 106 82 94 10 0 29 0.00 0.0 0 9.3 21 160 M M 1 3 26 180
12 105 83 94 10 0 29 0.00 0.0 0 10.0 18 200 M M 0 25 200
13 102 81 92 8 0 27 0.00 0.0 0 12.8 22 170 M M 0 27 180
14 96 78 87 3 0 22 0.00 0.0 0 15.5 28 70 M M 1 35 70
15 94 72 83 -1 0 18 0.00 0.0 0 9.1 20 70 M M 0 25 70
16 101 74 88 4 0 23 0.00 0.0 0 8.1 15 210 M M 1 21 160
17 105 76 91 7 0 26 0.00 0.0 0 9.3 24 110 M M 1 8 33 110
18 103 80 92 9 0 27 0.00 0.0 0 9.3 24 140 M M 1 32 130
19 101 69 85 2 0 20 0.00 0.0 0 10.4 24 130 M M 0 32 140
20 99 72 86 3 0 21 0.00 0.0 0 12.4 29 130 M M 0 37 110
21 102 72 87 4 0 22 0.00 0.0 0 9.3 23 90 M M 0 8 33 60
22 93 76 85 3 0 20 0.00 0.0 0 10.6 33 160 M M 1 8 42 180
23 91 75 83 1 0 18 T 0.0 0 14.8 35 130 M M 3 18 43 130
24 96 72 84 2 0 19 0.00 0.0 0 10.0 20 150 M M 1 27 180
25 99 68 84 2 0 19 0.00 0.0 0 10.4 28 170 M M 1 36 180
26 97 73 85 3 0 20 0.00 0.0 0 6.6 17 250 M M 1 3 21 120
27 95 75 85 4 0 20 0.00 0.0 0 12.5 33 320 M M 1 3 42 320
28 88 74 81 0 0 16 T 0.0 0 9.3 21 70 M M 5 28 80
29 94 66 80 -1 0 15 0.00 0.0 0 7.9 33 20 M M 1 78 41 20
30 93 70 82 1 0 17 0.00 0.0 0 6.8 14 40 M M 3 18 60
31 97 66 82 2 0 17 0.00 0.0 0 6.3 18 180 M M 0 21 110
================================================================================
SM 3096 2332 0 705 T 0.0 318.9 M 25
================================================================================
AV 99.9 75.2 10.3 FASTST M M 1 MAX(MPH)
MISC ----> 35 130 43 130
================================================================================
NOTES:
# LAST OF SEVERAL OCCURRENCES
COLUMN 17 PEAK WIND IN M.P.H.
PRELIMINARY LOCAL CLIMATOLOGICAL DATA (WS FORM: F-6) , PAGE 2
STATION: MIDLAND INTERNATIONAL AIRPORT
MONTH: AUGUST
YEAR: 2023
LATITUDE: 31 57 N
LONGITUDE: 102 11 W
[TEMPERATURE DATA] [PRECIPITATION DATA] SYMBOLS USED IN COLUMN 16
AVERAGE MONTHLY: 87.5 TOTAL FOR MONTH: T 1 = FOG OR MIST
DPTR FM NORMAL: 4.3 DPTR FM NORMAL: -1.72 2 = FOG REDUCING VISIBILITY
HIGHEST: 107 ON 10, 9 GRTST 24HR T ON 23-23 TO 1/4 MILE OR LESS
LOWEST: 66 ON 31,29 3 = THUNDER
SNOW, ICE PELLETS, HAIL 4 = ICE PELLETS
TOTAL MONTH: 0.0 INCH 5 = HAIL
GRTST 24HR 0.0 6 = FREEZING RAIN OR DRIZZLE
GRTST DEPTH: 0 7 = DUSTSTORM OR SANDSTORM:
VSBY 1/2 MILE OR LESS
8 = SMOKE OR HAZE
[NO. OF DAYS WITH] [WEATHER - DAYS WITH] 9 = BLOWING SNOW
X = TORNADO
MAX 32 OR BELOW: 0 0.01 INCH OR MORE: 0
MAX 90 OR ABOVE: 30 0.10 INCH OR MORE: 0
MIN 32 OR BELOW: 0 0.50 INCH OR MORE: 0
MIN 0 OR BELOW: 0 1.00 INCH OR MORE: 0
[HDD (BASE 65) ]
TOTAL THIS MO. 0 CLEAR (SCALE 0-3) 30
DPTR FM NORMAL 0 PTCLDY (SCALE 4-7) 1
TOTAL FM JUL 1 0 CLOUDY (SCALE 8-10) 0
DPTR FM NORMAL 0
[CDD (BASE 65) ]
TOTAL THIS MO. 705
DPTR FM NORMAL 139 [PRESSURE DATA]
TOTAL FM JAN 1 2409 HIGHEST SLP 30.17 ON 15
DPTR FM NORMAL 222 LOWEST SLP 29.61 ON 10
[REMARKS]
#FINAL-08-23#