000
CXUS55 KABR 011200
CF6MBG
PRELIMINARY LOCAL CLIMATOLOGICAL DATA (WS FORM: F-6)
STATION: MOBRIDGE SD
MONTH: JANUARY
YEAR: 2021
LATITUDE: 45 32 N
LONGITUDE: 100 25 W
TEMPERATURE IN F: :PCPN: SNOW: WIND :SUNSHINE: SKY :PK WND
================================================================================
1 2 3 4 5 6A 6B 7 8 9 10 11 12 13 14 15 16 17 18
12Z AVG MX 2MIN
DY MAX MIN AVG DEP HDD CDD WTR SNW DPTH SPD SPD DIR MIN PSBL S-S WX SPD DR
================================================================================
1 42 11 27 11 38 0 0.00 0.0 1 2.6 9 120 M M 0 18 10 330
2 39 20 30 14 35 0 0.00 0.0 T 7.3 14 140 M M 0 18 170
3 44 18 31 15 34 0 T 0.0 T 5.0 12 300 M M 1 18 17 300
4 48 24 36 20 29 0 0.00 0.0 0 8.2 24 300 M M 0 33 310
5 42 24 33 17 32 0 0.00 0.0 0 10.9 28 130 M M 4 38 120
6 36 27 32 16 33 0 0.00 0.0 0 7.8 14 10 M M 9 18 19 360
7 36 34 35 19 30 0 T T 0 6.5 13 150 M M 10 128 16 150
8 36 34 35 19 30 0 0.05 T T 4.2 8 50 M M 10 18 11 50
9 36 33 35 19 30 0 0.01 T T 2.4 6 320 M M 10 1 8 340
10 39 25 32 16 33 0 0.00 0.0 0 7.1 17 210 M M 6 24 200
11 48 23 36 20 29 0 0.00 0.0 0 6.8 22 310 M M 0 29 320
12 55 22 39 23 26 0 0.00 0.0 0 3.7 13 270 M M 0 16 280
13 51 26 39 23 26 0 0.04 0.0 0 6.0 32 310 M M 5 48 320
14 43 31 37 21 28 0 T T 0 32.2 46 330 M M 7 68 320
15 31 22 27 11 38 0 T T 0 21.5 37 340 M M 9 57 330
16 46 21 34 18 31 0 0.00 0.0 0 11.7 25 330 M M 6 1 37 320
17 42 22 32 16 33 0 0.00 0.0 0 10.0 20 320 M M 2 27 320
18 35 24 30 14 35 0 0.07 0.5 T 8.1 21 330 M M 10 18 28 340
19 36 18 27 11 38 0 0.01 T T 16.0 31 320 M M 7 41 320
20 49 26 38 22 27 0 0.00 0.0 T 14.4 33 310 M M 0 47 310
21 35 19 27 11 38 0 T T 0 13.7 26 330 M M 6 35 320
22 36 17 27 11 38 0 T T 0 4.6 15 320 M M 5 20 300
23 31 8 20 4 45 0 0.00 0.0 0 4.8 12 360 M M 2 18 16 360
24 27 4 16 0 49 0 0.00 0.0 0 11.7 22 150 M M 5 29 170
25 22 16 19 3 46 0 T 0.8 0 9.9 18 110 M M 10 8 22 110
26 17 10 14 -3 51 0 T T 1 7.0 13 110 M M 10 17 100
27 26 11 19 2 46 0 T T 1 13.3 24 140 M M 6 29 140
28 31 9 20 3 45 0 0.00 0.0 T 7.4 16 110 M M 0 20 90
29 29 16 23 6 42 0 0.00 0.0 T 11.4 17 130 M M 9 18 24 110
30 28 26 27 10 38 0 T 0.0 T 9.6 16 350 M M 10 18 22 330
31 30 22 26 9 39 0 0.00 0.0 T 7.0 15 300 M M 10 128 18 330
================================================================================
SM 1146 643 1112 0 0.18 1.3 292.8 M 169
================================================================================
AV 37.0 20.7 9.4 FASTST M M 5 MAX(MPH)
MISC ----> 46 330 68 320
================================================================================
NOTES:
# LAST OF SEVERAL OCCURRENCES
COLUMN 17 PEAK WIND IN M.P.H.
PRELIMINARY LOCAL CLIMATOLOGICAL DATA (WS FORM: F-6) , PAGE 2
STATION: MOBRIDGE SD
MONTH: JANUARY
YEAR: 2021
LATITUDE: 45 32 N
LONGITUDE: 100 25 W
[TEMPERATURE DATA] [PRECIPITATION DATA] SYMBOLS USED IN COLUMN 16
AVERAGE MONTHLY: 28.9 TOTAL FOR MONTH: 0.18 1 = FOG OR MIST
DPTR FM NORMAL: 12.9 DPTR FM NORMAL: -0.11 2 = FOG REDUCING VISIBILITY
HIGHEST: 55 ON 12 GRTST 24HR 0.13 ON 23-23 TO 1/4 MILE OR LESS
LOWEST: 4 ON 24 3 = THUNDER
SNOW, ICE PELLETS, HAIL 4 = ICE PELLETS
TOTAL MONTH: 1.3 INCHES 5 = HAIL
GRTST 24HR 0.8 ON 25-25 6 = FREEZING RAIN OR DRIZZLE
GRTST DEPTH: 1 ON 27,26 7 = DUSTSTORM OR SANDSTORM:
VSBY 1/2 MILE OR LESS
8 = SMOKE OR HAZE
[NO. OF DAYS WITH] [WEATHER - DAYS WITH] 9 = BLOWING SNOW
X = TORNADO
MAX 32 OR BELOW: 10 0.01 INCH OR MORE: 5
MAX 90 OR ABOVE: 0 0.10 INCH OR MORE: 0
MIN 32 OR BELOW: 28 0.50 INCH OR MORE: 0
MIN 0 OR BELOW: 0 1.00 INCH OR MORE: 0
[HDD (BASE 65) ]
TOTAL THIS MO. 1112 CLEAR (SCALE 0-3) 10
DPTR FM NORMAL -405 PTCLDY (SCALE 4-7) 10
TOTAL FM JUL 1 3870 CLOUDY (SCALE 8-10) 11
DPTR FM NORMAL -858
[CDD (BASE 65) ]
TOTAL THIS MO. 0
DPTR FM NORMAL 0 [PRESSURE DATA]
TOTAL FM JAN 1 0 HIGHEST SLP 30.44 ON 9
DPTR FM NORMAL 0 LOWEST SLP 29.46 ON 13
[REMARKS]
#FINAL-01-21#