000
CXUS53 KDTX 010635
CF6MBS
PRELIMINARY LOCAL CLIMATOLOGICAL DATA (WS FORM: F-6)
STATION: TRI CITIES MI
MONTH: JUNE
YEAR: 2021
LATITUDE: 43 31 N
LONGITUDE: 84 5 W
TEMPERATURE IN F: :PCPN: SNOW: WIND :SUNSHINE: SKY :PK WND
================================================================================
1 2 3 4 5 6A 6B 7 8 9 10 11 12 13 14 15 16 17 18
12Z AVG MX 2MIN
DY MAX MIN AVG DEP HDD CDD WTR SNW DPTH SPD SPD DIR MIN PSBL S-S WX SPD DR
================================================================================
1 77 51 64 0 1 0 0.00 0.0 0 5.7 15 220 M M 1 20 220
2 78 53 66 2 0 1 0.00 0.0 0 5.8 16 160 M M 3 8 22 170
3 83 52 68 3 0 3 T 0.0 0 5.8 16 220 M M 4 128 22 220
4 88 64 76 11 0 11 0.01 0.0 0 10.4 25 260 M M 4 35 270
5 89 72 81 16 0 16 0.00 0.0 0 15.3 28 250 M M 0 41 220
6 91 70 81 15 0 16 0.00 0.0 0 11.5 22 220 M M 1 29 190
7 83 73 78 12 0 13 0.02 0.0 0 8.1 16 200 M M 4 8 23 200
8 86 70 78 12 0 13 T 0.0 0 2.3 14 130 M M 5 138 18 120
9 87 66 77 10 0 12 0.00 0.0 0 9.7 22 30 M M 3 128 26 30
10 88 63 76 9 0 11 T 0.0 0 5.5 16 90 M M 2 22 100
11 90 63 77 10 0 12 0.51 0.0 0 8.3 28 10 M M 3 138 35 10
12 83 59 71 4 0 6 T 0.0 0 3.8 23 350 M M 4 3 32 340
13 84 63 74 6 0 9 0.00 0.0 0 8.8 16 330 M M 2 22 310
14 76 58 67 -1 0 2 0.64 0.0 0 8.5 22 340 M M 5 13 30 360
15 73 55 64 -4 1 0 0.00 0.0 0 8.7 18 340 M M 0 23 340
16 76 50 63 -5 2 0 0.00 0.0 0 4.9 13 310 M M 0 19 320
17 83 50 67 -2 0 2 0.00 0.0 M 6.8 15 210 M M 0 21 220
18 84 67 76 7 0 11 0.13 0.0 0 13.4 24 180 M M 4 1 38 170
19 76 62 69 0 0 4 0.05 0.0 0 9.1 22 270 M M 3 1 31 270
20 83 56 70 0 0 5 0.01 0.0 0 4.3 13 220 M M 2 18 16 300
21 73 48 61 -9 4 0 0.18 0.0 0 15.1 30 270 M M 6 13 42 280
22 65 41 53 -17 12 0 0.40 0.0 0 6.5 30 300 M M 4 13 45 310
23 75 48 62 -8 3 0 T 0.0 0 9.5 21 200 M M 4 1 29 200
24 75 63 69 -1 0 4 0.26 0.0 0 11.4 20 180 M M 4 13 29 180
25 74 68 71 1 0 6 1.06 0.0 0 9.6 20 120 M M 9 1 25 120
26 79 66 73 2 0 8 1.14 0.0 0 9.5 24 190 M M 8 123 33 200
27 85 69 77 6 0 12 0.00 0.0 0 13.7 25 220 M M 7 37 220
28 84 63 74 3 0 9 T 0.0 0 4.8 13 290 M M 3 17 290
29 86 73 80 9 0 15 T 0.0 0 9.9 20 250 M M 3 25 220
30 84 69 77 6 0 12 0.64 0.0 0 7.1 17 10 M M 5 38 24 350
================================================================================
SM 2438 1825 23 213 5.05 0.0 253.8 M 103
================================================================================
AV 81.3 60.8 8.5 FASTST M M 3 MAX(MPH)
MISC ----> # 30 270 45 310
================================================================================
NOTES:
# LAST OF SEVERAL OCCURRENCES
COLUMN 17 PEAK WIND IN M.P.H.
PRELIMINARY LOCAL CLIMATOLOGICAL DATA (WS FORM: F-6) , PAGE 2
STATION: TRI CITIES MI
MONTH: JUNE
YEAR: 2021
LATITUDE: 43 31 N
LONGITUDE: 84 5 W
[TEMPERATURE DATA] [PRECIPITATION DATA] SYMBOLS USED IN COLUMN 16
AVERAGE MONTHLY: 71.1 TOTAL FOR MONTH: 5.05 1 = FOG OR MIST
DPTR FM NORMAL: 3.0 DPTR FM NORMAL: 1.77 2 = FOG REDUCING VISIBILITY
HIGHEST: 91 ON 6 GRTST 24HR 1.53 ON 25-26 TO 1/4 MILE OR LESS
LOWEST: 41 ON 22 3 = THUNDER
SNOW, ICE PELLETS, HAIL 4 = ICE PELLETS
TOTAL MONTH: 0.0 INCH 5 = HAIL
GRTST 24HR 0.0 6 = FREEZING RAIN OR DRIZZLE
GRTST DEPTH: 0 7 = DUSTSTORM OR SANDSTORM:
VSBY 1/2 MILE OR LESS
8 = SMOKE OR HAZE
[NO. OF DAYS WITH] [WEATHER - DAYS WITH] 9 = BLOWING SNOW
X = TORNADO
MAX 32 OR BELOW: 0 0.01 INCH OR MORE: 13
MAX 90 OR ABOVE: 2 0.10 INCH OR MORE: 9
MIN 32 OR BELOW: 0 0.50 INCH OR MORE: 5
MIN 0 OR BELOW: 0 1.00 INCH OR MORE: 2
[HDD (BASE 65) ]
TOTAL THIS MO. 23 CLEAR (SCALE 0-3) 15
DPTR FM NORMAL -24 PTCLDY (SCALE 4-7) 13
TOTAL FM JUL 1 6260 CLOUDY (SCALE 8-10) 2
DPTR FM NORMAL -522
[CDD (BASE 65) ]
TOTAL THIS MO. 213
DPTR FM NORMAL 73 [PRESSURE DATA]
TOTAL FM JAN 1 275 HIGHEST SLP M ON M
DPTR FM NORMAL 91 LOWEST SLP 29.32 ON 21
[REMARKS]
#FINAL-06-21#