000
CXUS52 KFFC 011533
CF6MCN
PRELIMINARY LOCAL CLIMATOLOGICAL DATA (WS FORM: F-6)
STATION: MACON
MONTH: NOVEMBER
YEAR: 2021
LATITUDE: 32 42 N
LONGITUDE: 83 39 W
TEMPERATURE IN F: :PCPN: SNOW: WIND :SUNSHINE: SKY :PK WND
================================================================================
1 2 3 4 5 6A 6B 7 8 9 10 11 12 13 14 15 16 17 18
12Z AVG MX 2MIN
DY MAX MIN AVG DEP HDD CDD WTR SNW DPTH SPD SPD DIR MIN PSBL S-S WX SPD DR
================================================================================
1 74 42 58 -2 7 0 0.00 0.0 M 3.0 8 60 M M 0 1 12 90
2 77 45 61 1 4 0 0.00 0.0 M 4.1 12 310 M M 0 1 16 10
3 67 47 57 -2 8 0 0.00 0.0 M 7.2 14 70 M M 1 19 70
4 59 47 53 -6 12 0 0.00 0.0 M 8.9 16 20 M M 6 20 30
5 54 44 49 -10 16 0 0.00 0.0 M 11.0 20 50 M M 3 24 60
6 55 46 51 -7 14 0 0.00 0.0 M 10.6 21 30 M M 0 30 50
7 71 41 56 -2 9 0 0.00 0.0 M 7.3 15 40 M M 0 20 360
8 75 34 55 -3 10 0 0.00 0.0 M 3.1 10 30 M M 0 17 60
9 78 36 57 -1 8 0 0.00 0.0 M 1.9 7 150 M M 0 12 210
10 78 42 60 3 5 0 0.00 0.0 M 1.2 8 140 M M 0 1 12 240
11 79 49 64 7 1 0 0.17 M M 6.2 18 220 M M 7 1 28 230
12 72 45 59 2 6 0 0.00 0.0 M 3.7 10 310 M M 1 1 16 310
13 66 39 53 -3 12 0 0.00 0.0 M 5.3 16 330 M M 0 1 22 290
14 64 30 47 -9 18 0 0.00 0.0 M 7.4 13 260 M M 0 13 260
15 70 38 54 -2 11 0 0.00 0.0 M 4.7 12 350 M M 0 15 320
16 76 35 56 0 9 0 0.00 0.0 M 2.0 10 230 M M 0 1 15 230
17 76 41 59 4 6 0 0.00 0.0 M 1.8 9 240 M M 0 1 13 240
18 81 47 64 9 1 0 0.00 0.0 M 3.4 17 330 M M 3 12 27 330
19 67 39 53 -2 12 0 0.00 0.0 M 7.8 14 40 M M 0 19 340
20 64 32 48 -6 17 0 0.00 0.0 M 7.5 16 60 M M 1 20 80
21 70 43 57 3 8 0 0.00 0.0 M 3.0 8 90 M M 5 1 12 90
22 67 46 57 3 8 0 0.09 M M 7.3 17 290 M M 4 1 26 330
23 59 30 45 -9 20 0 0.00 0.0 M 4.7 15 330 M M 0 23 360
24 62 27 45 -9 20 0 0.00 0.0 M 2.2 12 130 M M 0 16 150
25 68 31 50 -3 15 0 0.00 0.0 M 3.0 14 220 M M 1 18 220
26 60 37 49 -4 16 0 0.03 M M 9.9 20 330 M M 4 1 28 320
27 66 29 48 -5 17 0 0.00 0.0 M 2.7 8 310 M M 0 10 300
28 58 33 46 -7 19 0 0.00 0.0 M 5.1 13 260 M M 2 16 250
29 61 32 47 -5 18 0 0.00 0.0 M 5.6 15 320 M M 0 21 330
30 68 28 48 -4 17 0 0.00 0.0 M 2.3 13 260 M M 0 19 250
================================================================================
SM 2042 1155 344 0 0.29 0.0 153.9 M 38
================================================================================
AV 68.1 38.5 5.1 FASTST M M 1 MAX(MPH)
MISC ----> 21 30 30 50
================================================================================
NOTES:
# LAST OF SEVERAL OCCURRENCES
COLUMN 17 PEAK WIND IN M.P.H.
PRELIMINARY LOCAL CLIMATOLOGICAL DATA (WS FORM: F-6) , PAGE 2
STATION: MACON
MONTH: NOVEMBER
YEAR: 2021
LATITUDE: 32 42 N
LONGITUDE: 83 39 W
[TEMPERATURE DATA] [PRECIPITATION DATA] SYMBOLS USED IN COLUMN 16
AVERAGE MONTHLY: 53.3 TOTAL FOR MONTH: 0.29 1 = FOG OR MIST
DPTR FM NORMAL: -2.5 DPTR FM NORMAL: -3.08 2 = FOG REDUCING VISIBILITY
HIGHEST: 81 ON 18 GRTST 24HR 0.17 ON 11-11 TO 1/4 MILE OR LESS
LOWEST: 27 ON 24 3 = THUNDER
SNOW, ICE PELLETS, HAIL 4 = ICE PELLETS
TOTAL MONTH: 0.0 INCH 5 = HAIL
GRTST 24HR 0.0 6 = FREEZING RAIN OR DRIZZLE
GRTST DEPTH: M ON M 7 = DUSTSTORM OR SANDSTORM:
VSBY 1/2 MILE OR LESS
8 = SMOKE OR HAZE
[NO. OF DAYS WITH] [WEATHER - DAYS WITH] 9 = BLOWING SNOW
X = TORNADO
MAX 32 OR BELOW: 0 0.01 INCH OR MORE: 3
MAX 90 OR ABOVE: 0 0.10 INCH OR MORE: 1
MIN 32 OR BELOW: 8 0.50 INCH OR MORE: 0
MIN 0 OR BELOW: 0 1.00 INCH OR MORE: 0
[HDD (BASE 65) ]
TOTAL THIS MO. 344 CLEAR (SCALE 0-3) 23
DPTR FM NORMAL 49 PTCLDY (SCALE 4-7) 7
TOTAL FM JUL 1 393 CLOUDY (SCALE 8-10) 0
DPTR FM NORMAL 16
[CDD (BASE 65) ]
TOTAL THIS MO. 0
DPTR FM NORMAL -19 [PRESSURE DATA]
TOTAL FM JAN 1 2190 HIGHEST SLP 30.46 ON 20
DPTR FM NORMAL -131 LOWEST SLP 29.93 ON 22
[REMARKS]
#FINAL-11-21#