000
CXUS52 KMLB 010727
CF6MCO
PRELIMINARY LOCAL CLIMATOLOGICAL DATA (WS FORM: F-6)
STATION: ORLANDO INTL
MONTH: FEBRUARY
YEAR: 2022
LATITUDE: 28 25 N
LONGITUDE: 81 19 W
TEMPERATURE IN F: :PCPN: SNOW: WIND :SUNSHINE: SKY :PK WND
================================================================================
1 2 3 4 5 6A 6B 7 8 9 10 11 12 13 14 15 16 17 18
12Z AVG MX 2MIN
DY MAX MIN AVG DEP HDD CDD WTR SNW DPTH SPD SPD DIR MIN PSBL S-S WX SPD DR
================================================================================
1 75 43 59 -3 6 0 0.00 0.0 0 6.9 18 90 M M 4 23 80
2 81 50 66 4 0 1 0.00 0.0 0 8.9 21 140 M M 5 26 140
3 85 61 73 11 0 8 0.00 0.0 0 10.2 20 160 M M 3 25 160
4 86 60 73 11 0 8 0.00 0.0 0 7.6 18 190 M M 2 1 23 170
5 71 54 63 1 2 0 0.01 0.0 0 10.9 20 30 M M 10 1 23 30
6 69 54 62 0 3 0 0.00 0.0 0 7.7 13 340 M M 10 1 16 340
7 66 53 60 -3 5 0 0.00 0.0 0 7.7 14 330 M M 9 128 17 330
8 58 51 55 -8 10 0 0.33 0.0 0 8.6 14 320 M M 10 1 16 10
9 69 48 59 -4 6 0 0.07 0.0 0 8.4 14 340 M M 5 1 19 350
10 73 41 57 -6 8 0 0.00 0.0 0 5.5 14 20 M M 1 1 18 20
11 78 50 64 1 1 0 0.00 0.0 0 6.8 14 110 M M 5 19 100
12 84 56 70 7 0 5 0.00 0.0 0 4.3 12 50 M M 4 1 15 40
13 74 57 66 2 0 1 0.22 0.0 0 8.6 20 290 M M 7 1 26 280
14 66 45 56 -8 9 0 0.00 0.0 0 10.6 21 350 M M 2 27 360
15 74 44 59 -5 6 0 0.00 0.0 0 10.1 22 60 M M 8 27 50
16 81 55 68 4 0 3 0.03 0.0 0 10.1 22 120 M M 4 1 30 120
17 86 64 75 11 0 10 T 0.0 0 8.9 18 140 M M 4 23 140
18 87 68 78 14 0 13 0.00 0.0 0 8.4 17 220 M M 5 1 22 260
19 77 55 66 2 0 1 T 0.0 0 8.2 18 40 M M 5 1 21 40
20 79 51 65 1 0 0 0.00 0.0 0 9.3 20 120 M M 1 23 70
21 83 59 71 6 0 6 0.00 0.0 0 7.5 16 120 M M 1 21 100
22 86 62 74 9 0 9 0.00 0.0 0 7.7 15 100 M M 2 20 80
23 85 63 74 9 0 9 0.00 0.0 0 4.5 14 120 M M 4 12 21 110
24 86 61 74 9 0 9 0.00 0.0 0 5.3 15 100 M M 2 12 17 110
25 88 62 75 10 0 10 0.00 0.0 0 3.5 13 100 M M 2 1 17 80
26 88 61 75 10 0 10 0.00 0.0 0 4.8 16 100 M M 2 1 18 110
27 86 61 74 9 0 9 0.00 0.0 0 3.6 14 300 M M 3 12 18 240
28 81 61 71 6 0 6 0.05 0.0 0 7.1 17 350 M M 5 3 21 360
================================================================================
SM 2202 1550 56 118 0.71 0.0 211.7 M 125
================================================================================
AV 78.6 55.4 7.6 FASTST M M 4 MAX(MPH)
MISC ----> # 22 60 30 120
================================================================================
NOTES:
# LAST OF SEVERAL OCCURRENCES
COLUMN 17 PEAK WIND IN M.P.H.
PRELIMINARY LOCAL CLIMATOLOGICAL DATA (WS FORM: F-6) , PAGE 2
STATION: ORLANDO INTL
MONTH: FEBRUARY
YEAR: 2022
LATITUDE: 28 25 N
LONGITUDE: 81 19 W
[TEMPERATURE DATA] [PRECIPITATION DATA] SYMBOLS USED IN COLUMN 16
AVERAGE MONTHLY: 67.0 TOTAL FOR MONTH: 0.71 1 = FOG OR MIST
DPTR FM NORMAL: 3.4 DPTR FM NORMAL: -1.33 2 = FOG REDUCING VISIBILITY
HIGHEST: 88 ON 26,25 GRTST 24HR 0.40 ON 8- 9 TO 1/4 MILE OR LESS
LOWEST: 41 ON 10 3 = THUNDER
SNOW, ICE PELLETS, HAIL 4 = ICE PELLETS
TOTAL MONTH: 0.0 INCH 5 = HAIL
GRTST 24HR 0.0 6 = FREEZING RAIN OR DRIZZLE
GRTST DEPTH: 0 7 = DUSTSTORM OR SANDSTORM:
VSBY 1/2 MILE OR LESS
8 = SMOKE OR HAZE
[NO. OF DAYS WITH] [WEATHER - DAYS WITH] 9 = BLOWING SNOW
X = TORNADO
MAX 32 OR BELOW: 0 0.01 INCH OR MORE: 6
MAX 90 OR ABOVE: 0 0.10 INCH OR MORE: 2
MIN 32 OR BELOW: 0 0.50 INCH OR MORE: 0
MIN 0 OR BELOW: 0 1.00 INCH OR MORE: 0
[HDD (BASE 65) ]
TOTAL THIS MO. 56 CLEAR (SCALE 0-3) 10
DPTR FM NORMAL -49 PTCLDY (SCALE 4-7) 14
TOTAL FM JUL 1 263 CLOUDY (SCALE 8-10) 4
DPTR FM NORMAL -198
[CDD (BASE 65) ]
TOTAL THIS MO. 118
DPTR FM NORMAL 51 [PRESSURE DATA]
TOTAL FM JAN 1 161 HIGHEST SLP 30.46 ON 15
DPTR FM NORMAL 48 LOWEST SLP 29.94 ON 28
[REMARKS]
#FINAL-02-22#