000
CXUS52 KMLB 010716
CF6MCO
PRELIMINARY LOCAL CLIMATOLOGICAL DATA (WS FORM: F-6)
STATION: ORLANDO INTL
MONTH: DECEMBER
YEAR: 2021
LATITUDE: 28 25 N
LONGITUDE: 81 19 W
TEMPERATURE IN F: :PCPN: SNOW: WIND :SUNSHINE: SKY :PK WND
================================================================================
1 2 3 4 5 6A 6B 7 8 9 10 11 12 13 14 15 16 17 18
12Z AVG MX 2MIN
DY MAX MIN AVG DEP HDD CDD WTR SNW DPTH SPD SPD DIR MIN PSBL S-S WX SPD DR
================================================================================
1 78 51 65 -1 0 0 0.00 0.0 0 3.1 9 190 M M 3 13 180
2 76 54 65 -1 0 0 0.00 0.0 0 5.7 16 350 M M 1 22 330
3 77 51 64 -1 1 0 0.00 0.0 0 3.1 10 350 M M 4 1 14 320
4 77 51 64 -1 1 0 0.00 0.0 0 2.3 8 100 M M 4 1 11 270
5 80 57 69 4 0 4 0.00 0.0 0 3.9 10 90 M M 5 13 180
6 84 60 72 7 0 7 0.00 0.0 0 4.0 13 240 M M 5 12 16 240
7 81 62 72 7 0 7 0.00 0.0 0 4.7 13 320 M M 8 128 21 350
8 84 61 73 8 0 8 0.00 0.0 0 6.4 16 220 M M 6 12 21 220
9 80 66 73 9 0 8 0.00 0.0 0 3.4 13 60 M M 7 12 15 50
10 84 62 73 9 0 8 0.00 0.0 0 4.2 12 110 M M 2 1 14 110
11 85 62 74 10 0 9 0.00 0.0 0 3.8 13 190 M M 4 12 16 190
12 86 62 74 10 0 9 T 0.0 0 6.3 22 10 M M 6 12 26 10
13 85 64 75 11 0 10 0.00 0.0 0 7.8 16 50 M M 3 19 40
14 82 66 74 10 0 9 0.16 0.0 0 9.2 18 50 M M 7 1 22 50
15 79 64 72 8 0 7 0.19 0.0 0 8.3 20 60 M M 5 1 26 60
16 84 68 76 13 0 11 T 0.0 0 6.7 14 140 M M 3 1 19 110
17 83 63 73 10 0 8 0.00 0.0 0 5.6 14 110 M M 4 1 18 100
18 84 64 74 11 0 9 0.00 0.0 0 6.4 14 180 M M 7 1 17 170
19 86 71 79 16 0 14 T 0.0 0 8.9 21 300 M M 7 1 27 290
20 76 65 71 8 0 6 0.70 0.0 0 11.5 20 10 M M 9 18 23 360
21 74 60 67 5 0 2 1.03 0.0 0 11.5 20 10 M M 10 1 25 10
22 66 51 59 -3 6 0 0.00 0.0 0 10.8 21 280 M M 6 25 280
23 73 49 61 -1 4 0 0.00 0.0 0 7.7 13 340 M M 1 16 330
24 78 53 66 4 0 1 0.00 0.0 0 4.8 9 120 M M 3 17 120
25 79 54 67 5 0 2 0.00 0.0 0 4.4 15 250 M M 2 1 18 270
26 80 54 67 5 0 2 0.00 0.0 0 5.4 15 310 M M 1 1 19 320
27 80 57 69 7 0 4 0.00 0.0 0 2.7 9 310 M M 1 1 12 310
28 81 58 70 8 0 5 0.00 0.0 0 4.6 16 220 M M 3 12 19 220
29 83 60 72 11 0 7 0.00 0.0 0 6.0 15 190 M M 2 1 20 170
30 82 62 72 11 0 7 0.00 0.0 0 4.5 13 190 M M 4 12 18 190
31 84 62 73 12 0 8 0.00 0.0 0 5.7 12 220 M M 5 12 14 250
================================================================================
SM 2491 1844 12 172 2.08 0.0 183.4 M 138
================================================================================
AV 80.4 59.5 5.9 FASTST M M 4 MAX(MPH)
MISC ----> 22 10 27 290
================================================================================
NOTES:
# LAST OF SEVERAL OCCURRENCES
COLUMN 17 PEAK WIND IN M.P.H.
PRELIMINARY LOCAL CLIMATOLOGICAL DATA (WS FORM: F-6) , PAGE 2
STATION: ORLANDO INTL
MONTH: DECEMBER
YEAR: 2021
LATITUDE: 28 25 N
LONGITUDE: 81 19 W
[TEMPERATURE DATA] [PRECIPITATION DATA] SYMBOLS USED IN COLUMN 16
AVERAGE MONTHLY: 69.9 TOTAL FOR MONTH: 2.08 1 = FOG OR MIST
DPTR FM NORMAL: 6.6 DPTR FM NORMAL: -0.40 2 = FOG REDUCING VISIBILITY
HIGHEST: 86 ON 19,12 GRTST 24HR 1.73 ON 20-21 TO 1/4 MILE OR LESS
LOWEST: 49 ON 23 3 = THUNDER
SNOW, ICE PELLETS, HAIL 4 = ICE PELLETS
TOTAL MONTH: 0.0 INCH 5 = HAIL
GRTST 24HR 0.0 6 = FREEZING RAIN OR DRIZZLE
GRTST DEPTH: 0 7 = DUSTSTORM OR SANDSTORM:
VSBY 1/2 MILE OR LESS
8 = SMOKE OR HAZE
[NO. OF DAYS WITH] [WEATHER - DAYS WITH] 9 = BLOWING SNOW
X = TORNADO
MAX 32 OR BELOW: 0 0.01 INCH OR MORE: 4
MAX 90 OR ABOVE: 0 0.10 INCH OR MORE: 4
MIN 32 OR BELOW: 0 0.50 INCH OR MORE: 2
MIN 0 OR BELOW: 0 1.00 INCH OR MORE: 1
[HDD (BASE 65) ]
TOTAL THIS MO. 12 CLEAR (SCALE 0-3) 10
DPTR FM NORMAL -115 PTCLDY (SCALE 4-7) 19
TOTAL FM JUL 1 48 CLOUDY (SCALE 8-10) 2
DPTR FM NORMAL -129
[CDD (BASE 65) ]
TOTAL THIS MO. 172
DPTR FM NORMAL 96 [PRESSURE DATA]
TOTAL FM JAN 1 3981 HIGHEST SLP M ON M
DPTR FM NORMAL 530 LOWEST SLP 29.62 ON 21
[REMARKS]
#FINAL-12-21#