699
CXUS55 KPAH 020418
CF6MDH
PRELIMINARY LOCAL CLIMATOLOGICAL DATA (WS FORM: F-6)
STATION: CARBONDALE IL
MONTH: APRIL
YEAR: 2020
LATITUDE: 37 46 N
LONGITUDE: 89 15 W
TEMPERATURE IN F: :PCPN: SNOW: WIND :SUNSHINE: SKY :PK WND
================================================================================
1 2 3 4 5 6A 6B 7 8 9 10 11 12 13 14 15 16 17 18
12Z AVG MX 2MIN
DY MAX MIN AVG DEP HDD CDD WTR SNW DPTH SPD SPD DIR MIN PSBL S-S WX SPD DR
================================================================================
1 59 36 48 -3 17 0 0.00 M M 4.4 9 40 M M 0 17 20
2 69 41 55 3 10 0 0.00 M M 6.2 15 160 M M 0 19 160
3 71 51 61 9 4 0 0.03 M M 5.0 14 220 M M 8 17 200
4 55 43 49 -3 16 0 0.04 M M 9.1 20 320 M M 10 18 25 320
5 55 44 50 -3 15 0 0.00 M M 3.2 9 340 M M 8 18 12 350
6 76 41 59 6 6 0 0.00 M M 4.8 16 200 M M 6 12 22 180
7 80 54 67 14 0 2 0.00 M M 11.5 26 200 M M 3 33 190
8 86 56 71 17 0 6 0.26 M M 9.9 25 340 M M 2 13 38 300
9 63 40 52 -2 13 0 0.00 M M 13.1 36 350 M M 0 48 350
10 56 32 44 -10 21 0 0.00 M M 6.4 17 340 M M 0 23 330
11 63 41 52 -3 13 0 0.01 M M 9.2 21 170 M M 5 31 160
12 61 53 57 2 8 0 0.09 M M 7.6 20 190 M M 9 12 26 170
13 56 38 47 -8 18 0 0.01 M M 12.9 31 310 M M 6 1 49 320
14 50 30 40 -16 25 0 0.00 M M 5.1 16 340 M M 5 8 22 360
15 58 30 44 -12 21 0 0.00 M M 9.5 25 250 M M 1 38 260
16 62 31 47 -9 18 0 0.00 M M 6.8 15 140 M M 2 22 150
17 56 39 48 -9 17 0 0.15 M M 9.1 20 350 M M 10 18 26 180
18 58 29 44 -13 21 0 0.00 M M 5.8 14 190 M M 0 1 23 200
19 63 41 52 -6 13 0 0.02 M M 4.1 12 180 M M 4 16 190
20 71 43 57 -1 8 0 0.00 M M 5.8 15 20 M M 3 1 20 280
21 66 40 53 -5 12 0 0.00 M M 8.6 21 320 M M 0 30 310
22 70 34 52 -6 13 0 0.13 M M 9.7 25 200 M M 4 1 34 210
23 61 49 55 -4 10 0 0.36 M M 6.1 13 140 M M 9 1 19 130
24 73 43 58 -1 7 0 0.00 M M 3.4 15 190 M M 4 12 22 190
25 64 48 56 -4 9 0 0.26 M M 13.2 28 320 M M 9 1 44 300
26 65 42 54 -6 11 0 0.00 M M 10.3 21 330 M M 3 33 330
27 68 39 54 -6 11 0 0.00 M M 8.9 23 220 M M 2 1 30 220
28 76 58 67 6 0 2 0.40 M M 15.7 30 210 M M 7 13 41 210
29 62 49 56 -5 9 0 0.83 M M 10.3 22 290 M M 9 1 33 300
30 66 45 56 -5 9 0 0.00 M M 9.7 21 320 M M 2 31 320
================================================================================
SM 1939 1260 355 10 2.59 M 245.4 M 131
================================================================================
AV 64.6 42.0 8.2 FASTST M M 4 MAX(MPH)
MISC ----> 36 350 49 320
================================================================================
NOTES:
# LAST OF SEVERAL OCCURRENCES
COLUMN 17 PEAK WIND IN M.P.H.
PRELIMINARY LOCAL CLIMATOLOGICAL DATA (WS FORM: F-6) , PAGE 2
STATION: CARBONDALE IL
MONTH: APRIL
YEAR: 2020
LATITUDE: 37 46 N
LONGITUDE: 89 15 W
[TEMPERATURE DATA] [PRECIPITATION DATA] SYMBOLS USED IN COLUMN 16
AVERAGE MONTHLY: 53.3 TOTAL FOR MONTH: 2.59 1 = FOG OR MIST
DPTR FM NORMAL: -3.0 DPTR FM NORMAL: -1.55 2 = FOG REDUCING VISIBILITY
HIGHEST: 86 ON 8 GRTST 24HR 1.22 ON 28-29 TO 1/4 MILE OR LESS
LOWEST: 29 ON 18 3 = THUNDER
SNOW, ICE PELLETS, HAIL 4 = ICE PELLETS
TOTAL MONTH: M 5 = HAIL
GRTST 24HR M ON M 6 = FREEZING RAIN OR DRIZZLE
GRTST DEPTH: M ON M 7 = DUSTSTORM OR SANDSTORM:
VSBY 1/2 MILE OR LESS
8 = SMOKE OR HAZE
[NO. OF DAYS WITH] [WEATHER - DAYS WITH] 9 = BLOWING SNOW
X = TORNADO
MAX 32 OR BELOW: 0 0.01 INCH OR MORE: 13
MAX 90 OR ABOVE: 0 0.10 INCH OR MORE: 7
MIN 32 OR BELOW: 5 0.50 INCH OR MORE: 1
MIN 0 OR BELOW: 0 1.00 INCH OR MORE: 0
[HDD (BASE 65) ]
TOTAL THIS MO. 355 CLEAR (SCALE 0-3) 12
DPTR FM NORMAL 71 PTCLDY (SCALE 4-7) 12
TOTAL FM JUL 1 4257 CLOUDY (SCALE 8-10) 6
DPTR FM NORMAL -142
[CDD (BASE 65) ]
TOTAL THIS MO. 10
DPTR FM NORMAL -13 [PRESSURE DATA]
TOTAL FM JAN 1 17 HIGHEST SLP 30.36 ON 16
DPTR FM NORMAL -9 LOWEST SLP 29.42 ON 12
[REMARKS]
#FINAL-04-20#