000
CXUS51 KCTP 010900
CF6MDT
PRELIMINARY LOCAL CLIMATOLOGICAL DATA (WS FORM: F-6)
STATION: HARRISBURG PA
MONTH: FEBRUARY
YEAR: 2023
LATITUDE: 40 11 N
LONGITUDE: 76 46 W
TEMPERATURE IN F: :PCPN: SNOW: WIND :SUNSHINE: SKY :PK WND
================================================================================
1 2 3 4 5 6A 6B 7 8 9 10 11 12 13 14 15 16 17 18
12Z AVG MX 2MIN
DY MAX MIN AVG DEP HDD CDD WTR SNW DPTH SPD SPD DIR MIN PSBL S-S WX SPD DR
================================================================================
1 35 25 30 -1 35 0 T T 0 9.9 17 310 M M 5 45 21 320
2 41 22 32 1 33 0 0.00 0.0 0 5.5 18 230 M M 6 23 220
3 37 15 26 -5 39 0 T T 0 21.8 33 310 M M 6 43 310
4 30 14 22 -9 43 0 0.00 0.0 0 8.7 24 300 M M 3 33 320
5 51 22 37 6 28 0 0.00 0.0 0 3.3 13 180 M M 9 16 160
6 47 27 37 6 28 0 0.00 0.0 0 7.9 18 340 M M 7 25 360
7 44 22 33 1 32 0 0.01 0.0 0 4.2 14 190 M M 8 18 16 180
8 55 30 43 11 22 0 T 0.0 0 3.6 15 350 M M 6 18 21 320
9 61 30 46 14 19 0 0.01 0.0 0 6.2 16 150 M M 8 21 150
10 60 40 50 18 15 0 0.00 0.0 0 14.1 29 320 M M 5 36 300
11 45 32 39 7 26 0 0.00 0.0 0 8.8 25 330 M M 4 36 340
12 45 29 37 4 28 0 0.00 0.0 0 2.8 12 300 M M 10 13 300
13 56 33 45 12 20 0 0.00 0.0 0 11.3 28 300 M M 5 35 310
14 56 33 45 12 20 0 0.00 0.0 0 6.7 21 320 M M 4 28 320
15 69 43 56 23 9 0 0.00 0.0 0 10.8 22 220 M M 5 34 230
16 59 43 51 17 14 0 0.18 0.0 0 2.8 20 230 M M 9 12 25 220
17 59 31 45 11 20 0 0.14 0.0 0 15.8 33 310 M M 9 12 43 300
18 46 24 35 1 30 0 0.00 0.0 0 12.0 26 310 M M 3 32 300
19 57 31 44 10 21 0 0.00 0.0 0 6.0 23 180 M M 6 29 170
20 63 33 48 14 17 0 T 0.0 0 3.4 26 290 M M 8 32 290
21 56 35 46 11 19 0 0.16 0.0 0 8.8 31 270 M M 7 12 42 290
22 41 29 35 0 30 0 0.05 T 0 4.0 12 100 M M 7 1 15 40
23 71 37 54 19 11 0 T 0.0 0 4.1 17 250 M M 5 18 23 260
24 67 32 50 14 15 0 0.00 0.0 0 17.5 35 310 M M 2 47 310
25 38 28 33 -3 32 0 0.00 0.0 0 8.1 16 140 M M 9 20 150
26 58 34 46 10 19 0 0.00 0.0 0 9.3 22 310 M M 6 1 27 290
27 49 32 41 5 24 0 0.36 T 0 9.1 21 130 M M 6 14 25 120
28 48 32 40 3 25 0 0.02 0.0 0 4.4 17 310 M M 8 1 21 320
================================================================================
SM 1444 838 674 0 0.93 T 230.9 M 176
================================================================================
AV 51.6 29.9 8.2 FASTST M M 6 MAX(MPH)
MISC ----> 35 310 47 310
================================================================================
NOTES:
# LAST OF SEVERAL OCCURRENCES
COLUMN 17 PEAK WIND IN M.P.H.
PRELIMINARY LOCAL CLIMATOLOGICAL DATA (WS FORM: F-6) , PAGE 2
STATION: HARRISBURG PA
MONTH: FEBRUARY
YEAR: 2023
LATITUDE: 40 11 N
LONGITUDE: 76 46 W
[TEMPERATURE DATA] [PRECIPITATION DATA] SYMBOLS USED IN COLUMN 16
AVERAGE MONTHLY: 40.8 TOTAL FOR MONTH: 0.93 1 = FOG OR MIST
DPTR FM NORMAL: 7.3 DPTR FM NORMAL: -1.66 2 = FOG REDUCING VISIBILITY
HIGHEST: 71 ON 23 GRTST 24HR 0.38 ON 27-28 TO 1/4 MILE OR LESS
LOWEST: 14 ON 4 3 = THUNDER
SNOW, ICE PELLETS, HAIL 4 = ICE PELLETS
TOTAL MONTH: T 5 = HAIL
GRTST 24HR T ON 1- 1 6 = FREEZING RAIN OR DRIZZLE
GRTST DEPTH: 0 7 = DUSTSTORM OR SANDSTORM:
VSBY 1/2 MILE OR LESS
8 = SMOKE OR HAZE
[NO. OF DAYS WITH] [WEATHER - DAYS WITH] 9 = BLOWING SNOW
X = TORNADO
MAX 32 OR BELOW: 1 0.01 INCH OR MORE: 8
MAX 90 OR ABOVE: 0 0.10 INCH OR MORE: 4
MIN 32 OR BELOW: 19 0.50 INCH OR MORE: 0
MIN 0 OR BELOW: 0 1.00 INCH OR MORE: 0
[HDD (BASE 65) ]
TOTAL THIS MO. 674 CLEAR (SCALE 0-3) 2
DPTR FM NORMAL -212 PTCLDY (SCALE 4-7) 20
TOTAL FM JUL 1 3292 CLOUDY (SCALE 8-10) 6
DPTR FM NORMAL -515
[CDD (BASE 65) ]
TOTAL THIS MO. 0
DPTR FM NORMAL 0 [PRESSURE DATA]
TOTAL FM JAN 1 0 HIGHEST SLP 30.66 ON 4
DPTR FM NORMAL 0 LOWEST SLP 29.52 ON 28
[REMARKS]
#FINAL-02-23#