000
CXUS51 KCTP 010629
CLMMDT
CLIMATE REPORT
NATIONAL WEATHER SERVICE STATE COLLEGE PA
229 AM EDT WED NOV 01 2023
...................................
...THE HARRISBURG PA CLIMATE SUMMARY FOR THE MONTH OF OCTOBER 2023...
CLIMATE NORMAL PERIOD 1991 TO 2020
CLIMATE RECORD PERIOD 1888 TO 2023
WEATHER OBSERVED NORMAL DEPART LAST YEAR`S
VALUE DATE(S) VALUE FROM VALUE DATE(S)
NORMAL
................................................................
TEMPERATURE (F)
RECORD
HIGH 97 10/07/1941
10/05/1941
LOW 23 10/24/1969
HIGHEST 83 10/04 74 10/07
LOWEST 37 10/31 33 10/30
AVG. MAXIMUM 68.2 65.7 2.5 63.5
AVG. MINIMUM 49.8 46.0 3.8 45.2
MEAN 59.0 55.8 3.2 54.3
DAYS MAX >= 90 0 0.0 0.0 0
DAYS MAX <= 32 0 0.0 0.0 0
DAYS MIN <= 32 0 0.6 -0.6 0
DAYS MIN <= 0 0 0.0 0.0 0
PRECIPITATION (INCHES)
RECORD
MAXIMUM 11.04 2013
MINIMUM 0.02 1924
TOTALS 1.69 3.81 -2.12 3.54
DAILY AVG. 0.05 0.12 -0.07 0.11
DAYS >= .01 6 9.2 -3.2 10
DAYS >= .10 3 5.7 -2.7 7
DAYS >= .50 1 2.6 -1.6 3
DAYS >= 1.00 1 1.1 -0.1 0
GREATEST
24 HR. TOTAL 1.29 10/14 TO 10/15 0.99 10/01 TO 10/02
SNOWFALL (INCHES)
RECORDS
TOTAL 5.5 2011
TOTALS 0.0 0.2 -0.2 0.0
SINCE 7/1 0.0 0.2 -0.2 MM
SNOWDEPTH AVG. 0 0
DAYS >= 1.0 0 0.0 0.0 0
GREATEST
SNOW DEPTH 0 0 MM
24 HR TOTAL MM MM
DEGREE DAYS
HEATING TOTAL 213 300 -87 323
SINCE 7/1 253 349 -96 MM
COOLING TOTAL 35 16 19 0
SINCE 1/1 1178 1172 6 MM
................................................................
WIND (MPH)
AVERAGE WIND SPEED 6.2
HIGHEST WIND SPEED/DIRECTION 30/290 DATE 10/07
30/300 10/21
HIGHEST GUST SPEED/DIRECTION 42/290 DATE 10/21
SKY COVER
POSSIBLE SUNSHINE (PERCENT) MM
AVERAGE SKY COVER 0.54
NUMBER OF DAYS FAIR 8
NUMBER OF DAYS PC 15
NUMBER OF DAYS CLOUDY 8
AVERAGE RH (PERCENT) 68
WEATHER CONDITIONS. NUMBER OF DAYS WITH
THUNDERSTORM 0 MIXED PRECIP 0
HEAVY RAIN 1 RAIN 2
LIGHT RAIN 11 FREEZING RAIN 0
LT FREEZING RAIN 0 HAIL 0
HEAVY SNOW 0 SNOW 0
LIGHT SNOW 0 SLEET 0
FOG 11 FOG W/VIS <= 1/4 MILE 2
HAZE 2
- INDICATES NEGATIVE NUMBERS.
R INDICATES RECORD WAS SET OR TIED.
MM INDICATES DATA IS MISSING.
T INDICATES TRACE AMOUNT.
$$