000
CXUS56 KPDT 011810
CF6MEH
PRELIMINARY LOCAL CLIMATOLOGICAL DATA (WS FORM: F-6)
STATION: MEACHAM OR
MONTH: APRIL
YEAR: 2023
LATITUDE: 45 30 N
LONGITUDE: 118 24 W
TEMPERATURE IN F: :PCPN: SNOW: WIND :SUNSHINE: SKY :PK WND
================================================================================
1 2 3 4 5 6A 6B 7 8 9 10 11 12 13 14 15 16 17 18
12Z AVG MX 2MIN
DY MAX MIN AVG DEP HDD CDD WTR SNW DPTH SPD SPD DIR MIN PSBL S-S WX SPD DR
================================================================================
1 37 28 33 -5 32 0 0.67 M M 1.6 10 260 M M 10 12 22 260
2 35 21 28 -10 37 0 0.22 M M 0.9 7 60 M M 9 12 14 280
3 30 24 27 -11 38 0 0.40 M M 2.1 9 280 M M 9 12 18 290
4 36 14 25 -13 40 0 0.05 M M 1.4 7 270 M M 7 1 13 270
5 43 5 24 -14 41 0 0.00 M M 0.2 6 80 M M 0 10 280
6 46 27 37 -2 28 0 0.00 M M 0.6 10 100 M M 8 27 90
7 44 33 39 0 26 0 0.26 M M 0.9 7 100 M M 8 1 18 100
8 51 27 39 0 26 0 0.00 M M 0.5 6 270 M M 6 1 14 280
9 55 28 42 3 23 0 0.24 M M 0.0 3 190 M M 8 1 8 180
10 67 35 51 12 14 0 0.04 M M 0.9 9 90 M M 7 12 17 90
11 43 30 37 -3 28 0 0.38 M M 1.5 9 260 M M 10 1 19 280
12 33 24 29 -11 36 0 0.25 M M 1.6 8 290 M M 9 12 16 300
13 41 23 32 -8 33 0 T M M 0.8 6 200 M M 7 1 11 280
14 44 25 35 -5 30 0 0.01 M M 0.6 7 260 M M 6 1 11 340
15 57 21 39 -1 26 0 0.00 M M 1.1 12 90 M M 3 20 80
16 56 28 42 1 23 0 0.30 M M 0.5 10 290 M M 6 1 19 300
17 47 30 39 -2 26 0 0.44 M M 0.0 7 220 M M 9 1 M M
18 37 23 30 -11 35 0 0.24 M M 0.5 7 280 M M 6 1 17 250
19 39 17 28 -13 37 0 0.19 M M 0.9 8 280 M M 5 12 20 310
20 43 16 30 -12 35 0 0.47 M M 0.2 7 90 M M 5 1 11 90
21 39 30 35 -7 30 0 0.10 M M 1.1 10 270 M M 10 1 22 230
22 50 31 41 -1 24 0 0.00 M M 0.1 5 100 M M 8 9 80
23 52 34 43 1 22 0 0.36 M M 0.2 7 290 M M 9 1 13 300
24 45 29 37 -5 28 0 0.23 M M 0.6 7 300 M M 8 1 18 290
25 56 25 41 -2 24 0 0.00 M M 0.8 7 10 M M 0 12 10
26 64 26 45 2 20 0 0.00 M M 0.9 7 280 M M 0 11 310
27 61 30 46 3 19 0 0.00 M M 1.2 9 30 M M 1 16 20
28 71 27 49 5 16 0 0.00 M M 0.4 9 90 M M 0 16 110
29 78 33 56 12 9 0 0.00 M M 0.8 8 90 M M 0 13 90
30 70 33 52 8 13 0 0.00 M M 1.3 8 10 M M 0 16 40
================================================================================
SM 1470 777 819 0 4.85 M 24.2 M 174
================================================================================
AV 49.0 25.9 0.8 FASTST M M 6 MAX(MPH)
MISC ----> 12 90 27 90
================================================================================
NOTES:
# LAST OF SEVERAL OCCURRENCES
COLUMN 17 PEAK WIND IN M.P.H.
PRELIMINARY LOCAL CLIMATOLOGICAL DATA (WS FORM: F-6) , PAGE 2
STATION: MEACHAM OR
MONTH: APRIL
YEAR: 2023
LATITUDE: 45 30 N
LONGITUDE: 118 24 W
[TEMPERATURE DATA] [PRECIPITATION DATA] SYMBOLS USED IN COLUMN 16
AVERAGE MONTHLY: 37.5 TOTAL FOR MONTH: 4.85 1 = FOG OR MIST
DPTR FM NORMAL: -3.1 DPTR FM NORMAL: 0.92 2 = FOG REDUCING VISIBILITY
HIGHEST: 78 ON 29 GRTST 24HR 0.87 ON 31- 1 TO 1/4 MILE OR LESS
LOWEST: 5 ON 5 3 = THUNDER
SNOW, ICE PELLETS, HAIL 4 = ICE PELLETS
TOTAL MONTH: M 5 = HAIL
GRTST 24HR M ON M 6 = FREEZING RAIN OR DRIZZLE
GRTST DEPTH: M ON M 7 = DUSTSTORM OR SANDSTORM:
VSBY 1/2 MILE OR LESS
8 = SMOKE OR HAZE
[NO. OF DAYS WITH] [WEATHER - DAYS WITH] 9 = BLOWING SNOW
X = TORNADO
MAX 32 OR BELOW: 1 0.01 INCH OR MORE: 18
MAX 90 OR ABOVE: 0 0.10 INCH OR MORE: 15
MIN 32 OR BELOW: 25 0.50 INCH OR MORE: 1
MIN 0 OR BELOW: 0 1.00 INCH OR MORE: 0
[HDD (BASE 65) ]
TOTAL THIS MO. 819 CLEAR (SCALE 0-3) 8
DPTR FM NORMAL 89 PTCLDY (SCALE 4-7) 13
TOTAL FM JUL 1 7386 CLOUDY (SCALE 8-10) 9
DPTR FM NORMAL 152
[CDD (BASE 65) ]
TOTAL THIS MO. 0
DPTR FM NORMAL 0 [PRESSURE DATA]
TOTAL FM JAN 1 0 HIGHEST SLP M ON M
DPTR FM NORMAL 0 LOWEST SLP 29.66 ON 18
[REMARKS]
#FINAL-04-23#