239
CXUS54 KBRO 010900
CF6MFE
PRELIMINARY LOCAL CLIMATOLOGICAL DATA (WS FORM: F-6)
STATION: MCALLEN
MONTH: SEPTEMBER
YEAR: 2020
LATITUDE: 26 10 N
LONGITUDE: 98 14 W
TEMPERATURE IN F: :PCPN: SNOW: WIND :SUNSHINE: SKY :PK WND
================================================================================
1 2 3 4 5 6A 6B 7 8 9 10 11 12 13 14 15 16 17 18
12Z AVG MX 2MIN
DY MAX MIN AVG DEP HDD CDD WTR SNW DPTH SPD SPD DIR MIN PSBL S-S WX SPD DR
================================================================================
1 104 84 94 8 0 29 0.00 0.0 0 18.2 29 130 M M 5 38 140
2 101 82 92 6 0 27 0.00 0.0 0 13.6 22 150 M M 4 29 160
3 101 79 90 4 0 25 0.00 0.0 0 11.5 20 150 M M 1 1 27 130
4 99 77 88 2 0 23 0.18 0.0 0 5.6 29 130 M M 1 3 34 70
5 81 70 76 -9 0 11 1.18 0.0 0 7.3 29 80 M M 6 13 35 80
6 89 75 82 -3 0 17 0.17 0.0 0 5.5 13 10 M M 4 1 16 360
7 92 77 85 0 0 20 0.00 0.0 0 5.8 20 100 M M 1 3 25 100
8 94 76 85 0 0 20 0.00 0.0 0 11.5 22 120 M M 2 27 120
9 97 78 88 3 0 23 0.00 0.0 0 11.7 24 140 M M 2 30 130
10 82 69 76 -8 0 11 0.13 0.0 0 11.6 17 320 M M 8 8 25 340
11 82 65 74 -10 0 9 T 0.0 0 9.7 18 310 M M 8 24 310
12 96 68 82 -2 0 17 0.00 0.0 0 5.2 12 80 M M 1 15 30
13 98 75 87 3 0 22 T 0.0 0 8.9 24 40 M M 0 31 30
14 90 78 84 0 0 19 T 0.0 0 8.8 15 10 M M 4 8 18 40
15 90 75 83 0 0 18 1.44 0.0 0 6.2 18 70 M M 5 13 25 80
16 95 74 85 2 0 20 T 0.0 0 6.6 21 350 M M 1 27 350
17 92 72 82 -1 0 17 1.24 0.0 0 8.4 35 350 M M 5 13 42 350
18 90 72 81 -2 0 16 0.32 0.0 0 9.4 23 70 M M 3 13 31 340
19 89 69 79 -3 0 14 0.00 0.0 0 10.0 22 350 M M 0 26 350
20 90 69 80 -2 0 15 0.00 0.0 0 10.6 21 350 M M 0 26 320
21 87 67 77 -5 0 12 0.00 0.0 0 9.4 23 310 M M 4 30 310
22 93 73 83 1 0 18 0.00 0.0 0 6.7 17 320 M M 4 23 300
23 96 74 85 3 0 20 0.00 0.0 0 7.2 16 80 M M 1 21 80
24 94 75 85 3 0 20 0.00 0.0 0 7.2 14 100 M M 4 17 100
25 95 74 85 4 0 20 0.00 0.0 0 8.0 22 110 M M 3 26 110
26 96 74 85 4 0 20 0.00 0.0 0 11.6 20 140 M M 2 1 27 150
27 98 78 88 7 0 23 0.00 0.0 0 12.8 21 150 M M 1 27 140
28 93 74 84 3 0 19 0.00 0.0 0 12.2 29 350 M M 6 18 33 340
29 86 61 74 -6 0 9 0.00 0.0 0 9.9 20 350 M M 3 25 340
30 89 54 72 -8 0 7 0.00 0.0 0 3.3 14 80 M M 0 18 110
================================================================================
SM 2779 2188 0 541 4.66 0.0 274.4 M 89
================================================================================
AV 92.6 72.9 9.1 FASTST M M 3 MAX(MPH)
MISC ----> # 35 350 # 42 350
================================================================================
NOTES:
# LAST OF SEVERAL OCCURRENCES
COLUMN 17 PEAK WIND IN M.P.H.
PRELIMINARY LOCAL CLIMATOLOGICAL DATA (WS FORM: F-6) , PAGE 2
STATION: MCALLEN
MONTH: SEPTEMBER
YEAR: 2020
LATITUDE: 26 10 N
LONGITUDE: 98 14 W
[TEMPERATURE DATA] [PRECIPITATION DATA] SYMBOLS USED IN COLUMN 16
AVERAGE MONTHLY: 82.8 TOTAL FOR MONTH: 4.66 1 = FOG OR MIST
DPTR FM NORMAL: -0.5 DPTR FM NORMAL: 0.19 2 = FOG REDUCING VISIBILITY
HIGHEST: 104 ON 1 GRTST 24HR 1.44 ON 15-15 TO 1/4 MILE OR LESS
LOWEST: 54 ON 30 3 = THUNDER
SNOW, ICE PELLETS, HAIL 4 = ICE PELLETS
TOTAL MONTH: 0.0 INCH 5 = HAIL
GRTST 24HR 0.0 6 = FREEZING RAIN OR DRIZZLE
GRTST DEPTH: 0 7 = DUSTSTORM OR SANDSTORM:
VSBY 1/2 MILE OR LESS
8 = SMOKE OR HAZE
[NO. OF DAYS WITH] [WEATHER - DAYS WITH] 9 = BLOWING SNOW
X = TORNADO
MAX 32 OR BELOW: 0 0.01 INCH OR MORE: 7
MAX 90 OR ABOVE: 22 0.10 INCH OR MORE: 7
MIN 32 OR BELOW: 0 0.50 INCH OR MORE: 3
MIN 0 OR BELOW: 0 1.00 INCH OR MORE: 3
[HDD (BASE 65) ]
TOTAL THIS MO. 0 CLEAR (SCALE 0-3) 16
DPTR FM NORMAL 0 PTCLDY (SCALE 4-7) 13
TOTAL FM JUL 1 0 CLOUDY (SCALE 8-10) 1
DPTR FM NORMAL 0
[CDD (BASE 65) ]
TOTAL THIS MO. 541
DPTR FM NORMAL -7 [PRESSURE DATA]
TOTAL FM JAN 1 4268 HIGHEST SLP 30.24 ON 29
DPTR FM NORMAL 469 LOWEST SLP 29.67 ON 27
[REMARKS]
#FINAL-09-20#