000
CXUS54 KBRO 010900
CF6MFE
PRELIMINARY LOCAL CLIMATOLOGICAL DATA (WS FORM: F-6)
STATION: MCALLEN
MONTH: MAY
YEAR: 2020
LATITUDE: 26 10 N
LONGITUDE: 98 14 W
TEMPERATURE IN F: :PCPN: SNOW: WIND :SUNSHINE: SKY :PK WND
================================================================================
1 2 3 4 5 6A 6B 7 8 9 10 11 12 13 14 15 16 17 18
12Z AVG MX 2MIN
DY MAX MIN AVG DEP HDD CDD WTR SNW DPTH SPD SPD DIR MIN PSBL S-S WX SPD DR
================================================================================
1 94 63 79 0 0 14 0.00 0.0 0 12.8 22 130 M M 0 30 120
2 96 74 85 6 0 20 0.00 0.0 0 17.9 25 140 M M 1 35 140
3 97 71 84 5 0 19 0.00 0.0 0 13.5 24 130 M M 1 33 130
4 97 76 87 7 0 22 0.00 0.0 0 15.2 25 140 M M 4 32 150
5 99 78 89 9 0 24 0.00 0.0 0 12.4 21 130 M M 4 27 150
6 94 74 84 4 0 19 0.24 0.0 0 8.2 18 30 M M 5 13 24 30
7 96 76 86 6 0 21 T 0.0 0 12.0 26 130 M M 5 32 130
8 99 69 84 4 0 19 0.64 0.0 0 17.1 30 350 M M 1 13 39 350
9 84 65 75 -6 0 10 0.03 0.0 0 11.8 28 350 M M 6 3 33 340
10 90 66 78 -3 0 13 0.00 0.0 0 9.0 20 80 M M 2 24 80
11 93 72 83 2 0 18 0.00 0.0 0 13.4 24 130 M M 4 30 130
12 90 75 83 2 0 18 T 0.0 0 15.6 28 140 M M 5 33 150
13 95 75 85 4 0 20 0.00 0.0 0 14.5 23 120 M M 6 28 180
14 96 78 87 5 0 22 T 0.0 0 12.7 23 140 M M 6 27 150
15 97 78 88 6 0 23 0.00 0.0 0 15.4 25 130 M M 8 30 150
16 86 67 77 -5 0 12 1.94 0.0 0 7.5 29 310 M M 7 13 39 300
17 93 73 83 1 0 18 0.00 0.0 0 8.2 15 90 M M 1 20 70
18 96 73 85 3 0 20 0.00 0.0 0 10.0 18 140 M M 0 1 24 120
19 98 76 87 5 0 22 0.00 0.0 0 14.9 23 150 M M 3 29 150
20 95 78 87 4 0 22 0.00 0.0 0 16.8 24 130 M M 7 8 33 130
21 93 80 87 4 0 22 0.03 0.0 0 11.5 26 130 M M 5 38 33 120
22 96 77 87 4 0 22 0.00 0.0 0 13.5 23 120 M M 4 1 29 130
23 97 80 89 6 0 24 0.00 0.0 0 15.8 25 120 M M 6 30 120
24 94 73 84 1 0 19 0.15 0.0 0 16.9 26 80 M M 5 3 32 70
25 91 71 81 -3 0 16 0.01 0.0 0 14.0 29 150 M M 5 3 39 140
26 88 72 80 -4 0 15 0.96 0.0 M 9.1 28 10 M M 5 13 36 10
27 93 72 83 -1 0 18 0.00 0.0 0 9.0 18 160 M M 1 24 150
28 95 77 86 2 0 21 0.00 0.0 0 9.7 21 70 M M 3 29 170
29 82 74 78 -6 0 13 0.35 0.0 0 7.6 25 20 M M 2 38 36 40
30 91 74 83 -1 0 18 0.09 0.0 0 4.9 18 70 M M 5 22 40
31 83 73 78 -7 0 13 1.88 0.0 0 6.3 14 30 M M 6 123 19 10
================================================================================
SM 2888 2280 0 577 6.32 0.0 377.2 M 123
================================================================================
AV 93.2 73.6 12.2 FASTST M M 4 MAX(MPH)
MISC ----> # 30 350 # 39 350
================================================================================
NOTES:
# LAST OF SEVERAL OCCURRENCES
COLUMN 17 PEAK WIND IN M.P.H.
PRELIMINARY LOCAL CLIMATOLOGICAL DATA (WS FORM: F-6) , PAGE 2
STATION: MCALLEN
MONTH: MAY
YEAR: 2020
LATITUDE: 26 10 N
LONGITUDE: 98 14 W
[TEMPERATURE DATA] [PRECIPITATION DATA] SYMBOLS USED IN COLUMN 16
AVERAGE MONTHLY: 83.4 TOTAL FOR MONTH: 6.32 1 = FOG OR MIST
DPTR FM NORMAL: 1.5 DPTR FM NORMAL: 4.07 2 = FOG REDUCING VISIBILITY
HIGHEST: 99 ON 8, 5 GRTST 24HR 1.94 ON 16-16 TO 1/4 MILE OR LESS
LOWEST: 63 ON 1 3 = THUNDER
SNOW, ICE PELLETS, HAIL 4 = ICE PELLETS
TOTAL MONTH: 0.0 INCH 5 = HAIL
GRTST 24HR 0.0 6 = FREEZING RAIN OR DRIZZLE
GRTST DEPTH: 0 7 = DUSTSTORM OR SANDSTORM:
VSBY 1/2 MILE OR LESS
8 = SMOKE OR HAZE
[NO. OF DAYS WITH] [WEATHER - DAYS WITH] 9 = BLOWING SNOW
X = TORNADO
MAX 32 OR BELOW: 0 0.01 INCH OR MORE: 11
MAX 90 OR ABOVE: 26 0.10 INCH OR MORE: 7
MIN 32 OR BELOW: 0 0.50 INCH OR MORE: 4
MIN 0 OR BELOW: 0 1.00 INCH OR MORE: 2
[HDD (BASE 65) ]
TOTAL THIS MO. 0 CLEAR (SCALE 0-3) 11
DPTR FM NORMAL 0 PTCLDY (SCALE 4-7) 20
TOTAL FM JUL 1 335 CLOUDY (SCALE 8-10) 0
DPTR FM NORMAL -244
[CDD (BASE 65) ]
TOTAL THIS MO. 577
DPTR FM NORMAL 53 [PRESSURE DATA]
TOTAL FM JAN 1 1715 HIGHEST SLP 30.16 ON 10
DPTR FM NORMAL 460 LOWEST SLP 29.51 ON 24
[REMARKS]
#FINAL-05-20#