000
CXUS53 KGRB 090618
CF6MFI
PRELIMINARY LOCAL CLIMATOLOGICAL DATA (WS FORM: F-6)
STATION: MARSHFIELD WI
MONTH: JANUARY
YEAR: 2023
LATITUDE: 44 37 N
LONGITUDE: 90 11 W
TEMPERATURE IN F: :PCPN: SNOW: WIND :SUNSHINE: SKY :PK WND
================================================================================
1 2 3 4 5 6A 6B 7 8 9 10 11 12 13 14 15 16 17 18
12Z AVG MX 2MIN
DY MAX MIN AVG DEP HDD CDD WTR SNW DPTH SPD SPD DIR MIN PSBL S-S WX SPD DR
================================================================================
1 37 26 32 16 33 0 0.00 0.0 4 7.3 14 300 M M 6 1 19 300
2 30 27 29 13 36 0 T T 3 4.3 12 320 M M 10 18 15 310
3 34 29 32 16 33 0 0.24 0.1 3 12.7 22 80 M M 10 16 31 90
4 34 32 33 17 32 0 0.24 0.5 4 7.4 14 70 M M 10 1 20 80
5 32 24 28 12 37 0 0.03 0.4 5 6.8 17 330 M M 10 1 22 320
6 24 7 16 1 49 0 0.00 0.0 5 5.8 12 320 M M 10 1 14 280
7 19 2 11 -4 54 0 0.00 0.0 4 3.5 9 80 M M 7 12 14 70
8 20 11 16 1 49 0 0.00 0.0 4 5.5 10 230 M M 8 12 14 220
9 27 10 19 4 46 0 0.00 0.0 4 5.8 14 100 M M 6 12 21 90
10 33 26 30 15 35 0 0.00 0.0 4 6.1 14 90 M M 10 12 17 80
11 34 30 32 17 33 0 0.05 T 3 4.0 12 340 M M 10 16 15 350
12 33 27 30 15 35 0 0.00 0.0 3 11.2 18 330 M M 10 1 24 350
13 27 19 23 9 42 0 0.00 0.0 3 8.2 16 20 M M 10 23 360
14 27 18 23 9 42 0 0.00 0.0 3 9.6 16 160 M M 5 22 150
15 37 24 31 17 34 0 0.00 0.0 3 11.8 20 160 M M 1 1 26 160
16 35 33 34 20 31 0 0.18 T 2 9.9 15 120 M M 10 1 21 120
17 35 32 34 20 31 0 T T 2 9.3 16 310 M M 10 1 22 320
18 33 29 31 17 34 0 0.00 0.0 2 9.6 23 80 M M 10 32 80
19 31 28 30 16 35 0 0.34 4.7 6 12.2 17 320 M M 10 12 24 80
20 28 21 25 11 40 0 0.00 0.0 6 12.2 23 310 M M 10 28 320
21 24 17 21 7 44 0 0.00 0.0 5 6.2 13 240 M M 10 12 18 250
22 20 15 18 4 47 0 0.00 0.0 5 6.0 10 340 M M 10 1 16 350
23 25 17 21 7 44 0 0.00 0.0 5 9.6 17 290 M M 10 18 25 290
24 30 22 26 12 39 0 0.00 0.0 4 6.5 13 250 M M 8 1 17 250
25 32 25 29 15 36 0 T 0.1 4 4.2 10 330 M M 10 18 11 350
26 28 4 16 2 49 0 0.06 1.0 5 9.0 15 340 M M 8 1 21 360
27 28 5 17 3 48 0 0.02 0.2 5 15.5 26 310 M M 8 18 38 310
28 11 3 7 -7 58 0 0.00 0.0 5 6.8 13 310 M M 4 18 300
29 9 -1 4 -11 61 0 0.00 0.0 5 9.1 16 340 M M 4 19 290
30 3 -9 -3 -18 68 0 0.00 0.0 5 9.6 17 300 M M 1 24 300
31 11 -17 -3 -18 68 0 0.00 0.0 5 8.3 15 240 M M 1 20 250
================================================================================
SM 831 536 1323 0 1.16 7.0 254.0 M 247
================================================================================
AV 26.8 17.3 8.2 FASTST M M 8 MAX(MPH)
MISC ----> 26 310 38 310
================================================================================
NOTES:
# LAST OF SEVERAL OCCURRENCES
COLUMN 17 PEAK WIND IN M.P.H.
PRELIMINARY LOCAL CLIMATOLOGICAL DATA (WS FORM: F-6) , PAGE 2
STATION: MARSHFIELD WI
MONTH: JANUARY
YEAR: 2023
LATITUDE: 44 37 N
LONGITUDE: 90 11 W
[TEMPERATURE DATA] [PRECIPITATION DATA] SYMBOLS USED IN COLUMN 16
AVERAGE MONTHLY: 22.0 TOTAL FOR MONTH: 1.16 1 = FOG OR MIST
DPTR FM NORMAL: 7.2 DPTR FM NORMAL: 0.43 2 = FOG REDUCING VISIBILITY
HIGHEST: 37 ON 15, 1 GRTST 24HR 0.34 ON 19-19 TO 1/4 MILE OR LESS
LOWEST: -17 ON 31 3 = THUNDER
SNOW, ICE PELLETS, HAIL 4 = ICE PELLETS
TOTAL MONTH: 7.0 INCHES 5 = HAIL
GRTST 24HR 4.7 ON 19-19 6 = FREEZING RAIN OR DRIZZLE
GRTST DEPTH: 6 ON 20,19 7 = DUSTSTORM OR SANDSTORM:
VSBY 1/2 MILE OR LESS
8 = SMOKE OR HAZE
[NO. OF DAYS WITH] [WEATHER - DAYS WITH] 9 = BLOWING SNOW
X = TORNADO
MAX 32 OR BELOW: 21 0.01 INCH OR MORE: 8
MAX 90 OR ABOVE: 0 0.10 INCH OR MORE: 4
MIN 32 OR BELOW: 30 0.50 INCH OR MORE: 0
MIN 0 OR BELOW: 3 1.00 INCH OR MORE: 0
[HDD (BASE 65) ]
TOTAL THIS MO. 1323 CLEAR (SCALE 0-3) 3
DPTR FM NORMAL -235 PTCLDY (SCALE 4-7) 9
TOTAL FM JUL 1 4381 CLOUDY (SCALE 8-10) 19
DPTR FM NORMAL -353
[CDD (BASE 65) ]
TOTAL THIS MO. 0
DPTR FM NORMAL 0 [PRESSURE DATA]
TOTAL FM JAN 1 0 HIGHEST SLP 30.48 ON 30
DPTR FM NORMAL 0 LOWEST SLP 29.39 ON 17
[REMARKS]
#FINAL-01-23#